flight 169228 linux-linus real [real]
flight 169246 linux-linus real-retest [real]
http://logs.test-lab.xenproject.org/osstest/logs/169228/
http://logs.test-lab.xenproject.org/osstest/logs/169246/

Regressions :-(

Tests which did not succeed and are blocking,
including tests which could not be run:
 test-amd64-amd64-xl-qemut-debianhvm-i386-xsm 12 debian-hvm-install fail REGR. 
vs. 169174

Regressions which are regarded as allowable (not blocking):
 test-amd64-amd64-xl-rtds     20 guest-localmigrate/x10   fail REGR. vs. 169174

Tests which did not succeed, but are not blocking:
 test-amd64-amd64-xl-qemut-win7-amd64 19 guest-stop            fail like 169174
 test-armhf-armhf-libvirt     16 saverestore-support-check    fail  like 169174
 test-amd64-amd64-qemuu-nested-amd 20 debian-hvm-install/l1/l2 fail like 169174
 test-amd64-amd64-xl-qemuu-ws16-amd64 19 guest-stop            fail like 169174
 test-amd64-amd64-xl-qemut-ws16-amd64 19 guest-stop            fail like 169174
 test-amd64-amd64-xl-qemuu-win7-amd64 19 guest-stop            fail like 169174
 test-armhf-armhf-libvirt-raw 15 saverestore-support-check    fail  like 169174
 test-armhf-armhf-libvirt-qcow2 15 saverestore-support-check   fail like 169174
 test-arm64-arm64-xl-seattle  15 migrate-support-check        fail   never pass
 test-arm64-arm64-xl-seattle  16 saverestore-support-check    fail   never pass
 test-amd64-amd64-libvirt     15 migrate-support-check        fail   never pass
 test-amd64-amd64-libvirt-xsm 15 migrate-support-check        fail   never pass
 test-arm64-arm64-xl          15 migrate-support-check        fail   never pass
 test-arm64-arm64-xl          16 saverestore-support-check    fail   never pass
 test-arm64-arm64-xl-credit1  15 migrate-support-check        fail   never pass
 test-arm64-arm64-xl-credit1  16 saverestore-support-check    fail   never pass
 test-arm64-arm64-xl-credit2  15 migrate-support-check        fail   never pass
 test-arm64-arm64-xl-credit2  16 saverestore-support-check    fail   never pass
 test-arm64-arm64-xl-thunderx 15 migrate-support-check        fail   never pass
 test-arm64-arm64-xl-thunderx 16 saverestore-support-check    fail   never pass
 test-arm64-arm64-xl-xsm      15 migrate-support-check        fail   never pass
 test-arm64-arm64-xl-xsm      16 saverestore-support-check    fail   never pass
 test-arm64-arm64-libvirt-xsm 15 migrate-support-check        fail   never pass
 test-arm64-arm64-libvirt-xsm 16 saverestore-support-check    fail   never pass
 test-amd64-amd64-libvirt-qcow2 14 migrate-support-check        fail never pass
 test-armhf-armhf-xl-arndale  15 migrate-support-check        fail   never pass
 test-armhf-armhf-xl-arndale  16 saverestore-support-check    fail   never pass
 test-amd64-amd64-libvirt-qemuu-debianhvm-amd64-xsm 13 migrate-support-check 
fail never pass
 test-amd64-amd64-libvirt-raw 14 migrate-support-check        fail   never pass
 test-arm64-arm64-libvirt-raw 14 migrate-support-check        fail   never pass
 test-arm64-arm64-libvirt-raw 15 saverestore-support-check    fail   never pass
 test-arm64-arm64-xl-vhd      14 migrate-support-check        fail   never pass
 test-arm64-arm64-xl-vhd      15 saverestore-support-check    fail   never pass
 test-armhf-armhf-xl-credit2  15 migrate-support-check        fail   never pass
 test-armhf-armhf-xl-credit2  16 saverestore-support-check    fail   never pass
 test-armhf-armhf-xl          15 migrate-support-check        fail   never pass
 test-armhf-armhf-xl          16 saverestore-support-check    fail   never pass
 test-armhf-armhf-libvirt     15 migrate-support-check        fail   never pass
 test-armhf-armhf-xl-cubietruck 15 migrate-support-check        fail never pass
 test-armhf-armhf-xl-cubietruck 16 saverestore-support-check    fail never pass
 test-armhf-armhf-libvirt-raw 14 migrate-support-check        fail   never pass
 test-armhf-armhf-xl-vhd      14 migrate-support-check        fail   never pass
 test-armhf-armhf-xl-vhd      15 saverestore-support-check    fail   never pass
 test-armhf-armhf-xl-rtds     15 migrate-support-check        fail   never pass
 test-armhf-armhf-xl-rtds     16 saverestore-support-check    fail   never pass
 test-armhf-armhf-libvirt-qcow2 14 migrate-support-check        fail never pass
 test-armhf-armhf-xl-multivcpu 15 migrate-support-check        fail  never pass
 test-armhf-armhf-xl-multivcpu 16 saverestore-support-check    fail  never pass
 test-armhf-armhf-xl-credit1  15 migrate-support-check        fail   never pass
 test-armhf-armhf-xl-credit1  16 saverestore-support-check    fail   never pass

version targeted for testing:
 linux                1831fed559732b132aef0ea8261ac77e73f7eadf
baseline version:
 linux                3123109284176b1532874591f7c81f3837bbdc17

Last test of basis   169174  2022-04-05 08:27:06 Z    3 days
Failing since        169188  2022-04-05 21:41:40 Z    2 days    4 attempts
Testing same since   169228  2022-04-08 07:16:38 Z    0 days    1 attempts

------------------------------------------------------------
People who touched revisions under test:
  Aaron Conole <[email protected]>
  Alan Liu <[email protected]>
  Alex Deucher <[email protected]>
  Alex Hung <[email protected]>
  Alexander Lobakin <[email protected]>
  Alexei Starovoitov <[email protected]>
  Alice Michael <[email protected]>
  Alok Prasad <[email protected]>
  Anatolii Gerasymenko <[email protected]>
  Andrea Parri (Microsoft) <[email protected]>
  Andrew Lunn <[email protected]>
  Andy Chiu <[email protected]>
  Andy Gospodarek <[email protected]>
  Ariel Elior <[email protected]>
  Arthur Fabre <[email protected]>
  Aurabindo Pillai <[email protected]>
  Benjamin Marty <[email protected]>
  Bjorn Helgaas <[email protected]>
  Boqun Feng <[email protected]>
  Borislav Petkov <[email protected]>
  Boyuan Zhang <[email protected]>
  CHANDAN VURDIGERE NATARAJ <[email protected]>
  Charlene Liu <[email protected]>
  Chen-Yu Tsai <[email protected]>
  Chiawen Huang <[email protected]>
  Chris Park <[email protected]>
  Christian König <[email protected]>
  Christian König <[email protected]>
  Christian Lamparter <[email protected]>
  Damien Le Moal <[email protected]>
  Dan Carpenter <[email protected]>
  Daniel Borkmann <[email protected]>
  Daniel Mack <[email protected]>
  Daniel Vetter <[email protected]>
  Daniel Wheeler <[email protected]>
  Darrick J. Wong <[email protected]>
  Dave Airlie <[email protected]>
  David Ahern <[email protected]>
  David S. Miller <[email protected]>
  David Sterba <[email protected]>
  Delyan Kratunov <[email protected]>
  Dimitris Michailidis <[email protected]>
  Dimitris Michailidis <[email protected]>
  Divya Shikre <[email protected]>
  Dmytro Laktyushkin <[email protected]>
  Duoming Zhou <[email protected]>
  Eli Cohen <[email protected]>
  Emily Deng <[email protected]>
  Eric Bernstein <[email protected]>
  Eric Dumazet <[email protected]>
  Ethan Lien <[email protected]>
  Eyal Birger <[email protected]>
  Felix Kuehling <[email protected]>
  Florian Westphal <[email protected]>
  Gabe Teeger <[email protected]>
  Guchun Chen <[email protected]>
  Guilherme G. Piccoli <[email protected]>
  Haowen Bai <[email protected]>
  Harry Wentland <[email protected]>
  Horatiu Vultur <[email protected]>
  Huang Rui <[email protected]>
  Ilias Apalodimas <[email protected]>
  Ilya Maximets <[email protected]>
  Ivan Vecera <[email protected]>
  Jakob Koschel <[email protected]>
  Jakub Kicinski <[email protected]>
  Jamie Bainbridge <[email protected]>
  Jan Varho <[email protected]>
  Jann Horn <[email protected]>
  Jason A. Donenfeld <[email protected]>
  Jason Ekstrand <[email protected]>
  Jason Wang <[email protected]>
  Jean-Philippe Brucker <[email protected]>
  Jeremy Sowden <[email protected]>
  Jesper Dangaard Brouer <[email protected]>
  Jiasheng Jiang <[email protected]>
  Jimmy Kizito <[email protected]>
  Jiri Olsa <[email protected]>
  Johannes Thumshirn <[email protected]>
  Josef Bacik <[email protected]>
  José Expósito <[email protected]>
  Kaiwen Hu <[email protected]>
  Karol Herbst <[email protected]>
  Konrad Jankowski <[email protected]>
  Lang Yu <[email protected]>
  Lee Jones <[email protected]>
  Leo (Hanghong) Ma <[email protected]>
  Leo Ruan <[email protected]>
  Linus Torvalds <[email protected]>
  Liu Ying <[email protected]>
  Luiz Angelo Daros de Luca <[email protected]>
  Ma Jun <[email protected]>
  Maarten Lankhorst <[email protected]>
  Maciej Fijalkowski <[email protected]>
  Manish Chopra <[email protected]>
  Marcelo Ricardo Leitner <[email protected]>
  Marcin Kozlowski <[email protected]>
  Marek Vasut <[email protected]>
  Mario Limonciello <[email protected]>
  Mark Jonas <[email protected]>
  Martin Habets <[email protected]>
  Martin KaFai Lau <[email protected]>
  Martin Leung <[email protected]>
  Masami Hiramatsu <[email protected]>
  Matt Johnston <[email protected]>
  Maxim Mikityanskiy <[email protected]>
  Maxime Ripard <[email protected]>
  Miaoqian Lin <[email protected]>
  Michael Chan <[email protected]>
  Michael Kelley <[email protected]>
  Michael S. Tsirkin <[email protected]>
  Michael Walle <[email protected]>
  Neelima Krishnan <[email protected]>
  Nicholas Kazlauskas <[email protected]>
  Nikolay Aleksandrov <[email protected]>
  Noralf Trønnes <[email protected]>
  Oliver Logush <[email protected]>
  Pablo Neira Ayuso <[email protected]>
  Paolo Abeni <[email protected]>
  Paul Kocialkowski <[email protected]>
  Paulo Alcantara (SUSE) <[email protected]>
  Paulo Alcantara <[email protected]>
  Pavan Chebbi <[email protected]>
  Pawan Gupta <[email protected]>
  Philipp Zabel <[email protected]>
  Prabhakar Kushwaha <[email protected]>
  Prike Liang <[email protected]>
  Qingqing Zhuo <[email protected]>
  QintaoShen <[email protected]>
  Qu Wenruo <[email protected]>
  Randy Dunlap <[email protected]>
  Ray Jui <[email protected]>
  Rob Herring <[email protected]>
  Robin Murphy <[email protected]>
  Rodrigo Siqueira <[email protected]>
  Roman Gushchin <[email protected]>
  Roman Li <[email protected]>
  Ruili Ji <[email protected]>
  Russell King (Oracle) <[email protected]>
  Shirish S <[email protected]>
  Shwetha Nagaraju <[email protected]>
  Stanley.Yang <[email protected]>
  Steve French <[email protected]>
  Sudip Mukherjee <[email protected]>
  Taehee Yoo <[email protected]>
  Thomas Zimmermann <[email protected]>
  Tianci Yin <[email protected]>
  tiancyin <[email protected]>
  Tom Chung <[email protected]>
  Tom Rix <[email protected]>
  Tony Nguyen <[email protected]>
  Tushar Patel <[email protected]>
  Vasily Averin <[email protected]>
  Vasily Averin <[email protected]>
  Vladimir Oltean <[email protected]>
  Wei Liu <[email protected]>
  Xiaomeng Tong <[email protected]>
  Yifan Zhang <[email protected]>
  Yonghong Song <[email protected]>
  Ziyang Xuan <[email protected]>

jobs:
 build-amd64-xsm                                              pass    
 build-arm64-xsm                                              pass    
 build-i386-xsm                                               pass    
 build-amd64                                                  pass    
 build-arm64                                                  pass    
 build-armhf                                                  pass    
 build-i386                                                   pass    
 build-amd64-libvirt                                          pass    
 build-arm64-libvirt                                          pass    
 build-armhf-libvirt                                          pass    
 build-i386-libvirt                                           pass    
 build-amd64-pvops                                            pass    
 build-arm64-pvops                                            pass    
 build-armhf-pvops                                            pass    
 build-i386-pvops                                             pass    
 test-amd64-amd64-xl                                          pass    
 test-amd64-coresched-amd64-xl                                pass    
 test-arm64-arm64-xl                                          pass    
 test-armhf-armhf-xl                                          pass    
 test-amd64-amd64-libvirt-qemuu-debianhvm-amd64-xsm           pass    
 test-amd64-amd64-xl-qemut-stubdom-debianhvm-amd64-xsm        pass    
 test-amd64-amd64-xl-qemut-debianhvm-i386-xsm                 fail    
 test-amd64-amd64-xl-qemuu-debianhvm-i386-xsm                 pass    
 test-amd64-amd64-libvirt-xsm                                 pass    
 test-arm64-arm64-libvirt-xsm                                 pass    
 test-amd64-amd64-xl-xsm                                      pass    
 test-arm64-arm64-xl-xsm                                      pass    
 test-amd64-amd64-qemuu-nested-amd                            fail    
 test-amd64-amd64-xl-pvhv2-amd                                pass    
 test-amd64-amd64-dom0pvh-xl-amd                              pass    
 test-amd64-amd64-xl-qemut-debianhvm-amd64                    pass    
 test-amd64-amd64-xl-qemuu-debianhvm-amd64                    pass    
 test-amd64-amd64-freebsd11-amd64                             pass    
 test-amd64-amd64-freebsd12-amd64                             pass    
 test-amd64-amd64-xl-qemuu-ovmf-amd64                         pass    
 test-amd64-amd64-xl-qemut-win7-amd64                         fail    
 test-amd64-amd64-xl-qemuu-win7-amd64                         fail    
 test-amd64-amd64-xl-qemut-ws16-amd64                         fail    
 test-amd64-amd64-xl-qemuu-ws16-amd64                         fail    
 test-armhf-armhf-xl-arndale                                  pass    
 test-amd64-amd64-examine-bios                                pass    
 test-amd64-amd64-xl-credit1                                  pass    
 test-arm64-arm64-xl-credit1                                  pass    
 test-armhf-armhf-xl-credit1                                  pass    
 test-amd64-amd64-xl-credit2                                  pass    
 test-arm64-arm64-xl-credit2                                  pass    
 test-armhf-armhf-xl-credit2                                  pass    
 test-armhf-armhf-xl-cubietruck                               pass    
 test-amd64-amd64-xl-qemuu-dmrestrict-amd64-dmrestrict        pass    
 test-amd64-amd64-examine                                     pass    
 test-arm64-arm64-examine                                     pass    
 test-armhf-armhf-examine                                     pass    
 test-amd64-amd64-qemuu-nested-intel                          pass    
 test-amd64-amd64-xl-pvhv2-intel                              pass    
 test-amd64-amd64-dom0pvh-xl-intel                            pass    
 test-amd64-amd64-libvirt                                     pass    
 test-armhf-armhf-libvirt                                     pass    
 test-amd64-amd64-xl-multivcpu                                pass    
 test-armhf-armhf-xl-multivcpu                                pass    
 test-amd64-amd64-pair                                        pass    
 test-amd64-amd64-libvirt-pair                                pass    
 test-amd64-amd64-xl-pvshim                                   pass    
 test-amd64-amd64-pygrub                                      pass    
 test-amd64-amd64-libvirt-qcow2                               pass    
 test-armhf-armhf-libvirt-qcow2                               pass    
 test-amd64-amd64-libvirt-raw                                 pass    
 test-arm64-arm64-libvirt-raw                                 pass    
 test-armhf-armhf-libvirt-raw                                 pass    
 test-amd64-amd64-xl-rtds                                     fail    
 test-armhf-armhf-xl-rtds                                     pass    
 test-arm64-arm64-xl-seattle                                  pass    
 test-amd64-amd64-xl-qemuu-debianhvm-amd64-shadow             pass    
 test-amd64-amd64-xl-shadow                                   pass    
 test-arm64-arm64-xl-thunderx                                 pass    
 test-amd64-amd64-examine-uefi                                pass    
 test-amd64-amd64-xl-vhd                                      pass    
 test-arm64-arm64-xl-vhd                                      pass    
 test-armhf-armhf-xl-vhd                                      pass    


------------------------------------------------------------
sg-report-flight on osstest.test-lab.xenproject.org
logs: /home/logs/logs
images: /home/logs/images

Logs, config files, etc. are available at
    http://logs.test-lab.xenproject.org/osstest/logs

Explanation of these reports, and of osstest in general, is at
    http://xenbits.xen.org/gitweb/?p=osstest.git;a=blob;f=README.email;hb=master
    http://xenbits.xen.org/gitweb/?p=osstest.git;a=blob;f=README;hb=master

Test harness code can be found at
    http://xenbits.xen.org/gitweb?p=osstest.git;a=summary


Not pushing.

(No revision log; it would be 4812 lines long.)

Reply via email to