flight 169447 libvirt real [real]
http://logs.test-lab.xenproject.org/osstest/logs/169447/

Regressions :-(

Tests which did not succeed and are blocking,
including tests which could not be run:
 build-amd64-libvirt           6 libvirt-build            fail REGR. vs. 151777
 build-i386-libvirt            6 libvirt-build            fail REGR. vs. 151777
 build-arm64-libvirt           6 libvirt-build            fail REGR. vs. 151777
 build-armhf-libvirt           6 libvirt-build            fail REGR. vs. 151777

Tests which did not succeed, but are not blocking:
 test-amd64-amd64-libvirt      1 build-check(1)               blocked  n/a
 test-amd64-amd64-libvirt-pair  1 build-check(1)               blocked  n/a
 test-amd64-amd64-libvirt-qemuu-debianhvm-amd64-xsm 1 build-check(1) blocked n/a
 test-amd64-amd64-libvirt-vhd  1 build-check(1)               blocked  n/a
 test-amd64-amd64-libvirt-xsm  1 build-check(1)               blocked  n/a
 test-amd64-i386-libvirt       1 build-check(1)               blocked  n/a
 test-amd64-i386-libvirt-pair  1 build-check(1)               blocked  n/a
 test-amd64-i386-libvirt-qemuu-debianhvm-amd64-xsm 1 build-check(1) blocked n/a
 test-amd64-i386-libvirt-raw   1 build-check(1)               blocked  n/a
 test-amd64-i386-libvirt-xsm   1 build-check(1)               blocked  n/a
 test-arm64-arm64-libvirt      1 build-check(1)               blocked  n/a
 test-arm64-arm64-libvirt-qcow2  1 build-check(1)               blocked  n/a
 test-arm64-arm64-libvirt-raw  1 build-check(1)               blocked  n/a
 test-armhf-armhf-libvirt-raw  1 build-check(1)               blocked  n/a
 test-arm64-arm64-libvirt-xsm  1 build-check(1)               blocked  n/a
 test-armhf-armhf-libvirt      1 build-check(1)               blocked  n/a
 test-armhf-armhf-libvirt-qcow2  1 build-check(1)               blocked  n/a

version targeted for testing:
 libvirt              6be7beb3bdb9ad611a5598dad7edfbd2a836fd2e
baseline version:
 libvirt              2c846fa6bcc11929c9fb857a22430fb9945654ad

Last test of basis   151777  2020-07-10 04:19:19 Z  645 days
Failing since        151818  2020-07-11 04:18:52 Z  644 days  626 attempts
Testing same since   169415  2022-04-15 04:18:55 Z    1 days    2 attempts

------------------------------------------------------------
People who touched revisions under test:
    Adolfo Jayme Barrientos <[email protected]>
  Aleksandr Alekseev <[email protected]>
  Aleksei Zakharov <[email protected]>
  Amneesh Singh <[email protected]>
  Andika Triwidada <[email protected]>
  Andrea Bolognani <[email protected]>
  Andrew Melnychenko <[email protected]>
  Ani Sinha <[email protected]>
  Balázs Meskó <[email protected]>
  Barrett Schonefeld <[email protected]>
  Bastian Germann <[email protected]>
  Bastien Orivel <[email protected]>
  BiaoXiang Ye <[email protected]>
  Bihong Yu <[email protected]>
  Binfeng Wu <[email protected]>
  Bjoern Walk <[email protected]>
  Boris Fiuczynski <[email protected]>
  Brad Laue <[email protected]>
  Brian Turek <[email protected]>
  Bruno Haible <[email protected]>
  Chris Mayo <[email protected]>
  Christian Borntraeger <[email protected]>
  Christian Ehrhardt <[email protected]>
  Christian Kirbach <[email protected]>
  Christian Schoenebeck <[email protected]>
  Christophe Fergeau <[email protected]>
  Claudio Fontana <[email protected]>
  Cole Robinson <[email protected]>
  Collin Walling <[email protected]>
  Cornelia Huck <[email protected]>
  Cédric Bosdonnat <[email protected]>
  Côme Borsoi <[email protected]>
  Daniel Henrique Barboza <[email protected]>
  Daniel Letai <[email protected]>
  Daniel P. Berrange <[email protected]>
  Daniel P. Berrangé <[email protected]>
  Didik Supriadi <[email protected]>
  dinglimin <[email protected]>
  Divya Garg <[email protected]>
  Dmitrii Shcherbakov <[email protected]>
  Dmytro Linkin <[email protected]>
  Eiichi Tsukata <[email protected]>
  Emilio Herrera <[email protected]>
  Eric Farman <[email protected]>
  Erik Skultety <[email protected]>
  Fabian Affolter <[email protected]>
  Fabian Freyer <[email protected]>
  Fabiano Fidêncio <[email protected]>
  Fangge Jin <[email protected]>
  Farhan Ali <[email protected]>
  Fedora Weblate Translation <[email protected]>
  Franck Ridel <[email protected]>
  Gavi Teitz <[email protected]>
  gongwei <[email protected]>
  Guoyi Tu<[email protected]>
  Göran Uddeborg <[email protected]>
  Halil Pasic <[email protected]>
  Han Han <[email protected]>
  Hao Wang <[email protected]>
  Haonan Wang <[email protected]>
  Hela Basa <[email protected]>
  Helmut Grohne <[email protected]>
  Hiroki Narukawa <[email protected]>
  Hyman Huang(黄勇) <[email protected]>
  Ian Wienand <[email protected]>
  Ioanna Alifieraki <[email protected]>
  Ivan Teterevkov <[email protected]>
  Jakob Meng <[email protected]>
  Jamie Strandboge <[email protected]>
  Jamie Strandboge <[email protected]>
  Jan Kuparinen <[email protected]>
  jason lee <[email protected]>
  Jean-Baptiste Holcroft <[email protected]>
  Jia Zhou <[email protected]>
  Jianan Gao <[email protected]>
  Jim Fehlig <[email protected]>
  Jin Yan <[email protected]>
  Jing Qi <[email protected]>
  Jinsheng Zhang <[email protected]>
  Jiri Denemark <[email protected]>
  Joachim Falk <[email protected]>
  John Ferlan <[email protected]>
  John Levon <[email protected]>
  John Levon <[email protected]>
  Jonathan Watt <[email protected]>
  Jonathon Jongsma <[email protected]>
  Julio Faracco <[email protected]>
  Justin Gatzen <[email protected]>
  Ján Tomko <[email protected]>
  Kashyap Chamarthy <[email protected]>
  Kevin Locke <[email protected]>
  Kim InSoo <[email protected]>
  Koichi Murase <[email protected]>
  Kristina Hanicova <[email protected]>
  Laine Stump <[email protected]>
  Laszlo Ersek <[email protected]>
  Lee Yarwood <[email protected]>
  Lei Yang <[email protected]>
  Liao Pingfang <[email protected]>
  Lin Ma <[email protected]>
  Lin Ma <[email protected]>
  Lin Ma <[email protected]>
  Liu Yiding <[email protected]>
  Lubomir Rintel <[email protected]>
  Luke Yue <[email protected]>
  Luyao Zhong <[email protected]>
  Marc Hartmayer <[email protected]>
  Marc-André Lureau <[email protected]>
  Marek Marczykowski-Górecki <[email protected]>
  Markus Schade <[email protected]>
  Martin Kletzander <[email protected]>
  Martin Pitt <[email protected]>
  Masayoshi Mizuma <[email protected]>
  Matej Cepl <[email protected]>
  Matt Coleman <[email protected]>
  Matt Coleman <[email protected]>
  Mauro Matteo Cascella <[email protected]>
  Meina Li <[email protected]>
  Michal Privoznik <[email protected]>
  Michał Smyk <[email protected]>
  Milo Casagrande <[email protected]>
  Moshe Levi <[email protected]>
  Moteen Shah <[email protected]>
  Moteen Shah <[email protected]>
  Muha Aliss <[email protected]>
  Nathan <[email protected]>
  Neal Gompa <[email protected]>
  Nick Chevsky <[email protected]>
  Nick Shyrokovskiy <[email protected]>
  Nickys Music Group <[email protected]>
  Nico Pache <[email protected]>
  Nicolas Lécureuil <[email protected]>
  Nicolas Lécureuil <[email protected]>
  Nikolay Shirokovskiy <[email protected]>
  Nikolay Shirokovskiy <[email protected]>
  Olaf Hering <[email protected]>
  Olesya Gerasimenko <[email protected]>
  Or Ozeri <[email protected]>
  Orion Poplawski <[email protected]>
  Pany <[email protected]>
  Paolo Bonzini <[email protected]>
  Patrick Magauran <[email protected]>
  Paulo de Rezende Pinatti <[email protected]>
  Pavel Hrdina <[email protected]>
  Peng Liang <[email protected]>
  Peter Krempa <[email protected]>
  Pino Toscano <[email protected]>
  Pino Toscano <[email protected]>
  Piotr Drąg <[email protected]>
  Prathamesh Chavan <[email protected]>
  Praveen K Paladugu <[email protected]>
  Richard W.M. Jones <[email protected]>
  Ricky Tigg <[email protected]>
  Robin Lee <[email protected]>
  Rohit Kumar <[email protected]>
  Roman Bogorodskiy <[email protected]>
  Roman Bolshakov <[email protected]>
  Ryan Gahagan <[email protected]>
  Ryan Schmidt <[email protected]>
  Sam Hartman <[email protected]>
  Scott Shambarger <[email protected]>
  Sebastian Mitterle <[email protected]>
  SeongHyun Jo <[email protected]>
  Shalini Chellathurai Saroja <[email protected]>
  Shaojun Yang <[email protected]>
  shenjiatong <[email protected]>
  Shi Lei <[email protected]>
  simmon <[email protected]>
  Simon Chopin <[email protected]>
  Simon Gaiser <[email protected]>
  Simon Rowe <[email protected]>
  Stefan Bader <[email protected]>
  Stefan Berger <[email protected]>
  Stefan Berger <[email protected]>
  Stefan Hajnoczi <[email protected]>
  Stefan Hajnoczi <[email protected]>
  Szymon Scholz <[email protected]>
  Thomas Huth <[email protected]>
  Tim Wiederhake <[email protected]>
  Tom Wieczorek <[email protected]>
  Tomáš Golembiovský <[email protected]>
  Tomáš Janoušek <[email protected]>
  Tu Qiang <[email protected]>
  Tuguoyi <[email protected]>
  tuqiang <[email protected]>
  Vasiliy Ulyanov <[email protected]>
  Victor Toso <[email protected]>
  Ville Skyttä <[email protected]>
  Vinayak Kale <[email protected]>
  Vineeth Pillai <[email protected]>
  Wang Xin <[email protected]>
  WangJian <[email protected]>
  Weblate <[email protected]>
  Wei Liu <[email protected]>
  Wei Liu <[email protected]>
  Wei-Chen Chen <[email protected]>
  William Douglas <[email protected]>
  Xu Chao <[email protected]>
  Yalei Li <[email protected]>
  Yalei Li <[email protected]>
  Yang Fei <[email protected]>
  Yang Hang <[email protected]>
  Yanqiu Zhang <[email protected]>
  Yaroslav Kargin <[email protected]>
  Yasuhiko Kamata <[email protected]>
  Yi Li <[email protected]>
  Yi Wang <[email protected]>
  Yuri Chornoivan <[email protected]>
  Zbigniew Jędrzejewski-Szmek <[email protected]>
  zhangjl02 <[email protected]>
  zhanglei <[email protected]>
  Zheng Chuan <[email protected]>
  zhenwei pi <[email protected]>
  Zhenyu Ye <[email protected]>
  Zhenyu Zheng <[email protected]>
  Zhenzhong Duan <[email protected]>
  Дамјан Георгиевски <[email protected]>
  김인수 <[email protected]>

jobs:
 build-amd64-xsm                                              pass    
 build-arm64-xsm                                              pass    
 build-i386-xsm                                               pass    
 build-amd64                                                  pass    
 build-arm64                                                  pass    
 build-armhf                                                  pass    
 build-i386                                                   pass    
 build-amd64-libvirt                                          fail    
 build-arm64-libvirt                                          fail    
 build-armhf-libvirt                                          fail    
 build-i386-libvirt                                           fail    
 build-amd64-pvops                                            pass    
 build-arm64-pvops                                            pass    
 build-armhf-pvops                                            pass    
 build-i386-pvops                                             pass    
 test-amd64-amd64-libvirt-qemuu-debianhvm-amd64-xsm           blocked 
 test-amd64-i386-libvirt-qemuu-debianhvm-amd64-xsm            blocked 
 test-amd64-amd64-libvirt-xsm                                 blocked 
 test-arm64-arm64-libvirt-xsm                                 blocked 
 test-amd64-i386-libvirt-xsm                                  blocked 
 test-amd64-amd64-libvirt                                     blocked 
 test-arm64-arm64-libvirt                                     blocked 
 test-armhf-armhf-libvirt                                     blocked 
 test-amd64-i386-libvirt                                      blocked 
 test-amd64-amd64-libvirt-pair                                blocked 
 test-amd64-i386-libvirt-pair                                 blocked 
 test-arm64-arm64-libvirt-qcow2                               blocked 
 test-armhf-armhf-libvirt-qcow2                               blocked 
 test-arm64-arm64-libvirt-raw                                 blocked 
 test-armhf-armhf-libvirt-raw                                 blocked 
 test-amd64-i386-libvirt-raw                                  blocked 
 test-amd64-amd64-libvirt-vhd                                 blocked 


------------------------------------------------------------
sg-report-flight on osstest.test-lab.xenproject.org
logs: /home/logs/logs
images: /home/logs/images

Logs, config files, etc. are available at
    http://logs.test-lab.xenproject.org/osstest/logs

Explanation of these reports, and of osstest in general, is at
    http://xenbits.xen.org/gitweb/?p=osstest.git;a=blob;f=README.email;hb=master
    http://xenbits.xen.org/gitweb/?p=osstest.git;a=blob;f=README;hb=master

Test harness code can be found at
    http://xenbits.xen.org/gitweb?p=osstest.git;a=summary


Not pushing.

(No revision log; it would be 104670 lines long.)

Reply via email to