flight 122150 xen-unstable-smoke real [real]
http://logs.test-lab.xenproject.org/osstest/logs/122150/

Regressions :-(

Tests which did not succeed and are blocking,
including tests which could not be run:
 build-arm64-xsm               6 xen-build                fail REGR. vs. 121876
 build-armhf                   6 xen-build                fail REGR. vs. 121876

Tests which did not succeed, but are not blocking:
 test-armhf-armhf-xl           1 build-check(1)               blocked  n/a
 test-arm64-arm64-xl-xsm       1 build-check(1)               blocked  n/a
 test-amd64-amd64-libvirt     13 migrate-support-check        fail   never pass

version targeted for testing:
 xen                  aaae6290965b1434ae41e08b808bf5a59e6cf93e
baseline version:
 xen                  451004603247205467ec34b366b4cfa3814a5d95

Last test of basis   121876  2018-04-05 10:04:25 Z    4 days
Failing since        121889  2018-04-05 13:02:10 Z    4 days   40 attempts
Testing same since   122146  2018-04-09 20:01:28 Z    0 days    2 attempts

------------------------------------------------------------
People who touched revisions under test:
  Amit Singh Tomar <amittome...@gmail.com>
  Andre Przywara <andre.przyw...@arm.com>
  Andre Pzywara <andre.przyw...@arm.com>
  Andrew Cooper <andrew.coop...@citrix.com>
  Boris Ostrovsky <boris.ostrov...@oracle.com>
  George Dunlap <george.dun...@citrix.com>
  Jan Beulich <jbeul...@suse.com>
  Juergen Gross <jgr...@suse.com>
  Julien Grall <julien.gr...@arm.com>
  Kevin Tian <kevin.t...@intel.com>
  Marcello Seri <marcello.s...@citrix.com>
  Marcus of Wetware Labs <mar...@wetwa.re>
  Marek Marczykowski-Górecki <marma...@invisiblethingslab.com>
  Petre Eftime <epe...@amazon.com>
  Razvan Cojocaru <rcojoc...@bitdefender.com>
  Stefano Stabellini <sstabell...@kernel.org>
  Tim Deegan <t...@xen.org>
  Wei Liu <wei.l...@citrix.com>

jobs:
 build-arm64-xsm                                              fail    
 build-amd64                                                  pass    
 build-armhf                                                  fail    
 build-amd64-libvirt                                          pass    
 test-armhf-armhf-xl                                          blocked 
 test-arm64-arm64-xl-xsm                                      blocked 
 test-amd64-amd64-xl-qemuu-debianhvm-i386                     pass    
 test-amd64-amd64-libvirt                                     pass    


------------------------------------------------------------
sg-report-flight on osstest.test-lab.xenproject.org
logs: /home/logs/logs
images: /home/logs/images

Logs, config files, etc. are available at
    http://logs.test-lab.xenproject.org/osstest/logs

Explanation of these reports, and of osstest in general, is at
    http://xenbits.xen.org/gitweb/?p=osstest.git;a=blob;f=README.email;hb=master
    http://xenbits.xen.org/gitweb/?p=osstest.git;a=blob;f=README;hb=master

Test harness code can be found at
    http://xenbits.xen.org/gitweb?p=osstest.git;a=summary


Not pushing.

(No revision log; it would be 776 lines long.)

_______________________________________________
Xen-devel mailing list
Xen-devel@lists.xenproject.org
https://lists.xenproject.org/mailman/listinfo/xen-devel

Reply via email to