flight 169638 linux-linus real [real]
http://logs.test-lab.xenproject.org/osstest/logs/169638/

Failures :-/ but no regressions.

Tests which did not succeed, but are not blocking:
 test-amd64-amd64-xl-qemut-win7-amd64 19 guest-stop            fail like 169627
 test-armhf-armhf-libvirt     16 saverestore-support-check    fail  like 169627
 test-amd64-amd64-qemuu-nested-amd 20 debian-hvm-install/l1/l2 fail like 169627
 test-amd64-amd64-xl-qemuu-ws16-amd64 19 guest-stop            fail like 169627
 test-amd64-amd64-xl-qemut-ws16-amd64 19 guest-stop            fail like 169627
 test-amd64-amd64-xl-qemuu-win7-amd64 19 guest-stop            fail like 169627
 test-armhf-armhf-libvirt-raw 15 saverestore-support-check    fail  like 169627
 test-armhf-armhf-libvirt-qcow2 15 saverestore-support-check   fail like 169627
 test-amd64-amd64-libvirt     15 migrate-support-check        fail   never pass
 test-amd64-amd64-libvirt-xsm 15 migrate-support-check        fail   never pass
 test-arm64-arm64-xl-seattle  15 migrate-support-check        fail   never pass
 test-arm64-arm64-xl-seattle  16 saverestore-support-check    fail   never pass
 test-arm64-arm64-xl-xsm      15 migrate-support-check        fail   never pass
 test-arm64-arm64-xl-xsm      16 saverestore-support-check    fail   never pass
 test-arm64-arm64-xl          15 migrate-support-check        fail   never pass
 test-arm64-arm64-xl          16 saverestore-support-check    fail   never pass
 test-arm64-arm64-libvirt-xsm 15 migrate-support-check        fail   never pass
 test-arm64-arm64-libvirt-xsm 16 saverestore-support-check    fail   never pass
 test-arm64-arm64-xl-thunderx 15 migrate-support-check        fail   never pass
 test-arm64-arm64-xl-thunderx 16 saverestore-support-check    fail   never pass
 test-arm64-arm64-xl-credit1  15 migrate-support-check        fail   never pass
 test-arm64-arm64-xl-credit1  16 saverestore-support-check    fail   never pass
 test-arm64-arm64-xl-credit2  15 migrate-support-check        fail   never pass
 test-arm64-arm64-xl-credit2  16 saverestore-support-check    fail   never pass
 test-armhf-armhf-xl-arndale  15 migrate-support-check        fail   never pass
 test-armhf-armhf-xl-arndale  16 saverestore-support-check    fail   never pass
 test-amd64-amd64-libvirt-qemuu-debianhvm-amd64-xsm 13 migrate-support-check 
fail never pass
 test-amd64-amd64-libvirt-qcow2 14 migrate-support-check        fail never pass
 test-amd64-amd64-libvirt-raw 14 migrate-support-check        fail   never pass
 test-arm64-arm64-libvirt-raw 14 migrate-support-check        fail   never pass
 test-arm64-arm64-libvirt-raw 15 saverestore-support-check    fail   never pass
 test-armhf-armhf-xl-credit1  15 migrate-support-check        fail   never pass
 test-armhf-armhf-xl-credit1  16 saverestore-support-check    fail   never pass
 test-arm64-arm64-xl-vhd      14 migrate-support-check        fail   never pass
 test-arm64-arm64-xl-vhd      15 saverestore-support-check    fail   never pass
 test-armhf-armhf-xl-credit2  15 migrate-support-check        fail   never pass
 test-armhf-armhf-xl-credit2  16 saverestore-support-check    fail   never pass
 test-armhf-armhf-xl          15 migrate-support-check        fail   never pass
 test-armhf-armhf-xl          16 saverestore-support-check    fail   never pass
 test-armhf-armhf-xl-multivcpu 15 migrate-support-check        fail  never pass
 test-armhf-armhf-xl-multivcpu 16 saverestore-support-check    fail  never pass
 test-armhf-armhf-xl-rtds     15 migrate-support-check        fail   never pass
 test-armhf-armhf-xl-rtds     16 saverestore-support-check    fail   never pass
 test-armhf-armhf-libvirt     15 migrate-support-check        fail   never pass
 test-armhf-armhf-xl-cubietruck 15 migrate-support-check        fail never pass
 test-armhf-armhf-xl-cubietruck 16 saverestore-support-check    fail never pass
 test-armhf-armhf-libvirt-raw 14 migrate-support-check        fail   never pass
 test-armhf-armhf-xl-vhd      14 migrate-support-check        fail   never pass
 test-armhf-armhf-xl-vhd      15 saverestore-support-check    fail   never pass
 test-armhf-armhf-libvirt-qcow2 14 migrate-support-check        fail never pass

version targeted for testing:
 linux                c00c5e1d157bec0ef0b0b59aa5482eb8dc7e8e49
baseline version:
 linux                d569e86915b7f2f9795588591c8d5ea0b66481cb

Last test of basis   169627  2022-04-22 16:11:32 Z    0 days
Testing same since   169638  2022-04-23 03:15:15 Z    0 days    1 attempts

------------------------------------------------------------
People who touched revisions under test:
  Ahmad Fatoum <[email protected]>
  Ajye Huang <[email protected]>
  Ajye Huang <[email protected]>
  Aleksandr Nogikh <[email protected]>
  Alistair Popple <[email protected]>
  Amit Pundir <[email protected]>
  Andrew Morton <[email protected]>
  Andy Chi <[email protected]>
  Anup Patel <[email protected]>
  Anup Patel <[email protected]>
  Atish Patra <[email protected]>
  Chao Song <[email protected]>
  Christian Brauner (Microsoft) <[email protected]>
  Christian Brauner <[email protected]>
  Christophe JAILLET <[email protected]>
  Christophe Leroy <[email protected]>
  Damien Le Moal <[email protected]>
  Darrick J. Wong <[email protected]>
  Fabiano Rosas <[email protected]>
  Gongjun Song <[email protected]>
  Hans de Goede <[email protected]>
  Haowen Bai <[email protected]>
  Heiner Kallweit <[email protected]>
  Hui Wang <[email protected]>
  Ivan Babrou <[email protected]>
  Jason Gunthorpe <[email protected]>
  Joel Savitz <[email protected]>
  Kai Vehmanen <[email protected]>
  Ken Kurematsu <[email protected]>
  Like Xu <[email protected]>
  Linus Torvalds <[email protected]>
  Linus Walleij <[email protected]>
  Lucas De Marchi <[email protected]>
  [email protected] Link:
  Marco Elver <[email protected]>
  Mario Limonciello <[email protected]>
  Mark Brown <[email protected]>
  Mark Rutland <[email protected]>
  Matthew Wilcox (Oracle) <[email protected]>
  Maurizio Avogadro <[email protected]>
  Mauro Carvalho Chehab <[email protected]>
  Miaoqian Lin <[email protected]>
  Michal Hocko <[email protected]>
  Miles Chen <[email protected]>
  Mingwei Zhang <[email protected]>
  Muchun Song <[email protected]>
  Nadav Amit <[email protected]>
  Naoya Horiguchi <[email protected]>
  Nathan Chancellor <[email protected]>
  Nicholas Piggin <[email protected]>
  Nico Pache <[email protected]>
  Palmer Dabbelt <[email protected]>
  Paolo Bonzini <[email protected]>
  Paulo Alcantara (SUSE) <[email protected]>
  Paulo Alcantara <[email protected]>
  Peter Ujfalusi <[email protected]>
  Peter Xu <[email protected]>
  Pierre-Louis Bossart <[email protected]>
  Randy Dunlap <[email protected]>
  Richard Fitzgerald <[email protected]>
  Rob Herring <[email protected]>
  Ronnie Sahlberg <[email protected]>
  Samuel Čavoj <[email protected]>
  Sean Christopherson <[email protected]>
  Shakeel Butt <[email protected]>
  Shengjiu Wang <[email protected]>
  Sidhartha Kumar <[email protected]>
  Srinivas Kandagatla <[email protected]>
  Steve French <[email protected]>
  [email protected]
  Tadeusz Struk <[email protected]>
  Takashi Iwai <[email protected]>
  Theodore Ts'o <[email protected]>
  Thomas Gleixner <[email protected]>
  Thomas Huth <[email protected]>
  Tim Crawford <[email protected]>
  Tom Rix <[email protected]>
  Vincenzo Frascino <[email protected]>
  Wang Jianjian <[email protected]>
  wangjianjian (C) <[email protected]>
  Wanpeng Li <[email protected]>
  Will Deacon <[email protected]>
  Xiaomeng Tong <[email protected]>
  Xu Yu <[email protected]>
  Yanan Wang <[email protected]>
  Ye Bin <[email protected]>
  Yu Liao <[email protected]>
  Zheyu Ma <[email protected]>

jobs:
 build-amd64-xsm                                              pass    
 build-arm64-xsm                                              pass    
 build-i386-xsm                                               pass    
 build-amd64                                                  pass    
 build-arm64                                                  pass    
 build-armhf                                                  pass    
 build-i386                                                   pass    
 build-amd64-libvirt                                          pass    
 build-arm64-libvirt                                          pass    
 build-armhf-libvirt                                          pass    
 build-i386-libvirt                                           pass    
 build-amd64-pvops                                            pass    
 build-arm64-pvops                                            pass    
 build-armhf-pvops                                            pass    
 build-i386-pvops                                             pass    
 test-amd64-amd64-xl                                          pass    
 test-amd64-coresched-amd64-xl                                pass    
 test-arm64-arm64-xl                                          pass    
 test-armhf-armhf-xl                                          pass    
 test-amd64-amd64-libvirt-qemuu-debianhvm-amd64-xsm           pass    
 test-amd64-amd64-xl-qemut-stubdom-debianhvm-amd64-xsm        pass    
 test-amd64-amd64-xl-qemut-debianhvm-i386-xsm                 pass    
 test-amd64-amd64-xl-qemuu-debianhvm-i386-xsm                 pass    
 test-amd64-amd64-libvirt-xsm                                 pass    
 test-arm64-arm64-libvirt-xsm                                 pass    
 test-amd64-amd64-xl-xsm                                      pass    
 test-arm64-arm64-xl-xsm                                      pass    
 test-amd64-amd64-qemuu-nested-amd                            fail    
 test-amd64-amd64-xl-pvhv2-amd                                pass    
 test-amd64-amd64-dom0pvh-xl-amd                              pass    
 test-amd64-amd64-xl-qemut-debianhvm-amd64                    pass    
 test-amd64-amd64-xl-qemuu-debianhvm-amd64                    pass    
 test-amd64-amd64-freebsd11-amd64                             pass    
 test-amd64-amd64-freebsd12-amd64                             pass    
 test-amd64-amd64-xl-qemuu-ovmf-amd64                         pass    
 test-amd64-amd64-xl-qemut-win7-amd64                         fail    
 test-amd64-amd64-xl-qemuu-win7-amd64                         fail    
 test-amd64-amd64-xl-qemut-ws16-amd64                         fail    
 test-amd64-amd64-xl-qemuu-ws16-amd64                         fail    
 test-armhf-armhf-xl-arndale                                  pass    
 test-amd64-amd64-examine-bios                                pass    
 test-amd64-amd64-xl-credit1                                  pass    
 test-arm64-arm64-xl-credit1                                  pass    
 test-armhf-armhf-xl-credit1                                  pass    
 test-amd64-amd64-xl-credit2                                  pass    
 test-arm64-arm64-xl-credit2                                  pass    
 test-armhf-armhf-xl-credit2                                  pass    
 test-armhf-armhf-xl-cubietruck                               pass    
 test-amd64-amd64-xl-qemuu-dmrestrict-amd64-dmrestrict        pass    
 test-amd64-amd64-examine                                     pass    
 test-arm64-arm64-examine                                     pass    
 test-armhf-armhf-examine                                     pass    
 test-amd64-amd64-qemuu-nested-intel                          pass    
 test-amd64-amd64-xl-pvhv2-intel                              pass    
 test-amd64-amd64-dom0pvh-xl-intel                            pass    
 test-amd64-amd64-libvirt                                     pass    
 test-armhf-armhf-libvirt                                     pass    
 test-amd64-amd64-xl-multivcpu                                pass    
 test-armhf-armhf-xl-multivcpu                                pass    
 test-amd64-amd64-pair                                        pass    
 test-amd64-amd64-libvirt-pair                                pass    
 test-amd64-amd64-xl-pvshim                                   pass    
 test-amd64-amd64-pygrub                                      pass    
 test-amd64-amd64-libvirt-qcow2                               pass    
 test-armhf-armhf-libvirt-qcow2                               pass    
 test-amd64-amd64-libvirt-raw                                 pass    
 test-arm64-arm64-libvirt-raw                                 pass    
 test-armhf-armhf-libvirt-raw                                 pass    
 test-amd64-amd64-xl-rtds                                     pass    
 test-armhf-armhf-xl-rtds                                     pass    
 test-arm64-arm64-xl-seattle                                  pass    
 test-amd64-amd64-xl-qemuu-debianhvm-amd64-shadow             pass    
 test-amd64-amd64-xl-shadow                                   pass    
 test-arm64-arm64-xl-thunderx                                 pass    
 test-amd64-amd64-examine-uefi                                pass    
 test-amd64-amd64-xl-vhd                                      pass    
 test-arm64-arm64-xl-vhd                                      pass    
 test-armhf-armhf-xl-vhd                                      pass    


------------------------------------------------------------
sg-report-flight on osstest.test-lab.xenproject.org
logs: /home/logs/logs
images: /home/logs/images

Logs, config files, etc. are available at
    http://logs.test-lab.xenproject.org/osstest/logs

Explanation of these reports, and of osstest in general, is at
    http://xenbits.xen.org/gitweb/?p=osstest.git;a=blob;f=README.email;hb=master
    http://xenbits.xen.org/gitweb/?p=osstest.git;a=blob;f=README;hb=master

Test harness code can be found at
    http://xenbits.xen.org/gitweb?p=osstest.git;a=summary


Pushing revision :

hint: The 'hooks/update' hook was ignored because it's not set as executable.
hint: You can disable this warning with `git config advice.ignoredHook false`.
hint: The 'hooks/post-receive' hook was ignored because it's not set as 
executable.
hint: You can disable this warning with `git config advice.ignoredHook false`.
hint: The 'hooks/post-update' hook was ignored because it's not set as 
executable.
hint: You can disable this warning with `git config advice.ignoredHook false`.
To xenbits.xen.org:/home/xen/git/linux-pvops.git
   d569e86915b7..c00c5e1d157b  c00c5e1d157bec0ef0b0b59aa5482eb8dc7e8e49 -> 
tested/linux-linus

Reply via email to