flight 169836 linux-linus real [real]
flight 169861 linux-linus real-retest [real]
http://logs.test-lab.xenproject.org/osstest/logs/169836/
http://logs.test-lab.xenproject.org/osstest/logs/169861/

Failures :-/ but no regressions.

Tests which are failing intermittently (not blocking):
 test-armhf-armhf-xl          10 host-ping-check-xen fail pass in 169861-retest

Tests which did not succeed, but are not blocking:
 test-armhf-armhf-xl         15 migrate-support-check fail in 169861 never pass
 test-armhf-armhf-xl     16 saverestore-support-check fail in 169861 never pass
 test-amd64-amd64-xl-qemut-win7-amd64 19 guest-stop            fail like 169809
 test-armhf-armhf-libvirt     16 saverestore-support-check    fail  like 169809
 test-amd64-amd64-qemuu-nested-amd 20 debian-hvm-install/l1/l2 fail like 169809
 test-amd64-amd64-xl-qemuu-ws16-amd64 19 guest-stop            fail like 169809
 test-amd64-amd64-xl-qemut-ws16-amd64 19 guest-stop            fail like 169809
 test-amd64-amd64-xl-qemuu-win7-amd64 19 guest-stop            fail like 169809
 test-armhf-armhf-libvirt-qcow2 15 saverestore-support-check   fail like 169809
 test-armhf-armhf-libvirt-raw 15 saverestore-support-check    fail  like 169809
 test-amd64-amd64-libvirt     15 migrate-support-check        fail   never pass
 test-amd64-amd64-libvirt-xsm 15 migrate-support-check        fail   never pass
 test-arm64-arm64-xl-seattle  15 migrate-support-check        fail   never pass
 test-arm64-arm64-xl-seattle  16 saverestore-support-check    fail   never pass
 test-arm64-arm64-xl          15 migrate-support-check        fail   never pass
 test-arm64-arm64-xl          16 saverestore-support-check    fail   never pass
 test-arm64-arm64-xl-credit1  15 migrate-support-check        fail   never pass
 test-arm64-arm64-xl-credit1  16 saverestore-support-check    fail   never pass
 test-arm64-arm64-xl-credit2  15 migrate-support-check        fail   never pass
 test-arm64-arm64-xl-xsm      15 migrate-support-check        fail   never pass
 test-arm64-arm64-xl-credit2  16 saverestore-support-check    fail   never pass
 test-arm64-arm64-xl-xsm      16 saverestore-support-check    fail   never pass
 test-arm64-arm64-xl-thunderx 15 migrate-support-check        fail   never pass
 test-arm64-arm64-xl-thunderx 16 saverestore-support-check    fail   never pass
 test-arm64-arm64-libvirt-xsm 15 migrate-support-check        fail   never pass
 test-arm64-arm64-libvirt-xsm 16 saverestore-support-check    fail   never pass
 test-armhf-armhf-xl-arndale  15 migrate-support-check        fail   never pass
 test-armhf-armhf-xl-arndale  16 saverestore-support-check    fail   never pass
 test-amd64-amd64-libvirt-qemuu-debianhvm-amd64-xsm 13 migrate-support-check 
fail never pass
 test-amd64-amd64-libvirt-qcow2 14 migrate-support-check        fail never pass
 test-amd64-amd64-libvirt-raw 14 migrate-support-check        fail   never pass
 test-arm64-arm64-libvirt-raw 14 migrate-support-check        fail   never pass
 test-arm64-arm64-libvirt-raw 15 saverestore-support-check    fail   never pass
 test-armhf-armhf-xl-rtds     15 migrate-support-check        fail   never pass
 test-armhf-armhf-xl-rtds     16 saverestore-support-check    fail   never pass
 test-arm64-arm64-xl-vhd      14 migrate-support-check        fail   never pass
 test-arm64-arm64-xl-vhd      15 saverestore-support-check    fail   never pass
 test-armhf-armhf-libvirt     15 migrate-support-check        fail   never pass
 test-armhf-armhf-xl-multivcpu 15 migrate-support-check        fail  never pass
 test-armhf-armhf-xl-multivcpu 16 saverestore-support-check    fail  never pass
 test-armhf-armhf-xl-credit2  15 migrate-support-check        fail   never pass
 test-armhf-armhf-xl-credit2  16 saverestore-support-check    fail   never pass
 test-armhf-armhf-xl-credit1  15 migrate-support-check        fail   never pass
 test-armhf-armhf-xl-credit1  16 saverestore-support-check    fail   never pass
 test-armhf-armhf-xl-cubietruck 15 migrate-support-check        fail never pass
 test-armhf-armhf-xl-cubietruck 16 saverestore-support-check    fail never pass
 test-armhf-armhf-libvirt-qcow2 14 migrate-support-check        fail never pass
 test-armhf-armhf-libvirt-raw 14 migrate-support-check        fail   never pass
 test-armhf-armhf-xl-vhd      14 migrate-support-check        fail   never pass
 test-armhf-armhf-xl-vhd      15 saverestore-support-check    fail   never pass

version targeted for testing:
 linux                249aca0d3d631660aa3583c6a3559b75b6e971b4
baseline version:
 linux                8f4dd16603ce834d1c5c4da67803ea82dd282511

Last test of basis   169809  2022-04-28 09:42:57 Z    0 days
Testing same since   169836  2022-04-28 22:11:22 Z    0 days    1 attempts

------------------------------------------------------------
People who touched revisions under test:
  Adam Zabrocki <[email protected]>
  Andreas Gruenbacher <[email protected]>
  Ariel Elior <[email protected]>
  Artem Bityutskiy <[email protected]>
  Arınç ÜNAL <[email protected]>
  Baruch Siach <[email protected]>
  ChiYuan Huang <[email protected]>
  Clément Léger <[email protected]>
  Dan Carpenter <[email protected]>
  Daniel Borkmann <[email protected]>
  Daniel Lezcano <[email protected]>
  Dany Madden <[email protected]>
  Darryn Anton Jordan <[email protected]>
  Dave Chinner <[email protected]>
  Dave Chinner <[email protected]>
  David Christensen <[email protected]>
  David E. Box <[email protected]>
  David S. Miller <[email protected]>
  Dinh Nguyen <[email protected]>
  Dmitry Baryshkov <[email protected]>
  Eric Dumazet <[email protected]>
  Eyal Birger <[email protected]>
  Fei Liu <[email protected]>
  Florian Fainelli <[email protected]>
  Florian Westphal <[email protected]>
  Francesco Ruggeri <[email protected]>
  Gabriele Mazzotta <[email protected]>
  Guangbin Huang <[email protected]>
  Gurucharan <[email protected]> (A Contingent worker at Intel)
  Hans de Goede <[email protected]>
  Hao Chen <[email protected]>
  Hauke Mehrtens <[email protected]>
  Herton R. Krzesinski <[email protected]>
  Ivan Vecera <[email protected]>
  Jacob Keller <[email protected]>
  Jakub Kicinski <[email protected]>
  Jan "Yenya" Kasprzak <[email protected]>
  Jan Hoffmann <[email protected]>
  Jason A. Donenfeld <[email protected]>
  Jason Wang <[email protected]>
  Jeremy Kerr <[email protected]>
  Jian Shen <[email protected]>
  Jie Wang <[email protected]>
  Jonathan Lemon <[email protected]>
  Jozsef Kadlecsik <[email protected]>
  Julian Anastasov <[email protected]>
  Karsten Graul <[email protected]>
  Kees Cook <[email protected]>
  Konrad Jankowski <[email protected]>
  Leon Romanovsky <[email protected]>
  Lin Ma <[email protected]>
  Linus Torvalds <[email protected]>
  liuyacan <[email protected]>
  Luiz Angelo Daros de Luca <[email protected]>
  Luiz Augusto von Dentz <[email protected]>
  Lv Ruyi <[email protected]>
  Maciej Fijalkowski <[email protected]>
  Magnus Karlsson <[email protected]>
  Manish Chopra <[email protected]>
  Marcel Holtmann <[email protected]>
  Marcelo Ricardo Leitner <[email protected]>
  Mark Brown <[email protected]>
  Martin Blumenstingl <[email protected]>
  Martin Willi <[email protected]>
  Masami Hiramatsu <[email protected]>
  Maxim Mikityanskiy <[email protected]>
  Miaoqian Lin <[email protected]>
  Michael S. Tsirkin <[email protected]>
  Nathan Rossi <[email protected]>
  Neal Cardwell <[email protected]>
  Nikolay Aleksandrov <[email protected]>
  Pablo Neira Ayuso <[email protected]>
  Pali Rohár <[email protected]>
  Paolo Abeni <[email protected]>
  Peilin Ye <[email protected]>
  Peng Li <[email protected]>
  Peng Wu <[email protected]>
  Pengcheng Yang <[email protected]>
  Petr Oros <[email protected]>
  Rafael J. Wysocki <[email protected]>
  Rongguang Wei <[email protected]>
  Sebastian Andrzej Siewior <[email protected]>
  Simon Horman <[email protected]>
  Soheil Hassas Yeganeh <[email protected]>
  Song Liu <[email protected]>
  Srinivas Pandruvada <[email protected]>
  Thomas Weißschuh <[email protected]>
  Tiezhu Yang <[email protected]>
  Toke Høiland-Jørgensen <[email protected]>
  Tom Rix <[email protected]>
  Tony Nguyen <[email protected]>
  Ville Syrjälä <[email protected]>
  Viresh Kumar <[email protected]>
  Vladimir Oltean <[email protected]>
  Vladimir Zapolskiy <[email protected]>
  Volodymyr Mytnyk <[email protected]>
  Wen Gu <[email protected]>
  William Tu <[email protected]>
  Woody Suwalski <[email protected]>
  Xiaobing Luo <[email protected]>
  Xin Long <[email protected]>
  Yang Yingliang <[email protected]>

jobs:
 build-amd64-xsm                                              pass    
 build-arm64-xsm                                              pass    
 build-i386-xsm                                               pass    
 build-amd64                                                  pass    
 build-arm64                                                  pass    
 build-armhf                                                  pass    
 build-i386                                                   pass    
 build-amd64-libvirt                                          pass    
 build-arm64-libvirt                                          pass    
 build-armhf-libvirt                                          pass    
 build-i386-libvirt                                           pass    
 build-amd64-pvops                                            pass    
 build-arm64-pvops                                            pass    
 build-armhf-pvops                                            pass    
 build-i386-pvops                                             pass    
 test-amd64-amd64-xl                                          pass    
 test-amd64-coresched-amd64-xl                                pass    
 test-arm64-arm64-xl                                          pass    
 test-armhf-armhf-xl                                          fail    
 test-amd64-amd64-libvirt-qemuu-debianhvm-amd64-xsm           pass    
 test-amd64-amd64-xl-qemut-stubdom-debianhvm-amd64-xsm        pass    
 test-amd64-amd64-xl-qemut-debianhvm-i386-xsm                 pass    
 test-amd64-amd64-xl-qemuu-debianhvm-i386-xsm                 pass    
 test-amd64-amd64-libvirt-xsm                                 pass    
 test-arm64-arm64-libvirt-xsm                                 pass    
 test-amd64-amd64-xl-xsm                                      pass    
 test-arm64-arm64-xl-xsm                                      pass    
 test-amd64-amd64-qemuu-nested-amd                            fail    
 test-amd64-amd64-xl-pvhv2-amd                                pass    
 test-amd64-amd64-dom0pvh-xl-amd                              pass    
 test-amd64-amd64-xl-qemut-debianhvm-amd64                    pass    
 test-amd64-amd64-xl-qemuu-debianhvm-amd64                    pass    
 test-amd64-amd64-freebsd11-amd64                             pass    
 test-amd64-amd64-freebsd12-amd64                             pass    
 test-amd64-amd64-xl-qemuu-ovmf-amd64                         pass    
 test-amd64-amd64-xl-qemut-win7-amd64                         fail    
 test-amd64-amd64-xl-qemuu-win7-amd64                         fail    
 test-amd64-amd64-xl-qemut-ws16-amd64                         fail    
 test-amd64-amd64-xl-qemuu-ws16-amd64                         fail    
 test-armhf-armhf-xl-arndale                                  pass    
 test-amd64-amd64-examine-bios                                pass    
 test-amd64-amd64-xl-credit1                                  pass    
 test-arm64-arm64-xl-credit1                                  pass    
 test-armhf-armhf-xl-credit1                                  pass    
 test-amd64-amd64-xl-credit2                                  pass    
 test-arm64-arm64-xl-credit2                                  pass    
 test-armhf-armhf-xl-credit2                                  pass    
 test-armhf-armhf-xl-cubietruck                               pass    
 test-amd64-amd64-xl-qemuu-dmrestrict-amd64-dmrestrict        pass    
 test-amd64-amd64-examine                                     pass    
 test-arm64-arm64-examine                                     pass    
 test-armhf-armhf-examine                                     pass    
 test-amd64-amd64-qemuu-nested-intel                          pass    
 test-amd64-amd64-xl-pvhv2-intel                              pass    
 test-amd64-amd64-dom0pvh-xl-intel                            pass    
 test-amd64-amd64-libvirt                                     pass    
 test-armhf-armhf-libvirt                                     pass    
 test-amd64-amd64-xl-multivcpu                                pass    
 test-armhf-armhf-xl-multivcpu                                pass    
 test-amd64-amd64-pair                                        pass    
 test-amd64-amd64-libvirt-pair                                pass    
 test-amd64-amd64-xl-pvshim                                   pass    
 test-amd64-amd64-pygrub                                      pass    
 test-amd64-amd64-libvirt-qcow2                               pass    
 test-armhf-armhf-libvirt-qcow2                               pass    
 test-amd64-amd64-libvirt-raw                                 pass    
 test-arm64-arm64-libvirt-raw                                 pass    
 test-armhf-armhf-libvirt-raw                                 pass    
 test-amd64-amd64-xl-rtds                                     pass    
 test-armhf-armhf-xl-rtds                                     pass    
 test-arm64-arm64-xl-seattle                                  pass    
 test-amd64-amd64-xl-qemuu-debianhvm-amd64-shadow             pass    
 test-amd64-amd64-xl-shadow                                   pass    
 test-arm64-arm64-xl-thunderx                                 pass    
 test-amd64-amd64-examine-uefi                                pass    
 test-amd64-amd64-xl-vhd                                      pass    
 test-arm64-arm64-xl-vhd                                      pass    
 test-armhf-armhf-xl-vhd                                      pass    


------------------------------------------------------------
sg-report-flight on osstest.test-lab.xenproject.org
logs: /home/logs/logs
images: /home/logs/images

Logs, config files, etc. are available at
    http://logs.test-lab.xenproject.org/osstest/logs

Explanation of these reports, and of osstest in general, is at
    http://xenbits.xen.org/gitweb/?p=osstest.git;a=blob;f=README.email;hb=master
    http://xenbits.xen.org/gitweb/?p=osstest.git;a=blob;f=README;hb=master

Test harness code can be found at
    http://xenbits.xen.org/gitweb?p=osstest.git;a=summary


Pushing revision :

hint: The 'hooks/update' hook was ignored because it's not set as executable.
hint: You can disable this warning with `git config advice.ignoredHook false`.
hint: The 'hooks/post-receive' hook was ignored because it's not set as 
executable.
hint: You can disable this warning with `git config advice.ignoredHook false`.
hint: The 'hooks/post-update' hook was ignored because it's not set as 
executable.
hint: You can disable this warning with `git config advice.ignoredHook false`.
To xenbits.xen.org:/home/xen/git/linux-pvops.git
   8f4dd16603ce..249aca0d3d63  249aca0d3d631660aa3583c6a3559b75b6e971b4 -> 
tested/linux-linus

Reply via email to