flight 170581 linux-linus real [real]
flight 170591 linux-linus real-retest [real]
http://logs.test-lab.xenproject.org/osstest/logs/170581/
http://logs.test-lab.xenproject.org/osstest/logs/170591/

Failures :-/ but no regressions.

Tests which are failing intermittently (not blocking):
 test-armhf-armhf-xl-arndale   8 xen-boot            fail pass in 170591-retest

Tests which did not succeed, but are not blocking:
 test-armhf-armhf-xl-arndale 15 migrate-support-check fail in 170591 never pass
 test-armhf-armhf-xl-arndale 16 saverestore-support-check fail in 170591 never 
pass
 test-amd64-amd64-xl-qemut-win7-amd64 19 guest-stop            fail like 170566
 test-armhf-armhf-libvirt     16 saverestore-support-check    fail  like 170566
 test-amd64-amd64-qemuu-nested-amd 20 debian-hvm-install/l1/l2 fail like 170566
 test-amd64-amd64-xl-qemuu-ws16-amd64 19 guest-stop            fail like 170566
 test-amd64-amd64-xl-qemut-ws16-amd64 19 guest-stop            fail like 170566
 test-amd64-amd64-xl-qemuu-win7-amd64 19 guest-stop            fail like 170566
 test-armhf-armhf-libvirt-qcow2 15 saverestore-support-check   fail like 170566
 test-armhf-armhf-libvirt-raw 15 saverestore-support-check    fail  like 170566
 test-arm64-arm64-xl-seattle  15 migrate-support-check        fail   never pass
 test-arm64-arm64-xl-seattle  16 saverestore-support-check    fail   never pass
 test-amd64-amd64-libvirt-xsm 15 migrate-support-check        fail   never pass
 test-arm64-arm64-xl-credit1  15 migrate-support-check        fail   never pass
 test-arm64-arm64-xl-credit1  16 saverestore-support-check    fail   never pass
 test-arm64-arm64-xl          15 migrate-support-check        fail   never pass
 test-arm64-arm64-xl-credit2  15 migrate-support-check        fail   never pass
 test-arm64-arm64-xl          16 saverestore-support-check    fail   never pass
 test-arm64-arm64-xl-xsm      15 migrate-support-check        fail   never pass
 test-arm64-arm64-xl-credit2  16 saverestore-support-check    fail   never pass
 test-arm64-arm64-xl-xsm      16 saverestore-support-check    fail   never pass
 test-arm64-arm64-libvirt-xsm 15 migrate-support-check        fail   never pass
 test-arm64-arm64-libvirt-xsm 16 saverestore-support-check    fail   never pass
 test-amd64-amd64-libvirt-qemuu-debianhvm-amd64-xsm 13 migrate-support-check 
fail never pass
 test-arm64-arm64-xl-thunderx 15 migrate-support-check        fail   never pass
 test-arm64-arm64-xl-thunderx 16 saverestore-support-check    fail   never pass
 test-amd64-amd64-libvirt-qcow2 14 migrate-support-check        fail never pass
 test-amd64-amd64-libvirt-raw 14 migrate-support-check        fail   never pass
 test-arm64-arm64-libvirt-raw 14 migrate-support-check        fail   never pass
 test-arm64-arm64-libvirt-raw 15 saverestore-support-check    fail   never pass
 test-amd64-amd64-libvirt     15 migrate-support-check        fail   never pass
 test-armhf-armhf-libvirt     15 migrate-support-check        fail   never pass
 test-arm64-arm64-xl-vhd      14 migrate-support-check        fail   never pass
 test-arm64-arm64-xl-vhd      15 saverestore-support-check    fail   never pass
 test-armhf-armhf-xl-credit1  15 migrate-support-check        fail   never pass
 test-armhf-armhf-xl-credit1  16 saverestore-support-check    fail   never pass
 test-armhf-armhf-xl-rtds     15 migrate-support-check        fail   never pass
 test-armhf-armhf-xl-rtds     16 saverestore-support-check    fail   never pass
 test-armhf-armhf-xl-multivcpu 15 migrate-support-check        fail  never pass
 test-armhf-armhf-xl-multivcpu 16 saverestore-support-check    fail  never pass
 test-armhf-armhf-xl-cubietruck 15 migrate-support-check        fail never pass
 test-armhf-armhf-xl-cubietruck 16 saverestore-support-check    fail never pass
 test-armhf-armhf-xl-vhd      14 migrate-support-check        fail   never pass
 test-armhf-armhf-xl-vhd      15 saverestore-support-check    fail   never pass
 test-armhf-armhf-xl-credit2  15 migrate-support-check        fail   never pass
 test-armhf-armhf-xl-credit2  16 saverestore-support-check    fail   never pass
 test-armhf-armhf-libvirt-qcow2 14 migrate-support-check        fail never pass
 test-armhf-armhf-libvirt-raw 14 migrate-support-check        fail   never pass
 test-armhf-armhf-xl          15 migrate-support-check        fail   never pass
 test-armhf-armhf-xl          16 saverestore-support-check    fail   never pass

version targeted for testing:
 linux                b015dcd62b86d298829990f8261d5d154b8d7af5
baseline version:
 linux                f993aed406eaf968ba3867a76bb46c95336a33d0

Last test of basis   170566  2022-05-19 07:54:03 Z    0 days
Testing same since   170581  2022-05-19 21:41:24 Z    0 days    1 attempts

------------------------------------------------------------
People who touched revisions under test:
  Alex Elder <[email protected]>
  Andre Przywara <[email protected]>
  Andrew Lunn <[email protected]>
  Ard Biesheuvel <[email protected]>
  Arkadiusz Kubalewski <[email protected]>
  Aya Levin <[email protected]>
  Christophe JAILLET <[email protected]>
  Dave Cain <[email protected]>
  David S. Miller <[email protected]>
  Duoming Zhou <[email protected]>
  Eric Dumazet <[email protected]>
  Eyal Birger <[email protected]>
  Felix Fietkau <[email protected]>
  Florian Fainelli <[email protected]>
  Gal Pressman <[email protected]>
  Gurucharan <[email protected]> (A Contingent worker at Intel)
  Hangbin Liu <[email protected]>
  Harini Katakam <[email protected]>
  Helge Deller <[email protected]>
  Horatiu Vultur <[email protected]>
  Ido Schimmel <[email protected]>
  IotaHydrae <[email protected]>
  Jakub Kicinski <[email protected]>
  Jarkko Nikula <[email protected]>
  Jernej Skrabec <[email protected]>
  Jiasheng Jiang <[email protected]>
  Joachim Wiberg <[email protected]>
  Joel Stanley <[email protected]>
  John David Anglin <[email protected]>
  Jonathan Lemon <[email protected]>
  Kevin Mitchell <[email protected]>
  Leonard Crestez <[email protected]>
  Lin Ma <[email protected]>
  Linus Torvalds <[email protected]>
  Linus Walleij <[email protected]>
  Maor Dickman <[email protected]>
  Marc Kleine-Budde <[email protected]>
  Mat Martineau <[email protected]>
  Mattijs Korpershoek <[email protected]>
  Maxim Mikityanskiy <[email protected]>
  Michal Simek <[email protected]>
  Michal Wilczynski <[email protected]>
  Nikolay Aleksandrov <[email protected]>
  Oz Shlomo <[email protected]>
  Pablo Neira Ayuso <[email protected]>
  Paolo Abeni <[email protected]>
  Paul Blakey <[email protected]>
  Paul Greenwalt <[email protected]>
  Radhey Shyam Pandey <[email protected]>
  Ritaro Takenaka <[email protected]>
  Russell King (Oracle) <[email protected]>
  Saeed Mahameed <[email protected]>
  Shay Drory <[email protected]>
  Steffen Klassert <[email protected]>
  Sven Auhagen <[email protected]>
  Thomas Bartschies <[email protected]>
  Tony Nguyen <[email protected]>
  Vadim Fedorenko <[email protected]>
  Xin Long <[email protected]>
  Yevgeny Kliteynik <[email protected]>
  Zixuan Fu <[email protected]>

jobs:
 build-amd64-xsm                                              pass    
 build-arm64-xsm                                              pass    
 build-i386-xsm                                               pass    
 build-amd64                                                  pass    
 build-arm64                                                  pass    
 build-armhf                                                  pass    
 build-i386                                                   pass    
 build-amd64-libvirt                                          pass    
 build-arm64-libvirt                                          pass    
 build-armhf-libvirt                                          pass    
 build-i386-libvirt                                           pass    
 build-amd64-pvops                                            pass    
 build-arm64-pvops                                            pass    
 build-armhf-pvops                                            pass    
 build-i386-pvops                                             pass    
 test-amd64-amd64-xl                                          pass    
 test-amd64-coresched-amd64-xl                                pass    
 test-arm64-arm64-xl                                          pass    
 test-armhf-armhf-xl                                          pass    
 test-amd64-amd64-libvirt-qemuu-debianhvm-amd64-xsm           pass    
 test-amd64-amd64-xl-qemut-stubdom-debianhvm-amd64-xsm        pass    
 test-amd64-amd64-xl-qemut-debianhvm-i386-xsm                 pass    
 test-amd64-amd64-xl-qemuu-debianhvm-i386-xsm                 pass    
 test-amd64-amd64-libvirt-xsm                                 pass    
 test-arm64-arm64-libvirt-xsm                                 pass    
 test-amd64-amd64-xl-xsm                                      pass    
 test-arm64-arm64-xl-xsm                                      pass    
 test-amd64-amd64-qemuu-nested-amd                            fail    
 test-amd64-amd64-xl-pvhv2-amd                                pass    
 test-amd64-amd64-dom0pvh-xl-amd                              pass    
 test-amd64-amd64-xl-qemut-debianhvm-amd64                    pass    
 test-amd64-amd64-xl-qemuu-debianhvm-amd64                    pass    
 test-amd64-amd64-freebsd11-amd64                             pass    
 test-amd64-amd64-freebsd12-amd64                             pass    
 test-amd64-amd64-xl-qemuu-ovmf-amd64                         pass    
 test-amd64-amd64-xl-qemut-win7-amd64                         fail    
 test-amd64-amd64-xl-qemuu-win7-amd64                         fail    
 test-amd64-amd64-xl-qemut-ws16-amd64                         fail    
 test-amd64-amd64-xl-qemuu-ws16-amd64                         fail    
 test-armhf-armhf-xl-arndale                                  fail    
 test-amd64-amd64-examine-bios                                pass    
 test-amd64-amd64-xl-credit1                                  pass    
 test-arm64-arm64-xl-credit1                                  pass    
 test-armhf-armhf-xl-credit1                                  pass    
 test-amd64-amd64-xl-credit2                                  pass    
 test-arm64-arm64-xl-credit2                                  pass    
 test-armhf-armhf-xl-credit2                                  pass    
 test-armhf-armhf-xl-cubietruck                               pass    
 test-amd64-amd64-xl-qemuu-dmrestrict-amd64-dmrestrict        pass    
 test-amd64-amd64-examine                                     pass    
 test-arm64-arm64-examine                                     pass    
 test-armhf-armhf-examine                                     pass    
 test-amd64-amd64-qemuu-nested-intel                          pass    
 test-amd64-amd64-xl-pvhv2-intel                              pass    
 test-amd64-amd64-dom0pvh-xl-intel                            pass    
 test-amd64-amd64-libvirt                                     pass    
 test-armhf-armhf-libvirt                                     pass    
 test-amd64-amd64-xl-multivcpu                                pass    
 test-armhf-armhf-xl-multivcpu                                pass    
 test-amd64-amd64-pair                                        pass    
 test-amd64-amd64-libvirt-pair                                pass    
 test-amd64-amd64-xl-pvshim                                   pass    
 test-amd64-amd64-pygrub                                      pass    
 test-amd64-amd64-libvirt-qcow2                               pass    
 test-armhf-armhf-libvirt-qcow2                               pass    
 test-amd64-amd64-libvirt-raw                                 pass    
 test-arm64-arm64-libvirt-raw                                 pass    
 test-armhf-armhf-libvirt-raw                                 pass    
 test-amd64-amd64-xl-rtds                                     pass    
 test-armhf-armhf-xl-rtds                                     pass    
 test-arm64-arm64-xl-seattle                                  pass    
 test-amd64-amd64-xl-qemuu-debianhvm-amd64-shadow             pass    
 test-amd64-amd64-xl-shadow                                   pass    
 test-arm64-arm64-xl-thunderx                                 pass    
 test-amd64-amd64-examine-uefi                                pass    
 test-amd64-amd64-xl-vhd                                      pass    
 test-arm64-arm64-xl-vhd                                      pass    
 test-armhf-armhf-xl-vhd                                      pass    


------------------------------------------------------------
sg-report-flight on osstest.test-lab.xenproject.org
logs: /home/logs/logs
images: /home/logs/images

Logs, config files, etc. are available at
    http://logs.test-lab.xenproject.org/osstest/logs

Explanation of these reports, and of osstest in general, is at
    http://xenbits.xen.org/gitweb/?p=osstest.git;a=blob;f=README.email;hb=master
    http://xenbits.xen.org/gitweb/?p=osstest.git;a=blob;f=README;hb=master

Test harness code can be found at
    http://xenbits.xen.org/gitweb?p=osstest.git;a=summary


Pushing revision :

hint: The 'hooks/update' hook was ignored because it's not set as executable.
hint: You can disable this warning with `git config advice.ignoredHook false`.
hint: The 'hooks/post-receive' hook was ignored because it's not set as 
executable.
hint: You can disable this warning with `git config advice.ignoredHook false`.
hint: The 'hooks/post-update' hook was ignored because it's not set as 
executable.
hint: You can disable this warning with `git config advice.ignoredHook false`.
To xenbits.xen.org:/home/xen/git/linux-pvops.git
   f993aed406ea..b015dcd62b86  b015dcd62b86d298829990f8261d5d154b8d7af5 -> 
tested/linux-linus

Reply via email to