flight 170736 linux-5.4 real [real] http://logs.test-lab.xenproject.org/osstest/logs/170736/
Failures :-/ but no regressions. Tests which are failing intermittently (not blocking): test-armhf-armhf-xl-multivcpu 18 guest-start/debian.repeat fail in 170724 pass in 170736 test-armhf-armhf-xl-credit2 18 guest-start/debian.repeat fail pass in 170724 test-armhf-armhf-libvirt-raw 13 guest-start fail pass in 170724 Regressions which are regarded as allowable (not blocking): test-armhf-armhf-xl-rtds 18 guest-start/debian.repeat fail REGR. vs. 170532 Tests which did not succeed, but are not blocking: test-armhf-armhf-libvirt-raw 15 saverestore-support-check fail in 170724 like 170532 test-armhf-armhf-libvirt-raw 14 migrate-support-check fail in 170724 never pass test-amd64-amd64-xl-qemuu-win7-amd64 19 guest-stop fail like 170532 test-amd64-amd64-xl-qemut-win7-amd64 19 guest-stop fail like 170532 test-amd64-i386-xl-qemut-win7-amd64 19 guest-stop fail like 170532 test-amd64-i386-xl-qemuu-win7-amd64 19 guest-stop fail like 170532 test-armhf-armhf-libvirt 16 saverestore-support-check fail like 170532 test-amd64-amd64-xl-qemuu-ws16-amd64 19 guest-stop fail like 170532 test-amd64-amd64-qemuu-nested-amd 20 debian-hvm-install/l1/l2 fail like 170532 test-amd64-i386-xl-qemut-ws16-amd64 19 guest-stop fail like 170532 test-armhf-armhf-libvirt-qcow2 15 saverestore-support-check fail like 170532 test-amd64-amd64-xl-qemut-ws16-amd64 19 guest-stop fail like 170532 test-amd64-i386-xl-qemuu-ws16-amd64 19 guest-stop fail like 170532 test-amd64-amd64-libvirt-xsm 15 migrate-support-check fail never pass test-amd64-i386-xl-pvshim 14 guest-start fail never pass test-amd64-amd64-libvirt 15 migrate-support-check fail never pass test-arm64-arm64-xl-seattle 15 migrate-support-check fail never pass test-arm64-arm64-xl-seattle 16 saverestore-support-check fail never pass test-amd64-i386-libvirt 15 migrate-support-check fail never pass test-amd64-i386-libvirt-xsm 15 migrate-support-check fail never pass test-arm64-arm64-xl-credit1 15 migrate-support-check fail never pass test-arm64-arm64-xl-credit1 16 saverestore-support-check fail never pass test-arm64-arm64-xl 15 migrate-support-check fail never pass test-arm64-arm64-xl-thunderx 15 migrate-support-check fail never pass test-arm64-arm64-xl 16 saverestore-support-check fail never pass test-arm64-arm64-xl-thunderx 16 saverestore-support-check fail never pass test-arm64-arm64-xl-xsm 15 migrate-support-check fail never pass test-arm64-arm64-xl-xsm 16 saverestore-support-check fail never pass test-arm64-arm64-xl-credit2 15 migrate-support-check fail never pass test-arm64-arm64-xl-credit2 16 saverestore-support-check fail never pass test-arm64-arm64-libvirt-xsm 15 migrate-support-check fail never pass test-arm64-arm64-libvirt-xsm 16 saverestore-support-check fail never pass test-amd64-amd64-libvirt-vhd 14 migrate-support-check fail never pass test-amd64-i386-libvirt-qemuu-debianhvm-amd64-xsm 13 migrate-support-check fail never pass test-amd64-amd64-libvirt-qemuu-debianhvm-amd64-xsm 13 migrate-support-check fail never pass test-armhf-armhf-xl-arndale 15 migrate-support-check fail never pass test-armhf-armhf-xl-arndale 16 saverestore-support-check fail never pass test-amd64-i386-libvirt-raw 14 migrate-support-check fail never pass test-arm64-arm64-libvirt-raw 14 migrate-support-check fail never pass test-arm64-arm64-libvirt-raw 15 saverestore-support-check fail never pass test-armhf-armhf-xl 15 migrate-support-check fail never pass test-armhf-armhf-xl 16 saverestore-support-check fail never pass test-armhf-armhf-xl-multivcpu 15 migrate-support-check fail never pass test-armhf-armhf-xl-rtds 15 migrate-support-check fail never pass test-armhf-armhf-xl-multivcpu 16 saverestore-support-check fail never pass test-armhf-armhf-xl-rtds 16 saverestore-support-check fail never pass test-arm64-arm64-xl-vhd 14 migrate-support-check fail never pass test-arm64-arm64-xl-vhd 15 saverestore-support-check fail never pass test-armhf-armhf-libvirt 15 migrate-support-check fail never pass test-armhf-armhf-xl-credit2 15 migrate-support-check fail never pass test-armhf-armhf-xl-credit2 16 saverestore-support-check fail never pass test-armhf-armhf-xl-cubietruck 15 migrate-support-check fail never pass test-armhf-armhf-xl-cubietruck 16 saverestore-support-check fail never pass test-armhf-armhf-xl-credit1 15 migrate-support-check fail never pass test-armhf-armhf-xl-credit1 16 saverestore-support-check fail never pass test-armhf-armhf-libvirt-qcow2 14 migrate-support-check fail never pass test-armhf-armhf-xl-vhd 14 migrate-support-check fail never pass test-armhf-armhf-xl-vhd 15 saverestore-support-check fail never pass version targeted for testing: linux 04b092e4a01a3488e762897e2d29f85eda2c6a60 baseline version: linux 0187300e6aa6246e9cebb22e2afbbc0d395839ee Last test of basis 170532 2022-05-18 08:13:22 Z 7 days Testing same since 170724 2022-05-25 07:43:21 Z 0 days 2 attempts ------------------------------------------------------------ People who touched revisions under test: Abel Vesa <[email protected]> Al Viro <[email protected]> Alexandre Belloni <[email protected]> Andrew Lunn <[email protected]> Andrew Morton <[email protected]> Anna Schumaker <[email protected]> Anton Eidelman <[email protected]> Anton Eidelman <[email protected]> Ard Biesheuvel <[email protected]> Arnaldo Carvalho de Melo <[email protected]> Bartosz Golaszewski <[email protected]> Benson Leung <[email protected]> Bjorn Helgaas <[email protected]> Christian König <[email protected]> Christoph Hellwig <[email protected]> Christophe JAILLET <[email protected]> Codrin Ciubotariu <[email protected]> David Gow <[email protected]> David Howells <[email protected]> David S. Miller <[email protected]> Denis Efremov <[email protected]> Dmitry Torokhov <[email protected]> Duoming Zhou <[email protected]> Felix Fietkau <[email protected]> Florian Fainelli <[email protected]> Gleb Chesnokov <[email protected]> Grant Grundler <[email protected]> Greg Kroah-Hartman <[email protected]> Guenter Roeck <[email protected]> Gurucharan <[email protected]> (A Contingent worker at Intel) Gwendal Grignou <[email protected]> Haibo Chen <[email protected]> Hangyu Hua <[email protected]> Harini Katakam <[email protected]> Herbert Xu <[email protected]> Hulk Robot <[email protected]> Ido Schimmel <[email protected]> Jae Hyun Yoo <[email protected]> Jakob Koschel <[email protected]> Jakub Kicinski <[email protected]> Jason Wang <[email protected]> Jeff LaBundy <[email protected]> Jens Axboe <[email protected]> Jiasheng Jiang <[email protected]> Joel Stanley <[email protected]> Johannes Berg <[email protected]> Juergen Gross <[email protected]> Jérôme Pouiller <[email protected]> [email protected] Kai-Heng Feng <[email protected]> Kevin Mitchell <[email protected]> Khalid Masum<khalid.masum.92 at gmail.com> Lin Yujun <[email protected]> Linus Torvalds <[email protected]> Linux Kernel Functional Testing <[email protected]> linyujun <[email protected]> Luis Chamberlain <[email protected]> Lyude Paul <[email protected]> Marek Vasut <[email protected]> Mario Limonciello <[email protected]> Markus Boehme <[email protected]> Markus Suvanto <[email protected]> Martin K. Petersen <[email protected]> Maxim Mikityanskiy <[email protected]> Meena Shanmugam <[email protected]> Michael S. Tsirkin <[email protected]> Michal Simek <[email protected]> Ming Lei <[email protected]> Miroslav Benes <[email protected]> Mohammad Athari Bin Ismail <[email protected]> Nicolas Dichtel <[email protected]> Nikolay Aleksandrov <[email protected]> Oleksandr Natalenko <[email protected]> Ondrej Mosnacek <[email protected]> Ovidiu Panait <[email protected]> Paolo Abeni <[email protected]> Paolo Bonzini <[email protected]> Paul Greenwalt <[email protected]> Peter Zijlstra (Intel) <[email protected]> Peter Zijlstra <[email protected]> Philippe Schenker <[email protected]> Radhey Shyam Pandey <[email protected]> Rafael J. Wysocki <[email protected]> Raul E Rangel <[email protected]> Richard Weinberger <[email protected]> Russell King (Oracle) <[email protected]> Ryusuke Konishi <[email protected]> Saeed Mahameed <[email protected]> Sasha Levin <[email protected]> Sean Christopherson <[email protected]> Shawn Guo <[email protected]> Shuah Khan <[email protected]> Steffen Klassert <[email protected]> Stephen Boyd <[email protected]> Sudip Mukherjee <[email protected]> Takashi Iwai <[email protected]> Tan Tee Min <[email protected]> Thiébaud Weksteen <[email protected]> Thomas Bogendoerfer <[email protected]> Thomas Richter <[email protected]> Tony Nguyen <[email protected]> Trond Myklebust <[email protected]> Tzung-Bi Shih <[email protected]> Ulf Hansson <[email protected]> Uwe Kleine-König <[email protected]> Vincent Whitchurch <[email protected]> Willy Tarreau <[email protected]> Wolfram Sang <[email protected]> Wong Vee Khee <[email protected]> Xiaoke Wang <[email protected]> Yang Yingliang <[email protected]> Zheng Yongjun <[email protected]> Zixuan Fu <[email protected]> jobs: build-amd64-xsm pass build-arm64-xsm pass build-i386-xsm pass build-amd64 pass build-arm64 pass build-armhf pass build-i386 pass build-amd64-libvirt pass build-arm64-libvirt pass build-armhf-libvirt pass build-i386-libvirt pass build-amd64-pvops pass build-arm64-pvops pass build-armhf-pvops pass build-i386-pvops pass test-amd64-amd64-xl pass test-amd64-coresched-amd64-xl pass test-arm64-arm64-xl pass test-armhf-armhf-xl pass test-amd64-i386-xl pass test-amd64-coresched-i386-xl pass test-amd64-amd64-libvirt-qemuu-debianhvm-amd64-xsm pass test-amd64-i386-libvirt-qemuu-debianhvm-amd64-xsm pass test-amd64-amd64-xl-qemut-stubdom-debianhvm-amd64-xsm pass test-amd64-i386-xl-qemut-stubdom-debianhvm-amd64-xsm pass test-amd64-amd64-xl-qemut-debianhvm-i386-xsm pass test-amd64-i386-xl-qemut-debianhvm-i386-xsm pass test-amd64-amd64-xl-qemuu-debianhvm-i386-xsm pass test-amd64-i386-xl-qemuu-debianhvm-i386-xsm pass test-amd64-amd64-libvirt-xsm pass test-arm64-arm64-libvirt-xsm pass test-amd64-i386-libvirt-xsm pass test-amd64-amd64-xl-xsm pass test-arm64-arm64-xl-xsm pass test-amd64-i386-xl-xsm pass test-amd64-amd64-qemuu-nested-amd fail test-amd64-amd64-xl-pvhv2-amd pass test-amd64-i386-qemut-rhel6hvm-amd pass test-amd64-i386-qemuu-rhel6hvm-amd pass test-amd64-amd64-dom0pvh-xl-amd pass test-amd64-amd64-xl-qemut-debianhvm-amd64 pass test-amd64-i386-xl-qemut-debianhvm-amd64 pass test-amd64-amd64-xl-qemuu-debianhvm-amd64 pass test-amd64-i386-xl-qemuu-debianhvm-amd64 pass test-amd64-i386-freebsd10-amd64 pass test-amd64-amd64-qemuu-freebsd11-amd64 pass test-amd64-amd64-qemuu-freebsd12-amd64 pass test-amd64-amd64-xl-qemuu-ovmf-amd64 pass test-amd64-i386-xl-qemuu-ovmf-amd64 pass test-amd64-amd64-xl-qemut-win7-amd64 fail test-amd64-i386-xl-qemut-win7-amd64 fail test-amd64-amd64-xl-qemuu-win7-amd64 fail test-amd64-i386-xl-qemuu-win7-amd64 fail test-amd64-amd64-xl-qemut-ws16-amd64 fail test-amd64-i386-xl-qemut-ws16-amd64 fail test-amd64-amd64-xl-qemuu-ws16-amd64 fail test-amd64-i386-xl-qemuu-ws16-amd64 fail test-armhf-armhf-xl-arndale pass test-amd64-amd64-examine-bios pass test-amd64-i386-examine-bios pass test-amd64-amd64-xl-credit1 pass test-arm64-arm64-xl-credit1 pass test-armhf-armhf-xl-credit1 pass test-amd64-amd64-xl-credit2 pass test-arm64-arm64-xl-credit2 pass test-armhf-armhf-xl-credit2 fail test-armhf-armhf-xl-cubietruck pass test-amd64-amd64-xl-qemuu-dmrestrict-amd64-dmrestrict pass test-amd64-i386-xl-qemuu-dmrestrict-amd64-dmrestrict pass test-amd64-amd64-examine pass test-arm64-arm64-examine pass test-armhf-armhf-examine pass test-amd64-i386-examine pass test-amd64-i386-freebsd10-i386 pass test-amd64-amd64-qemuu-nested-intel pass test-amd64-amd64-xl-pvhv2-intel pass test-amd64-i386-qemut-rhel6hvm-intel pass test-amd64-i386-qemuu-rhel6hvm-intel pass test-amd64-amd64-dom0pvh-xl-intel pass test-amd64-amd64-libvirt pass test-armhf-armhf-libvirt pass test-amd64-i386-libvirt pass test-amd64-amd64-xl-multivcpu pass test-armhf-armhf-xl-multivcpu pass test-amd64-amd64-pair pass test-amd64-i386-pair pass test-amd64-amd64-libvirt-pair pass test-amd64-i386-libvirt-pair pass test-amd64-amd64-xl-pvshim pass test-amd64-i386-xl-pvshim fail test-amd64-amd64-pygrub pass test-armhf-armhf-libvirt-qcow2 pass test-amd64-amd64-xl-qcow2 pass test-arm64-arm64-libvirt-raw pass test-armhf-armhf-libvirt-raw fail test-amd64-i386-libvirt-raw pass test-amd64-amd64-xl-rtds pass test-armhf-armhf-xl-rtds fail test-arm64-arm64-xl-seattle pass test-amd64-amd64-xl-qemuu-debianhvm-amd64-shadow pass test-amd64-i386-xl-qemuu-debianhvm-amd64-shadow pass test-amd64-amd64-xl-shadow pass test-amd64-i386-xl-shadow pass test-arm64-arm64-xl-thunderx pass test-amd64-amd64-examine-uefi pass test-amd64-i386-examine-uefi pass test-amd64-amd64-libvirt-vhd pass test-arm64-arm64-xl-vhd pass test-armhf-armhf-xl-vhd pass test-amd64-i386-xl-vhd pass ------------------------------------------------------------ sg-report-flight on osstest.test-lab.xenproject.org logs: /home/logs/logs images: /home/logs/images Logs, config files, etc. are available at http://logs.test-lab.xenproject.org/osstest/logs Explanation of these reports, and of osstest in general, is at http://xenbits.xen.org/gitweb/?p=osstest.git;a=blob;f=README.email;hb=master http://xenbits.xen.org/gitweb/?p=osstest.git;a=blob;f=README;hb=master Test harness code can be found at http://xenbits.xen.org/gitweb?p=osstest.git;a=summary Pushing revision : hint: The 'hooks/update' hook was ignored because it's not set as executable. hint: You can disable this warning with `git config advice.ignoredHook false`. hint: The 'hooks/post-receive' hook was ignored because it's not set as executable. hint: You can disable this warning with `git config advice.ignoredHook false`. hint: The 'hooks/post-update' hook was ignored because it's not set as executable. hint: You can disable this warning with `git config advice.ignoredHook false`. To xenbits.xen.org:/home/xen/git/linux-pvops.git 0187300e6aa6..04b092e4a01a 04b092e4a01a3488e762897e2d29f85eda2c6a60 -> tested/linux-5.4
