On 30.05.2022 11:03, osstest service owner wrote:
> flight 170771 linux-linus real [real]
> http://logs.test-lab.xenproject.org/osstest/logs/170771/
>
> Regressions :-(
>
> Tests which did not succeed and are blocking,
> including tests which could not be run:
> test-amd64-amd64-dom0pvh-xl-amd 14 guest-start fail REGR. vs.
> 170714
> test-amd64-amd64-dom0pvh-xl-intel 14 guest-start fail REGR. vs.
> 170714
> test-amd64-amd64-libvirt-qcow2 8 xen-boot fail REGR. vs.
> 170714
> test-amd64-amd64-libvirt 8 xen-boot fail REGR. vs.
> 170714
> test-amd64-amd64-libvirt-raw 8 xen-boot fail REGR. vs.
> 170714
> test-arm64-arm64-xl-seattle 8 xen-boot fail REGR. vs.
> 170714
> test-amd64-amd64-xl-pvhv2-intel 14 guest-start fail REGR. vs.
> 170714
> test-amd64-amd64-xl 14 guest-start fail REGR. vs.
> 170714
This
vif vif-1-0 vif1.0: Asked for 0 slots but exceeds this limit
vif vif-1-0 vif1.0: fatal error; disabling device
to me looks like a regression in netfront, considering that there
don't look to be any relevant netback changes. I have to admit
though that all three recent netfront commits don't have an
obvious connection to the slot count going wrong. Or wait - isn't
this a result of 6fac592cca60 ("xen: update ring.h") touching
only netfront, when netback also has a use of
RING_HAS_UNCONSUMED_REQUESTS() (in xenvif_tx_build_gops()) which
wants an actual count, not just a boolean?
Jan
> test-amd64-amd64-libvirt-xsm 14 guest-start fail REGR. vs.
> 170714
> test-amd64-amd64-xl-pvhv2-amd 14 guest-start fail REGR. vs.
> 170714
> test-arm64-arm64-examine 8 reboot fail REGR. vs.
> 170714
> test-arm64-arm64-xl 8 xen-boot fail REGR. vs.
> 170714
> test-arm64-arm64-xl-credit2 8 xen-boot fail REGR. vs.
> 170714
> test-amd64-amd64-freebsd11-amd64 13 guest-start fail REGR. vs.
> 170714
> test-amd64-amd64-xl-pvshim 14 guest-start fail REGR. vs.
> 170714
> test-amd64-amd64-pair 25 guest-start/debian fail REGR. vs.
> 170714
> test-amd64-amd64-xl-credit2 14 guest-start fail REGR. vs.
> 170714
> test-amd64-amd64-xl-multivcpu 14 guest-start fail REGR. vs.
> 170714
> test-amd64-amd64-xl-credit1 14 guest-start fail REGR. vs.
> 170714
> test-amd64-amd64-xl-xsm 14 guest-start fail REGR. vs.
> 170714
> test-amd64-amd64-xl-shadow 14 guest-start fail REGR. vs.
> 170714
> test-amd64-coresched-amd64-xl 14 guest-start fail REGR. vs.
> 170714
> test-arm64-arm64-xl-credit1 14 guest-start fail REGR. vs.
> 170714
> test-arm64-arm64-xl-thunderx 14 guest-start fail REGR. vs.
> 170714
> test-amd64-amd64-xl-qemut-debianhvm-i386-xsm 12 debian-hvm-install fail
> REGR. vs. 170714
> test-armhf-armhf-xl-multivcpu 8 xen-boot fail REGR. vs.
> 170714
> test-amd64-amd64-libvirt-pair 12 xen-boot/src_host fail REGR. vs.
> 170714
> test-amd64-amd64-libvirt-pair 13 xen-boot/dst_host fail REGR. vs.
> 170714
> test-arm64-arm64-xl-xsm 14 guest-start fail REGR. vs.
> 170714
> test-armhf-armhf-xl-arndale 14 guest-start fail REGR. vs.
> 170714
> test-amd64-amd64-xl-qemuu-dmrestrict-amd64-dmrestrict 12 debian-hvm-install
> fail REGR. vs. 170714
> test-amd64-amd64-xl-qemut-stubdom-debianhvm-amd64-xsm 12 debian-hvm-install
> fail REGR. vs. 170714
> test-amd64-amd64-qemuu-nested-amd 12 debian-hvm-install fail REGR. vs.
> 170714
> test-amd64-amd64-xl-qemuu-debianhvm-i386-xsm 12 debian-hvm-install fail
> REGR. vs. 170714
> test-amd64-amd64-examine-bios 8 reboot fail REGR. vs.
> 170714
> test-amd64-amd64-xl-qemut-debianhvm-amd64 12 debian-hvm-install fail REGR.
> vs. 170714
> test-amd64-amd64-qemuu-nested-intel 12 debian-hvm-install fail REGR. vs.
> 170714
> test-amd64-amd64-xl-qemuu-debianhvm-amd64-shadow 12 debian-hvm-install fail
> REGR. vs. 170714
> test-amd64-amd64-xl-qemuu-debianhvm-amd64 12 debian-hvm-install fail REGR.
> vs. 170714
> test-amd64-amd64-freebsd12-amd64 8 xen-boot fail REGR. vs.
> 170714
> test-armhf-armhf-xl-credit1 14 guest-start fail REGR. vs.
> 170714
> test-armhf-armhf-xl-cubietruck 14 guest-start fail REGR. vs.
> 170714
> test-amd64-amd64-examine 8 reboot fail REGR. vs.
> 170714
> test-amd64-amd64-xl-qemuu-ovmf-amd64 12 debian-hvm-install fail REGR. vs.
> 170714
> test-arm64-arm64-libvirt-xsm 8 xen-boot fail REGR. vs.
> 170714
> test-amd64-amd64-libvirt-qemuu-debianhvm-amd64-xsm 12 debian-hvm-install
> fail REGR. vs. 170714
> test-amd64-amd64-pygrub 12 debian-di-install fail REGR. vs.
> 170714
> test-armhf-armhf-xl-credit2 14 guest-start fail REGR. vs.
> 170714
> test-amd64-amd64-xl-vhd 12 debian-di-install fail REGR. vs.
> 170714
> test-armhf-armhf-libvirt 14 guest-start fail REGR. vs.
> 170714
> test-arm64-arm64-xl-vhd 12 debian-di-install fail REGR. vs.
> 170714
> test-arm64-arm64-libvirt-raw 12 debian-di-install fail REGR. vs.
> 170714
> test-armhf-armhf-libvirt-raw 12 debian-di-install fail REGR. vs.
> 170714
> test-armhf-armhf-libvirt-qcow2 12 debian-di-install fail REGR. vs.
> 170714
> test-armhf-armhf-xl 14 guest-start fail REGR. vs.
> 170714
> test-armhf-armhf-xl-vhd 12 debian-di-install fail REGR. vs.
> 170714
>
> Regressions which are regarded as allowable (not blocking):
> test-amd64-amd64-xl-rtds 14 guest-start fail REGR. vs.
> 170714
> test-armhf-armhf-xl-rtds 14 guest-start fail REGR. vs.
> 170714
>
> Tests which did not succeed, but are not blocking:
> test-amd64-amd64-xl-qemut-win7-amd64 19 guest-stop fail like
> 170714
> test-amd64-amd64-xl-qemuu-ws16-amd64 19 guest-stop fail like
> 170714
> test-amd64-amd64-xl-qemut-ws16-amd64 19 guest-stop fail like
> 170714
> test-amd64-amd64-xl-qemuu-win7-amd64 19 guest-stop fail like
> 170714
>
> version targeted for testing:
> linux b00ed48bb0a7c295facf9036135a573a5cdbe7de
> baseline version:
> linux d6ecaa0024485effd065124fe774de2e22095f2d
>
> Last test of basis 170714 2022-05-24 03:27:44 Z 6 days
> Failing since 170716 2022-05-24 11:12:06 Z 5 days 17 attempts
> Testing same since 170771 2022-05-30 00:40:40 Z 0 days 1 attempts
>
> ------------------------------------------------------------
> 1928 people touched revisions under test,
> not listing them all
>
> jobs:
> build-amd64-xsm pass
> build-arm64-xsm pass
> build-i386-xsm pass
> build-amd64 pass
> build-arm64 pass
> build-armhf pass
> build-i386 pass
> build-amd64-libvirt pass
> build-arm64-libvirt pass
> build-armhf-libvirt pass
> build-i386-libvirt pass
> build-amd64-pvops pass
> build-arm64-pvops pass
> build-armhf-pvops pass
> build-i386-pvops pass
> test-amd64-amd64-xl fail
> test-amd64-coresched-amd64-xl fail
> test-arm64-arm64-xl fail
> test-armhf-armhf-xl fail
> test-amd64-amd64-libvirt-qemuu-debianhvm-amd64-xsm fail
> test-amd64-amd64-xl-qemut-stubdom-debianhvm-amd64-xsm fail
> test-amd64-amd64-xl-qemut-debianhvm-i386-xsm fail
> test-amd64-amd64-xl-qemuu-debianhvm-i386-xsm fail
> test-amd64-amd64-libvirt-xsm fail
> test-arm64-arm64-libvirt-xsm fail
> test-amd64-amd64-xl-xsm fail
> test-arm64-arm64-xl-xsm fail
> test-amd64-amd64-qemuu-nested-amd fail
> test-amd64-amd64-xl-pvhv2-amd fail
> test-amd64-amd64-dom0pvh-xl-amd fail
> test-amd64-amd64-xl-qemut-debianhvm-amd64 fail
> test-amd64-amd64-xl-qemuu-debianhvm-amd64 fail
> test-amd64-amd64-freebsd11-amd64 fail
> test-amd64-amd64-freebsd12-amd64 fail
> test-amd64-amd64-xl-qemuu-ovmf-amd64 fail
> test-amd64-amd64-xl-qemut-win7-amd64 fail
> test-amd64-amd64-xl-qemuu-win7-amd64 fail
> test-amd64-amd64-xl-qemut-ws16-amd64 fail
> test-amd64-amd64-xl-qemuu-ws16-amd64 fail
> test-armhf-armhf-xl-arndale fail
> test-amd64-amd64-examine-bios fail
> test-amd64-amd64-xl-credit1 fail
> test-arm64-arm64-xl-credit1 fail
> test-armhf-armhf-xl-credit1 fail
> test-amd64-amd64-xl-credit2 fail
> test-arm64-arm64-xl-credit2 fail
> test-armhf-armhf-xl-credit2 fail
> test-armhf-armhf-xl-cubietruck fail
> test-amd64-amd64-xl-qemuu-dmrestrict-amd64-dmrestrict fail
> test-amd64-amd64-examine fail
> test-arm64-arm64-examine fail
> test-armhf-armhf-examine pass
> test-amd64-amd64-qemuu-nested-intel fail
> test-amd64-amd64-xl-pvhv2-intel fail
> test-amd64-amd64-dom0pvh-xl-intel fail
> test-amd64-amd64-libvirt fail
> test-armhf-armhf-libvirt fail
> test-amd64-amd64-xl-multivcpu fail
> test-armhf-armhf-xl-multivcpu fail
> test-amd64-amd64-pair fail
> test-amd64-amd64-libvirt-pair fail
> test-amd64-amd64-xl-pvshim fail
> test-amd64-amd64-pygrub fail
> test-amd64-amd64-libvirt-qcow2 fail
> test-armhf-armhf-libvirt-qcow2 fail
> test-amd64-amd64-libvirt-raw fail
> test-arm64-arm64-libvirt-raw fail
> test-armhf-armhf-libvirt-raw fail
> test-amd64-amd64-xl-rtds fail
> test-armhf-armhf-xl-rtds fail
> test-arm64-arm64-xl-seattle fail
> test-amd64-amd64-xl-qemuu-debianhvm-amd64-shadow fail
> test-amd64-amd64-xl-shadow fail
> test-arm64-arm64-xl-thunderx fail
> test-amd64-amd64-examine-uefi pass
> test-amd64-amd64-xl-vhd fail
> test-arm64-arm64-xl-vhd fail
> test-armhf-armhf-xl-vhd fail
>
>
> ------------------------------------------------------------
> sg-report-flight on osstest.test-lab.xenproject.org
> logs: /home/logs/logs
> images: /home/logs/images
>
> Logs, config files, etc. are available at
> http://logs.test-lab.xenproject.org/osstest/logs
>
> Explanation of these reports, and of osstest in general, is at
>
> http://xenbits.xen.org/gitweb/?p=osstest.git;a=blob;f=README.email;hb=master
> http://xenbits.xen.org/gitweb/?p=osstest.git;a=blob;f=README;hb=master
>
> Test harness code can be found at
> http://xenbits.xen.org/gitweb?p=osstest.git;a=summary
>
>
> Not pushing.
>
> (No revision log; it would be 213846 lines long.)
>