flight 170826 linux-linus real [real]
http://logs.test-lab.xenproject.org/osstest/logs/170826/
Regressions :-(
Tests which did not succeed and are blocking,
including tests which could not be run:
test-amd64-amd64-libvirt 8 xen-boot fail REGR. vs. 170714
test-amd64-amd64-xl-pvhv2-intel 8 xen-boot fail REGR. vs. 170714
test-amd64-amd64-libvirt-raw 8 xen-boot fail REGR. vs. 170714
test-arm64-arm64-xl-seattle 8 xen-boot fail REGR. vs. 170714
test-amd64-amd64-freebsd12-amd64 8 xen-boot fail REGR. vs. 170714
test-amd64-amd64-libvirt-qcow2 8 xen-boot fail REGR. vs. 170714
test-arm64-arm64-xl 8 xen-boot fail REGR. vs. 170714
test-arm64-arm64-examine 8 reboot fail REGR. vs. 170714
test-arm64-arm64-xl-credit2 8 xen-boot fail REGR. vs. 170714
test-arm64-arm64-xl-credit1 8 xen-boot fail REGR. vs. 170714
test-arm64-arm64-libvirt-raw 8 xen-boot fail REGR. vs. 170714
test-arm64-arm64-xl-xsm 8 xen-boot fail REGR. vs. 170714
test-amd64-amd64-libvirt-pair 12 xen-boot/src_host fail REGR. vs. 170714
test-amd64-amd64-libvirt-pair 13 xen-boot/dst_host fail REGR. vs. 170714
test-amd64-amd64-examine-uefi 8 reboot fail REGR. vs. 170714
test-amd64-amd64-examine-bios 8 reboot fail REGR. vs. 170714
test-amd64-amd64-examine 8 reboot fail REGR. vs. 170714
test-arm64-arm64-libvirt-xsm 8 xen-boot fail REGR. vs. 170714
Tests which did not succeed, but are not blocking:
test-amd64-amd64-xl-qemut-win7-amd64 19 guest-stop fail like 170714
test-armhf-armhf-libvirt 16 saverestore-support-check fail like 170714
test-amd64-amd64-qemuu-nested-amd 20 debian-hvm-install/l1/l2 fail like 170714
test-amd64-amd64-xl-qemuu-ws16-amd64 19 guest-stop fail like 170714
test-amd64-amd64-xl-qemut-ws16-amd64 19 guest-stop fail like 170714
test-amd64-amd64-xl-qemuu-win7-amd64 19 guest-stop fail like 170714
test-armhf-armhf-libvirt-qcow2 15 saverestore-support-check fail like 170714
test-armhf-armhf-libvirt-raw 15 saverestore-support-check fail like 170714
test-amd64-amd64-libvirt-xsm 15 migrate-support-check fail never pass
test-arm64-arm64-xl-thunderx 15 migrate-support-check fail never pass
test-arm64-arm64-xl-thunderx 16 saverestore-support-check fail never pass
test-armhf-armhf-xl 15 migrate-support-check fail never pass
test-armhf-armhf-xl 16 saverestore-support-check fail never pass
test-armhf-armhf-xl-credit1 15 migrate-support-check fail never pass
test-armhf-armhf-xl-credit1 16 saverestore-support-check fail never pass
test-armhf-armhf-xl-rtds 15 migrate-support-check fail never pass
test-armhf-armhf-xl-rtds 16 saverestore-support-check fail never pass
test-armhf-armhf-libvirt 15 migrate-support-check fail never pass
test-arm64-arm64-xl-vhd 14 migrate-support-check fail never pass
test-arm64-arm64-xl-vhd 15 saverestore-support-check fail never pass
test-armhf-armhf-xl-credit2 15 migrate-support-check fail never pass
test-armhf-armhf-xl-credit2 16 saverestore-support-check fail never pass
test-armhf-armhf-xl-cubietruck 15 migrate-support-check fail never pass
test-armhf-armhf-xl-cubietruck 16 saverestore-support-check fail never pass
test-armhf-armhf-xl-multivcpu 15 migrate-support-check fail never pass
test-armhf-armhf-xl-multivcpu 16 saverestore-support-check fail never pass
test-amd64-amd64-libvirt-qemuu-debianhvm-amd64-xsm 13 migrate-support-check
fail never pass
test-armhf-armhf-libvirt-qcow2 14 migrate-support-check fail never pass
test-armhf-armhf-libvirt-raw 14 migrate-support-check fail never pass
test-armhf-armhf-xl-arndale 15 migrate-support-check fail never pass
test-armhf-armhf-xl-arndale 16 saverestore-support-check fail never pass
test-armhf-armhf-xl-vhd 14 migrate-support-check fail never pass
test-armhf-armhf-xl-vhd 15 saverestore-support-check fail never pass
version targeted for testing:
linux 032dcf09e2bf7c822be25b4abef7a6c913870d98
baseline version:
linux d6ecaa0024485effd065124fe774de2e22095f2d
Last test of basis 170714 2022-05-24 03:27:44 Z 11 days
Failing since 170716 2022-05-24 11:12:06 Z 11 days 32 attempts
Testing same since 170826 2022-06-04 09:06:06 Z 0 days 1 attempts
------------------------------------------------------------
2254 people touched revisions under test,
not listing them all
jobs:
build-amd64-xsm pass
build-arm64-xsm pass
build-i386-xsm pass
build-amd64 pass
build-arm64 pass
build-armhf pass
build-i386 pass
build-amd64-libvirt pass
build-arm64-libvirt pass
build-armhf-libvirt pass
build-i386-libvirt pass
build-amd64-pvops pass
build-arm64-pvops pass
build-armhf-pvops pass
build-i386-pvops pass
test-amd64-amd64-xl pass
test-amd64-coresched-amd64-xl pass
test-arm64-arm64-xl fail
test-armhf-armhf-xl pass
test-amd64-amd64-libvirt-qemuu-debianhvm-amd64-xsm pass
test-amd64-amd64-xl-qemut-stubdom-debianhvm-amd64-xsm pass
test-amd64-amd64-xl-qemut-debianhvm-i386-xsm pass
test-amd64-amd64-xl-qemuu-debianhvm-i386-xsm pass
test-amd64-amd64-libvirt-xsm pass
test-arm64-arm64-libvirt-xsm fail
test-amd64-amd64-xl-xsm pass
test-arm64-arm64-xl-xsm fail
test-amd64-amd64-qemuu-nested-amd fail
test-amd64-amd64-xl-pvhv2-amd pass
test-amd64-amd64-dom0pvh-xl-amd pass
test-amd64-amd64-xl-qemut-debianhvm-amd64 pass
test-amd64-amd64-xl-qemuu-debianhvm-amd64 pass
test-amd64-amd64-freebsd11-amd64 pass
test-amd64-amd64-freebsd12-amd64 fail
test-amd64-amd64-xl-qemuu-ovmf-amd64 pass
test-amd64-amd64-xl-qemut-win7-amd64 fail
test-amd64-amd64-xl-qemuu-win7-amd64 fail
test-amd64-amd64-xl-qemut-ws16-amd64 fail
test-amd64-amd64-xl-qemuu-ws16-amd64 fail
test-armhf-armhf-xl-arndale pass
test-amd64-amd64-examine-bios fail
test-amd64-amd64-xl-credit1 pass
test-arm64-arm64-xl-credit1 fail
test-armhf-armhf-xl-credit1 pass
test-amd64-amd64-xl-credit2 pass
test-arm64-arm64-xl-credit2 fail
test-armhf-armhf-xl-credit2 pass
test-armhf-armhf-xl-cubietruck pass
test-amd64-amd64-xl-qemuu-dmrestrict-amd64-dmrestrict pass
test-amd64-amd64-examine fail
test-arm64-arm64-examine fail
test-armhf-armhf-examine pass
test-amd64-amd64-qemuu-nested-intel pass
test-amd64-amd64-xl-pvhv2-intel fail
test-amd64-amd64-dom0pvh-xl-intel pass
test-amd64-amd64-libvirt fail
test-armhf-armhf-libvirt pass
test-amd64-amd64-xl-multivcpu pass
test-armhf-armhf-xl-multivcpu pass
test-amd64-amd64-pair pass
test-amd64-amd64-libvirt-pair fail
test-amd64-amd64-xl-pvshim pass
test-amd64-amd64-pygrub pass
test-amd64-amd64-libvirt-qcow2 fail
test-armhf-armhf-libvirt-qcow2 pass
test-amd64-amd64-libvirt-raw fail
test-arm64-arm64-libvirt-raw fail
test-armhf-armhf-libvirt-raw pass
test-amd64-amd64-xl-rtds pass
test-armhf-armhf-xl-rtds pass
test-arm64-arm64-xl-seattle fail
test-amd64-amd64-xl-qemuu-debianhvm-amd64-shadow pass
test-amd64-amd64-xl-shadow pass
test-arm64-arm64-xl-thunderx pass
test-amd64-amd64-examine-uefi fail
test-amd64-amd64-xl-vhd pass
test-arm64-arm64-xl-vhd pass
test-armhf-armhf-xl-vhd pass
------------------------------------------------------------
sg-report-flight on osstest.test-lab.xenproject.org
logs: /home/logs/logs
images: /home/logs/images
Logs, config files, etc. are available at
http://logs.test-lab.xenproject.org/osstest/logs
Explanation of these reports, and of osstest in general, is at
http://xenbits.xen.org/gitweb/?p=osstest.git;a=blob;f=README.email;hb=master
http://xenbits.xen.org/gitweb/?p=osstest.git;a=blob;f=README;hb=master
Test harness code can be found at
http://xenbits.xen.org/gitweb?p=osstest.git;a=summary
Not pushing.
(No revision log; it would be 263710 lines long.)