flight 122280 xen-unstable real [real]
http://logs.test-lab.xenproject.org/osstest/logs/122280/

Regressions :-(

Tests which did not succeed and are blocking,
including tests which could not be run:
 test-armhf-armhf-xl-credit2 16 guest-start/debian.repeat fail REGR. vs. 122237

Tests which did not succeed, but are not blocking:
 test-armhf-armhf-libvirt     14 saverestore-support-check    fail  like 122237
 test-armhf-armhf-libvirt-xsm 14 saverestore-support-check    fail  like 122237
 test-amd64-i386-xl-qemuu-win7-amd64 17 guest-stop             fail like 122237
 test-amd64-amd64-xl-qemuu-ws16-amd64 17 guest-stop            fail like 122237
 test-amd64-i386-xl-qemut-win7-amd64 17 guest-stop             fail like 122237
 test-amd64-i386-xl-qemuu-ws16-amd64 17 guest-stop             fail like 122237
 test-amd64-amd64-xl-qemut-ws16-amd64 17 guest-stop            fail like 122237
 test-amd64-amd64-xl-qemut-win7-amd64 17 guest-stop            fail like 122237
 test-armhf-armhf-libvirt-raw 13 saverestore-support-check    fail  like 122237
 test-amd64-amd64-xl-qemuu-win7-amd64 17 guest-stop            fail like 122237
 test-amd64-amd64-xl-pvhv2-intel 12 guest-start                 fail never pass
 test-amd64-amd64-xl-pvhv2-amd 12 guest-start                  fail  never pass
 test-amd64-i386-xl-pvshim    12 guest-start                  fail   never pass
 test-amd64-amd64-libvirt     13 migrate-support-check        fail   never pass
 test-amd64-amd64-libvirt-xsm 13 migrate-support-check        fail   never pass
 test-amd64-i386-libvirt-xsm  13 migrate-support-check        fail   never pass
 test-amd64-i386-libvirt      13 migrate-support-check        fail   never pass
 test-arm64-arm64-xl-xsm      13 migrate-support-check        fail   never pass
 test-arm64-arm64-xl-xsm      14 saverestore-support-check    fail   never pass
 test-arm64-arm64-xl          13 migrate-support-check        fail   never pass
 test-arm64-arm64-xl-credit2  13 migrate-support-check        fail   never pass
 test-arm64-arm64-xl          14 saverestore-support-check    fail   never pass
 test-arm64-arm64-xl-credit2  14 saverestore-support-check    fail   never pass
 test-arm64-arm64-libvirt-xsm 13 migrate-support-check        fail   never pass
 test-arm64-arm64-libvirt-xsm 14 saverestore-support-check    fail   never pass
 test-armhf-armhf-xl-arndale  13 migrate-support-check        fail   never pass
 test-armhf-armhf-xl-arndale  14 saverestore-support-check    fail   never pass
 test-amd64-amd64-libvirt-qemuu-debianhvm-amd64-xsm 11 migrate-support-check 
fail never pass
 test-amd64-amd64-qemuu-nested-amd 17 debian-hvm-install/l1/l2  fail never pass
 test-amd64-i386-libvirt-qemuu-debianhvm-amd64-xsm 11 migrate-support-check 
fail never pass
 test-amd64-amd64-libvirt-vhd 12 migrate-support-check        fail   never pass
 test-armhf-armhf-libvirt     13 migrate-support-check        fail   never pass
 test-armhf-armhf-xl-xsm      13 migrate-support-check        fail   never pass
 test-armhf-armhf-xl-xsm      14 saverestore-support-check    fail   never pass
 test-armhf-armhf-xl-rtds     13 migrate-support-check        fail   never pass
 test-armhf-armhf-xl-rtds     14 saverestore-support-check    fail   never pass
 test-armhf-armhf-libvirt-xsm 13 migrate-support-check        fail   never pass
 test-armhf-armhf-xl          13 migrate-support-check        fail   never pass
 test-armhf-armhf-xl          14 saverestore-support-check    fail   never pass
 test-armhf-armhf-xl-credit2  13 migrate-support-check        fail   never pass
 test-armhf-armhf-xl-credit2  14 saverestore-support-check    fail   never pass
 test-armhf-armhf-xl-multivcpu 13 migrate-support-check        fail  never pass
 test-armhf-armhf-xl-multivcpu 14 saverestore-support-check    fail  never pass
 test-armhf-armhf-xl-vhd      12 migrate-support-check        fail   never pass
 test-armhf-armhf-xl-vhd      13 saverestore-support-check    fail   never pass
 test-armhf-armhf-xl-cubietruck 13 migrate-support-check        fail never pass
 test-armhf-armhf-xl-cubietruck 14 saverestore-support-check    fail never pass
 test-amd64-i386-xl-qemut-ws16-amd64 17 guest-stop              fail never pass
 test-armhf-armhf-libvirt-raw 12 migrate-support-check        fail   never pass
 test-amd64-i386-xl-qemuu-win10-i386 10 windows-install         fail never pass
 test-amd64-amd64-xl-qemuu-win10-i386 10 windows-install        fail never pass
 test-amd64-amd64-xl-qemut-win10-i386 10 windows-install        fail never pass
 test-amd64-i386-xl-qemut-win10-i386 10 windows-install         fail never pass

version targeted for testing:
 xen                  16fb4b5a9a79f95df17f10ba62e9f44d21cf89b5
baseline version:
 xen                  82540b66ceb9318aa185f2488cbbbe479694de8f

Last test of basis   122237  2018-04-13 08:44:22 Z    1 days
Testing same since   122280  2018-04-14 07:25:54 Z    0 days    1 attempts

------------------------------------------------------------
People who touched revisions under test:
  Doug Goldstein <car...@cardoe.com>
  George Dunlap <george.dun...@citrix.com>
  Ian Jackson <ian.jack...@eu.citrix.com>
  Konrad Rzeszutek Wilk <konrad.w...@oracle.com>
  Lars Kurth <lars.ku...@citrix.com>
  Oleksandr Andrushchenko <oleksandr_andrushche...@epam.com>
  Oleksandr Grytsov <oleksandr_gryt...@epam.com>

jobs:
 build-amd64-xsm                                              pass    
 build-arm64-xsm                                              pass    
 build-armhf-xsm                                              pass    
 build-i386-xsm                                               pass    
 build-amd64-xtf                                              pass    
 build-amd64                                                  pass    
 build-arm64                                                  pass    
 build-armhf                                                  pass    
 build-i386                                                   pass    
 build-amd64-libvirt                                          pass    
 build-arm64-libvirt                                          pass    
 build-armhf-libvirt                                          pass    
 build-i386-libvirt                                           pass    
 build-amd64-prev                                             pass    
 build-i386-prev                                              pass    
 build-amd64-pvops                                            pass    
 build-arm64-pvops                                            pass    
 build-armhf-pvops                                            pass    
 build-i386-pvops                                             pass    
 build-amd64-rumprun                                          pass    
 build-i386-rumprun                                           pass    
 test-xtf-amd64-amd64-1                                       pass    
 test-xtf-amd64-amd64-2                                       pass    
 test-xtf-amd64-amd64-3                                       pass    
 test-xtf-amd64-amd64-4                                       pass    
 test-xtf-amd64-amd64-5                                       pass    
 test-amd64-amd64-xl                                          pass    
 test-arm64-arm64-xl                                          pass    
 test-armhf-armhf-xl                                          pass    
 test-amd64-i386-xl                                           pass    
 test-amd64-amd64-xl-qemut-debianhvm-amd64-xsm                pass    
 test-amd64-i386-xl-qemut-debianhvm-amd64-xsm                 pass    
 test-amd64-amd64-libvirt-qemuu-debianhvm-amd64-xsm           pass    
 test-amd64-i386-libvirt-qemuu-debianhvm-amd64-xsm            pass    
 test-amd64-amd64-xl-qemuu-debianhvm-amd64-xsm                pass    
 test-amd64-i386-xl-qemuu-debianhvm-amd64-xsm                 pass    
 test-amd64-amd64-xl-qemut-stubdom-debianhvm-amd64-xsm        pass    
 test-amd64-i386-xl-qemut-stubdom-debianhvm-amd64-xsm         pass    
 test-amd64-amd64-libvirt-xsm                                 pass    
 test-arm64-arm64-libvirt-xsm                                 pass    
 test-armhf-armhf-libvirt-xsm                                 pass    
 test-amd64-i386-libvirt-xsm                                  pass    
 test-amd64-amd64-xl-xsm                                      pass    
 test-arm64-arm64-xl-xsm                                      pass    
 test-armhf-armhf-xl-xsm                                      pass    
 test-amd64-i386-xl-xsm                                       pass    
 test-amd64-amd64-qemuu-nested-amd                            fail    
 test-amd64-amd64-xl-pvhv2-amd                                fail    
 test-amd64-i386-qemut-rhel6hvm-amd                           pass    
 test-amd64-i386-qemuu-rhel6hvm-amd                           pass    
 test-amd64-amd64-xl-qemut-debianhvm-amd64                    pass    
 test-amd64-i386-xl-qemut-debianhvm-amd64                     pass    
 test-amd64-amd64-xl-qemuu-debianhvm-amd64                    pass    
 test-amd64-i386-xl-qemuu-debianhvm-amd64                     pass    
 test-amd64-i386-freebsd10-amd64                              pass    
 test-amd64-amd64-xl-qemuu-ovmf-amd64                         pass    
 test-amd64-i386-xl-qemuu-ovmf-amd64                          pass    
 test-amd64-amd64-rumprun-amd64                               pass    
 test-amd64-amd64-xl-qemut-win7-amd64                         fail    
 test-amd64-i386-xl-qemut-win7-amd64                          fail    
 test-amd64-amd64-xl-qemuu-win7-amd64                         fail    
 test-amd64-i386-xl-qemuu-win7-amd64                          fail    
 test-amd64-amd64-xl-qemut-ws16-amd64                         fail    
 test-amd64-i386-xl-qemut-ws16-amd64                          fail    
 test-amd64-amd64-xl-qemuu-ws16-amd64                         fail    
 test-amd64-i386-xl-qemuu-ws16-amd64                          fail    
 test-armhf-armhf-xl-arndale                                  pass    
 test-amd64-amd64-xl-credit2                                  pass    
 test-arm64-arm64-xl-credit2                                  pass    
 test-armhf-armhf-xl-credit2                                  fail    
 test-armhf-armhf-xl-cubietruck                               pass    
 test-amd64-amd64-examine                                     pass    
 test-arm64-arm64-examine                                     pass    
 test-armhf-armhf-examine                                     pass    
 test-amd64-i386-examine                                      pass    
 test-amd64-i386-freebsd10-i386                               pass    
 test-amd64-i386-rumprun-i386                                 pass    
 test-amd64-amd64-xl-qemut-win10-i386                         fail    
 test-amd64-i386-xl-qemut-win10-i386                          fail    
 test-amd64-amd64-xl-qemuu-win10-i386                         fail    
 test-amd64-i386-xl-qemuu-win10-i386                          fail    
 test-amd64-amd64-qemuu-nested-intel                          pass    
 test-amd64-amd64-xl-pvhv2-intel                              fail    
 test-amd64-i386-qemut-rhel6hvm-intel                         pass    
 test-amd64-i386-qemuu-rhel6hvm-intel                         pass    
 test-amd64-amd64-libvirt                                     pass    
 test-armhf-armhf-libvirt                                     pass    
 test-amd64-i386-libvirt                                      pass    
 test-amd64-amd64-livepatch                                   pass    
 test-amd64-i386-livepatch                                    pass    
 test-amd64-amd64-migrupgrade                                 pass    
 test-amd64-i386-migrupgrade                                  pass    
 test-amd64-amd64-xl-multivcpu                                pass    
 test-armhf-armhf-xl-multivcpu                                pass    
 test-amd64-amd64-pair                                        pass    
 test-amd64-i386-pair                                         pass    
 test-amd64-amd64-libvirt-pair                                pass    
 test-amd64-i386-libvirt-pair                                 pass    
 test-amd64-amd64-amd64-pvgrub                                pass    
 test-amd64-amd64-i386-pvgrub                                 pass    
 test-amd64-amd64-xl-pvshim                                   pass    
 test-amd64-i386-xl-pvshim                                    fail    
 test-amd64-amd64-pygrub                                      pass    
 test-amd64-amd64-xl-qcow2                                    pass    
 test-armhf-armhf-libvirt-raw                                 pass    
 test-amd64-i386-xl-raw                                       pass    
 test-amd64-amd64-xl-rtds                                     pass    
 test-armhf-armhf-xl-rtds                                     pass    
 test-amd64-amd64-xl-qemuu-debianhvm-amd64-shadow             pass    
 test-amd64-i386-xl-qemuu-debianhvm-amd64-shadow              pass    
 test-amd64-amd64-xl-shadow                                   pass    
 test-amd64-i386-xl-shadow                                    pass    
 test-amd64-amd64-libvirt-vhd                                 pass    
 test-armhf-armhf-xl-vhd                                      pass    


------------------------------------------------------------
sg-report-flight on osstest.test-lab.xenproject.org
logs: /home/logs/logs
images: /home/logs/images

Logs, config files, etc. are available at
    http://logs.test-lab.xenproject.org/osstest/logs

Explanation of these reports, and of osstest in general, is at
    http://xenbits.xen.org/gitweb/?p=osstest.git;a=blob;f=README.email;hb=master
    http://xenbits.xen.org/gitweb/?p=osstest.git;a=blob;f=README;hb=master

Test harness code can be found at
    http://xenbits.xen.org/gitweb?p=osstest.git;a=summary


Not pushing.

------------------------------------------------------------
commit 16fb4b5a9a79f95df17f10ba62e9f44d21cf89b5
Author: Ian Jackson <ian.jack...@eu.citrix.com>
Date:   Fri Apr 13 14:55:27 2018 +0100

    docs/gen-html-index: Make HTML::TreeBuilder::XPath optional again
    
    7782db9260d4 "docs/gen-html-index: Extract titles from HTML documents"
    requires HTML::TreeBuilder::XPath.
    
    This is sadly not as widely available as I had hoped.  Work around
    this problem by making the use of this module optional: instead of
    `use'ing at the toplevel, we `require' it in the eval.  If it's not
    present, then the title is simply not extracted and the filename is
    used as before, which is tolerable.
    
    Also add some debugging.
    
    Reported-by: Doug Goldstein <car...@cardoe.com>
    Signed-off-by: Ian Jackson <ian.jack...@eu.citrix.com>
    Reviewed-by: Doug Goldstein <car...@cardoe.com>
    Tested-by: Doug Goldstein <car...@cardoe.com>

commit ba2931d4e38fac4e6960e10b245efd3badeb4aa2
Author: Oleksandr Andrushchenko <oleksandr_andrushche...@epam.com>
Date:   Wed Mar 7 10:21:20 2018 +0200

    sndif: Add explicit back and front parameter negotiation
    
    In order to provide explicit stream parameter negotiation between
    backend and frontend the following changes are introduced in the protocol:
    add XENSND_OP_HW_PARAM_QUERY request to read/update
    configuration space for the parameter given: request passes
    desired parameter interval (mask) and the response to this request
    returns min/max interval (mask) for the parameter to be used.
    
    Parameters supported by this request/response:
     - format mask
     - sample rate interval
     - number of channels interval
     - buffer size, interval, frames
     - period size, interval, frames
    
    Signed-off-by: Oleksandr Andrushchenko <oleksandr_andrushche...@epam.com>
    Reviewed-by: Konrad Rzeszutek Wilk <konrad.w...@oracle.com>
    Reviewed-by: Takashi Iwai <ti...@suse.de>
    Cc: Konrad Rzeszutek Wilk <konrad.w...@oracle.com>
    Cc: Takashi Iwai <ti...@suse.de>
    Signed-off-by: Konrad Rzeszutek Wilk <konrad.w...@oracle.com>
    Release-acked-by: Juergen Gross <jgr...@suse.com>

commit 41b4cff11f4c4a497067f543cb010d70119f1843
Author: Oleksandr Andrushchenko <oleksandr_andrushche...@epam.com>
Date:   Mon Feb 5 09:41:57 2018 +0200

    sndif: Add explicit back and front synchronization
    
    In order to provide explicit synchronization between backend and
    frontend the following changes are introduced in the protocol:
     - add new ring buffer for sending asynchronous events from
       backend to frontend to report number of bytes played by the
       frontend (XENSND_EVT_CUR_POS)
     - introduce trigger events for playback control: start/stop/pause/resume
     - add "req-" prefix to event-channel and ring-ref to unify naming
       of the Xen event channels for requests and events
    
    Signed-off-by: Oleksandr Andrushchenko <oleksandr_andrushche...@epam.com>
    Signed-off-by: Oleksandr Grytsov <oleksandr_gryt...@epam.com>
    Reviewed-by: Konrad Rzeszutek Wilk <konrad.w...@oracle.com>
    Reviewed-by: Takashi Iwai <ti...@suse.de>
    Cc: Konrad Rzeszutek Wilk <konrad.w...@oracle.com>
    Cc: Takashi Iwai <ti...@suse.de>
    Cc: Takashi Sakamoto <o-taka...@sakamocchi.jp>
    Cc: Clemens Ladisch <clem...@ladisch.de>
    Signed-off-by: Konrad Rzeszutek Wilk <konrad.w...@oracle.com>
    Release-acked-by: Juergen Gross <jgr...@suse.com>

commit 3b7d3613a34ad6f0deeff211863578aaca0e3cd9
Author: Oleksandr Andrushchenko <oleksandr_andrushche...@epam.com>
Date:   Fri Mar 16 11:58:20 2018 +0200

    sndif: Make requests and responses 64 octets long
    
    Extend the size of the requests and responses to 64 octets.
    Bump protocol version to 2.
    
    Signed-off-by: Oleksandr Andrushchenko <oleksandr_andrushche...@epam.com>
    Reviewed-by: Konrad Rzeszutek Wilk <konrad.w...@oracle.com>
    Signed-off-by: Konrad Rzeszutek Wilk <konrad.w...@oracle.com>
    Release-acked-by: Juergen Gross <jgr...@suse.com>

commit 6d7a3333262fcbce4bb3e9561e691ab97982a9bc
Author: Oleksandr Andrushchenko <oleksandr_andrushche...@epam.com>
Date:   Fri Mar 16 11:55:00 2018 +0200

    sndif: Fix missed "reserved" fields in comments
    
    Some of the request descriptions have "reserved" fields
    missed: fix this by adding corresponidng entries.
    
    Signed-off-by: Oleksandr Andrushchenko <oleksandr_andrushche...@epam.com>
    Reviewed-by: Konrad Rzeszutek Wilk <konrad.w...@oracle.com>
    Signed-off-by: Konrad Rzeszutek Wilk <konrad.w...@oracle.com>
    Release-acked-by: Juergen Gross <jgr...@suse.com>

commit 5e6e963a45d11ad802855a46656b0646c54fcc46
Author: Oleksandr Andrushchenko <oleksandr_andrushche...@epam.com>
Date:   Thu Nov 2 08:35:24 2017 +0200

    sndif: Introduce protocol version
    
    Protocol version was referenced in the protocol description,
    but missed its definition. Fix this by adding a constant
    for current protocol version.
    
    Signed-off-by: Oleksandr Andrushchenko <oleksandr_andrushche...@epam.com>
    Reviewed-by: Konrad Rzeszutek Wilk <konrad.w...@oracle.com>
    Signed-off-by: Konrad Rzeszutek Wilk <konrad.w...@oracle.com>
    Release-acked-by: Juergen Gross <jgr...@suse.com>

commit 6bd34dc33a237df1af0b4bfec212b5c9e8705745
Author: Ian Jackson <ian.jack...@eu.citrix.com>
Date:   Thu Apr 12 12:59:24 2018 +0100

    docs/parse-support-md: Unify identical [*] in footnotes
    
    A section in the SUPPORT.md may mention multiple
       Status, something: Supported
    and then have some text.  The text is linked to from [*] footnotes
    in the table.  But, this means that each bit of text needs to
    apply to multiple rows.
    
    Before this commit this was a separate [*] after each applicable item.
    But multiple apparently-different links to the same thing are annoying
    for the reader.
    
    So, in this commit we combine them.  Formatting the result is not
    entirely trivial.
    
    Signed-off-by: Ian Jackson <ian.jack...@eu.citrix.com>
    Release-acked-by: Juergen Gross <jgr...@suse.com>
    ---
    v3: New patch
    v3.1: Drop `}' in multi-row [*] notes.  I put this in to help work
       around firefox bugs eg
         https://bugzilla.mozilla.org/show_bug.cgi?id=244135
       but I have been convinced it is not generally wanted.
    
    Signed-off-by: Ian Jackson <ian.jack...@eu.citrix.com>

commit 945e80a7301f9ed13d667b635b8a982b8928c3b4
Author: Ian Jackson <ian.jack...@eu.citrix.com>
Date:   Wed Apr 11 11:42:27 2018 +0100

    docs: Provide support-matrix-generate, to generate a support matrix in HTML
    
    This archaeology script:
     - figures out what the current and previous Xen versions were
     - looks for appropriate git branches for them
     - finds SUPPORT.md for each one
     - feeds its findings to parse-support-md
    
    We do not intend to integrate this into docs/Makefile, because it
    relies on the git history.  Instead, we will take the rune provided in
    the head comment and paste a variant of it into an appropriate cronjob
    on xenbits.
    
    Signed-off-by: Ian Jackson <ian.jack...@eu.citrix.com>
    Release-acked-by: Juergen Gross <jgr...@suse.com>
    Acked-by: Lars Kurth <lars.ku...@citrix.com>
    ---
    v3: Provide -D option.

commit 658a830a90c631eb4bd3a755cb46e374263af80c
Author: Ian Jackson <ian.jack...@eu.citrix.com>
Date:   Thu Apr 5 18:12:21 2018 +0100

    docs: Provide parse-support-md
    
    This utility reads json format pandoc output, from parsing one or more
    SUPPORT.md files, and generates an HTML table element containing the
    principal version and feature information.
    
    This is rather hairier than I anticipated when I started out; hence
    the 400-odd-line Perl script.
    
    Machinery to assemble the appropriate inputs for parse-support-md
    will be in the next commit.
    
    Signed-off-by: Ian Jackson <ian.jack...@eu.citrix.com>
    Release-acked-by: Juergen Gross <jgr...@suse.com>
    Acked-by: Lars Kurth <lars.ku...@citrix.com>
    ---
    v2: New in this version of the series.
    v3: Refactor to introduce RealSect
    v3: Add [*] footnote to all applicable entries, not just the last

commit f246d42665a6023c248c5b3e374da5691df63f6f
Author: Ian Jackson <ian.jack...@eu.citrix.com>
Date:   Fri Apr 6 18:13:50 2018 +0100

    docs/Makefile: Format SUPPORT.md into the toplevel
    
    Signed-off-by: Ian Jackson <ian.jack...@eu.citrix.com>
    Release-acked-by: Juergen Gross <jgr...@suse.com>
    Acked-by: Lars Kurth <lars.ku...@citrix.com>

commit 539f93945cad06fd90784716be1dc8d2624b6f66
Author: Ian Jackson <ian.jack...@eu.citrix.com>
Date:   Fri Apr 6 18:12:37 2018 +0100

    docs/Makefile: Introduce GENERATE_PANDOC_RULE_RAW
    
    We are going to want to format SUPPORT.md which does not match the
    filename patterns in docs/.  So provide a way to make an ad-hoc rule
    using pandoc with the standard options.
    
    No functional change in this patch.
    
    Signed-off-by: Ian Jackson <ian.jack...@eu.citrix.com>
    Release-acked-by: Juergen Gross <jgr...@suse.com>
    Acked-by: Lars Kurth <lars.ku...@citrix.com>

commit 1e4a834a8f5d970e68cff6d9c16710194bc46537
Author: Ian Jackson <ian.jack...@eu.citrix.com>
Date:   Fri Apr 6 19:09:16 2018 +0100

    docs/gen-html-index: Support documents at the toplevel
    
    There are none yet.
    
    Signed-off-by: Ian Jackson <ian.jack...@eu.citrix.com>
    Release-acked-by: Juergen Gross <jgr...@suse.com>
    Acked-by: Lars Kurth <lars.ku...@citrix.com>

commit 7782db9260d4c6499458de4e8d9866bc0427e143
Author: Ian Jackson <ian.jack...@eu.citrix.com>
Date:   Fri Apr 6 19:09:02 2018 +0100

    docs/gen-html-index: Extract titles from HTML documents
    
    Signed-off-by: Ian Jackson <ian.jack...@eu.citrix.com>
    Release-acked-by: Juergen Gross <jgr...@suse.com>
    Acked-by: Lars Kurth <lars.ku...@citrix.com>

commit a569c6f815fb6a18c64b8f122f5e2bbecd444432
Author: Ian Jackson <ian.jack...@eu.citrix.com>
Date:   Fri Apr 6 18:16:35 2018 +0100

    SUPPORT.md: Syntax: Provide a title rather than a spurious empty section
    
    This commits (more or less) this file to be processed with pandoc,
    rather than other markdown processors.  There is, unfortunately, no
    widely-accepted way to declare a title for the document.
    
    I tested feeding the document to markdown(1) on Debian jessie and it
    reproduced the % line as if it were simple text.  I guess many other
    markdown processors will do something similarly tolerable.  My
    internet searches did not discover a markdown processor that used
    lines starting with % for something else.
    
    Signed-off-by: Ian Jackson <ian.jack...@eu.citrix.com>
    Release-acked-by: Juergen Gross <jgr...@suse.com>
    Acked-by: George Dunlap <george.dun...@citrix.com>
    Acked-by: Lars Kurth <lars.ku...@citrix.com>

commit ebbd0299089a698c39d4ced966df5831944b4305
Author: Ian Jackson <ian.jack...@eu.citrix.com>
Date:   Fri Apr 6 15:20:22 2018 +0100

    SUPPORT.md: Syntax: Fix a typo "States"
    
    Signed-off-by: Ian Jackson <ian.jack...@eu.citrix.com>
    Release-acked-by: Juergen Gross <jgr...@suse.com>
    Acked-by: George Dunlap <george.dun...@citrix.com>
    Acked-by: Lars Kurth <lars.ku...@citrix.com>

commit 01143b6273bc35a35afde154b2bb2415941bea89
Author: Ian Jackson <ian.jack...@eu.citrix.com>
Date:   Thu Apr 5 17:19:31 2018 +0100

    SUPPORT.md: Syntax: Fix some bullet lists
    
    Continuations of bullet list items must be indented by exactly 4
    spaces (according to pandoc_markdown(5) on Debian jessie).
    
    This is most easily achieved by making the bullet list items have two
    spaces before the `*'.
    
    Signed-off-by: Ian Jackson <ian.jack...@eu.citrix.com>
    Release-acked-by: Juergen Gross <jgr...@suse.com>
    Acked-by: George Dunlap <george.dun...@citrix.com>
    Acked-by: Lars Kurth <lars.ku...@citrix.com>
(qemu changes not included)

_______________________________________________
Xen-devel mailing list
Xen-devel@lists.xenproject.org
https://lists.xenproject.org/mailman/listinfo/xen-devel

Reply via email to