flight 171654 linux-linus real [real]
http://logs.test-lab.xenproject.org/osstest/logs/171654/

Regressions :-(

Tests which did not succeed and are blocking,
including tests which could not be run:
 test-armhf-armhf-libvirt     10 host-ping-check-xen      fail REGR. vs. 171587
 build-i386-pvops              6 kernel-build             fail REGR. vs. 171587

Regressions which are regarded as allowable (not blocking):
 test-armhf-armhf-xl-rtds     19 guest-start.2            fail REGR. vs. 171587

Tests which did not succeed, but are not blocking:
 test-amd64-amd64-xl-qemut-win7-amd64 19 guest-stop            fail like 171587
 test-amd64-amd64-qemuu-nested-amd 20 debian-hvm-install/l1/l2 fail like 171587
 test-amd64-amd64-xl-qemuu-ws16-amd64 19 guest-stop            fail like 171587
 test-amd64-amd64-xl-qemuu-win7-amd64 19 guest-stop            fail like 171587
 test-armhf-armhf-libvirt-qcow2 15 saverestore-support-check   fail like 171587
 test-armhf-armhf-libvirt-raw 15 saverestore-support-check    fail  like 171587
 test-amd64-amd64-xl-qemut-ws16-amd64 19 guest-stop            fail like 171587
 test-amd64-amd64-libvirt-xsm 15 migrate-support-check        fail   never pass
 test-amd64-amd64-libvirt     15 migrate-support-check        fail   never pass
 test-arm64-arm64-xl-credit1  15 migrate-support-check        fail   never pass
 test-arm64-arm64-xl-credit1  16 saverestore-support-check    fail   never pass
 test-arm64-arm64-xl-credit2  15 migrate-support-check        fail   never pass
 test-arm64-arm64-xl          15 migrate-support-check        fail   never pass
 test-arm64-arm64-xl-credit2  16 saverestore-support-check    fail   never pass
 test-arm64-arm64-xl          16 saverestore-support-check    fail   never pass
 test-arm64-arm64-libvirt-xsm 15 migrate-support-check        fail   never pass
 test-arm64-arm64-libvirt-xsm 16 saverestore-support-check    fail   never pass
 test-arm64-arm64-xl-xsm      15 migrate-support-check        fail   never pass
 test-arm64-arm64-xl-thunderx 15 migrate-support-check        fail   never pass
 test-arm64-arm64-xl-thunderx 16 saverestore-support-check    fail   never pass
 test-arm64-arm64-xl-xsm      16 saverestore-support-check    fail   never pass
 test-armhf-armhf-xl-arndale  15 migrate-support-check        fail   never pass
 test-armhf-armhf-xl-arndale  16 saverestore-support-check    fail   never pass
 test-amd64-amd64-libvirt-raw 14 migrate-support-check        fail   never pass
 test-amd64-amd64-libvirt-qcow2 14 migrate-support-check        fail never pass
 test-arm64-arm64-libvirt-raw 14 migrate-support-check        fail   never pass
 test-arm64-arm64-libvirt-raw 15 saverestore-support-check    fail   never pass
 test-armhf-armhf-xl-credit2  15 migrate-support-check        fail   never pass
 test-armhf-armhf-xl-credit2  16 saverestore-support-check    fail   never pass
 test-armhf-armhf-xl-multivcpu 15 migrate-support-check        fail  never pass
 test-armhf-armhf-xl-multivcpu 16 saverestore-support-check    fail  never pass
 test-armhf-armhf-xl-cubietruck 15 migrate-support-check        fail never pass
 test-armhf-armhf-xl-cubietruck 16 saverestore-support-check    fail never pass
 test-arm64-arm64-xl-vhd      14 migrate-support-check        fail   never pass
 test-arm64-arm64-xl-vhd      15 saverestore-support-check    fail   never pass
 test-amd64-amd64-libvirt-qemuu-debianhvm-amd64-xsm 13 migrate-support-check 
fail never pass
 test-arm64-arm64-xl-seattle  15 migrate-support-check        fail   never pass
 test-arm64-arm64-xl-seattle  16 saverestore-support-check    fail   never pass
 test-armhf-armhf-libvirt-qcow2 14 migrate-support-check        fail never pass
 test-armhf-armhf-xl-rtds     15 migrate-support-check        fail   never pass
 test-armhf-armhf-xl-rtds     16 saverestore-support-check    fail   never pass
 test-armhf-armhf-libvirt-raw 14 migrate-support-check        fail   never pass
 test-armhf-armhf-xl          15 migrate-support-check        fail   never pass
 test-armhf-armhf-xl          16 saverestore-support-check    fail   never pass
 test-armhf-armhf-xl-credit1  15 migrate-support-check        fail   never pass
 test-armhf-armhf-xl-credit1  16 saverestore-support-check    fail   never pass
 test-armhf-armhf-xl-vhd      14 migrate-support-check        fail   never pass
 test-armhf-armhf-xl-vhd      15 saverestore-support-check    fail   never pass

version targeted for testing:
 linux                c5fe7a97f20c7f3070ac870144515c0fabc6b999
baseline version:
 linux                5a29232d870d9e63fe5ff30b081be6ea7cc2465d

Last test of basis   171587  2022-07-12 00:10:46 Z    5 days
Failing since        171601  2022-07-12 16:11:30 Z    4 days    7 attempts
Testing same since   171654  2022-07-16 21:11:06 Z    0 days    1 attempts

------------------------------------------------------------
People who touched revisions under test:
  Alan Stern <[email protected]>
  Alex Deucher <[email protected]>
  Alex Deucher <[email protected]>
  Alexander Gordeev <[email protected]>
  Alexandre Chartre <[email protected]>
  Alexandre Ghiti <[email protected]>
  Alexei Starovoitov <[email protected]>
  Alyssa Rosenzweig <[email protected]>
  Andi Shyti <[email protected]>
  Andrea Mayer <[email protected]>
  Andrew Cooper <[email protected]>
  Andrzej Hajda <[email protected]>
  AngeloGioacchino Del Regno <[email protected]>
  Ansgar Lößer <[email protected]>
  Ansgar Lößer <[email protected]>
  Anup Patel <[email protected]>
  Anup Patel <[email protected]>
  Ard Biesheuvel <[email protected]>
  Arnd Bergmann <[email protected]>
  Arunpravin Paneer Selvam <[email protected]>
  Bagas Sanjaya <[email protected]>
  Baowen Zheng <[email protected]>
  Bean Huo <[email protected]>
  Biju Das <[email protected]>
  Bin Meng <[email protected]>
  Bjorn Andersson <[email protected]>
  Bjorn Helgaas <[email protected]>
  Borislav Petkov <[email protected]>
  Brent Lu <[email protected]>
  Brian Norris <[email protected]>
  Bryan O'Donoghue <[email protected]>
  C. Erastus Toe <[email protected]>
  Changyuan Lyu <[email protected]>
  Chanho Park <[email protected]>
  Charles Keepax <[email protected]>
  Chia-Lin Kao (AceLan) <[email protected]>
  Chris Wilson <[email protected]>
  Chris Wilson <[email protected]>
  Christian Brauner (Microsoft) <[email protected]>
  Christian Brauner <[email protected]>
  Christian König <[email protected]>
  Christian Zigotzky <[email protected]>
  Christoph Hellwig <[email protected]>
  Chuck Lever <[email protected]>
  Claudiu Beznea <[email protected]>
  Coiby Xu <[email protected]>
  Conor Dooley <[email protected]>
  Cristian Ciocaltea <[email protected]>
  Cédric Le Goater <[email protected]>
  Dan Carpenter <[email protected]>
  Daniel Borkmann <[email protected]>
  Daniel Mack <[email protected]>
  Daniel Wheeler <[email protected]>
  Daniele Ceraolo Spurio <[email protected]>
  Darren Stevens <[email protected]>
  Dave Airlie <[email protected]>
  Dave Chinner <[email protected]>
  Dave Hansen <[email protected]>
  David Howells <[email protected]>
  David Owens <[email protected]>
  David Owens <[email protected]>
  David S. Miller <[email protected]>
  Demi Marie Obenour <[email protected]>
  Dmitry Osipenko <[email protected]>
  Douglas Anderson <[email protected]>
  Edward Cree <[email protected]>
  Eli Cohen <[email protected]>
  Enzo Matsumiya <[email protected]>
  Eric Dumazet <[email protected]>
  Evan Quan <[email protected]>
  Ezequiel Garcia <[email protected]>
  Fangzhi Zuo <[email protected]>
  Felix Fietkau <[email protected]>
  Florian Fainelli <[email protected]>
  Florian Westphal <[email protected]>
  Francesco Dolcini <[email protected]>
  Frank Mankel <[email protected]>
  Gal Pressman <[email protected]>
  Greg Kroah-Hartman <[email protected]>
  Guangwu Zhang <[email protected]>
  Guenter Roeck <[email protected]>
  Gurucharan <[email protected]> (A Contingent worker at Intel)
  Han Xu <[email protected]>
  Hangyu Hua <[email protected]>
  Hans de Goede <[email protected]>
  Hayes Wang <[email protected]>
  Hector Martin <[email protected]>
  Heiko Stuebner <[email protected]>
  Heinrich Schuchardt <[email protected]>
  Huaxin Lu <[email protected]>
  Ian Woloschin <[email protected]>
  Igor Mammedov <[email protected]>
  Ilpo Järvinen <[email protected]>
  Ilya Dryomov <[email protected]>
  Israel Rukshin <[email protected]>
  Jack Wang <[email protected]>
  Jakub Kicinski <[email protected]>
  Jason A. Donenfeld <[email protected]>
  Jason Wang <[email protected]>
  Javier Martinez Canillas <[email protected]>
  Jeff Layton <[email protected]>
  Jens Axboe <[email protected]>
  Jens Wiklander <[email protected]>
  Jeremy Szu <[email protected]>
  Jernej Skrabec <[email protected]>
  Jiang Jian <[email protected]>
  Jianglei Nie <[email protected]>
  Jiri Slaby <[email protected]>
  Joanne Koong <[email protected]>
  Joe Lawrence <[email protected]>
  Johan Almbladh <[email protected]>
  Johan Hovold <[email protected]>
  Johannes Berg <[email protected]>
  John Ogness <[email protected]>
  Jon Hunter <[email protected]>
  Josh Poimboeuf <[email protected]>
  Josh Poimboeuf <[email protected]>
  José Roberto de Souza <[email protected]>
  Juergen Gross <[email protected]>
  Julian Sikorski <[email protected]>
  Kalle Valo <[email protected]>
  Kalle Valo <[email protected]>
  Karolina Drobnik <[email protected]>
  Kashyap Desai <[email protected]>
  Kefeng Wang <[email protected]>
  Keith Busch <[email protected]>
  Kim Phillips <[email protected]>
  Konrad Rzeszutek Wilk <[email protected]>
  Kris Bahnsen <[email protected]>
  Kuniyuki Iwashima <[email protected]>
  Li kunyu <[email protected]>
  Liang He <[email protected]>
  Linus Torvalds <[email protected]>
  Linus Walleij <[email protected]>
  Linyu Yuan <[email protected]>
  Liu Ying <[email protected]>
  Liu, Changcheng <[email protected]>
  Lorenzo Bianconi <[email protected]>
  Luca Weiss <[email protected]>
  Lucien Buchmann <[email protected]>
  Luis Chamberlain <[email protected]>
  Lukas Bulwahn <[email protected]>
  Marc Kleine-Budde <[email protected]>
  Marcin Wojtas <[email protected]>
  Marek Vasut <[email protected]>
  Mario Kleiner <[email protected]>
  Mario Limonciello <[email protected]>
  Mark Bloch <[email protected]>
  Mark Brown <[email protected]>
  Martin Blumenstingl <[email protected]>
  Martin Habets <[email protected]>
  Martin K. Petersen <[email protected]>
  Martin Povišer <[email protected]>
  Masami Hiramatsu (Google) <[email protected]>
  Mat Martineau <[email protected]>
  Matthew Auld <[email protected]>
  Matthieu Baerts <[email protected]>
  Mauro Carvalho Chehab <[email protected]>
  Max Krummenacher <[email protected]>
  Max Staudt <[email protected]>
  Maxim Mikityanskiy <[email protected]>
  Maxime Ripard <[email protected]>
  Mel Gorman <[email protected]>
  Melissa Wen <[email protected]>
  Meng Tang <[email protected]>
  Michael Chan <[email protected]>
  Michael Ellerman <[email protected]>
  Michael Grzeschik <[email protected]>
  Michael Walle <[email protected]>
  Michal Hocko <[email protected]>
  Michal Suchanek <[email protected]>
  Michel Dänzer <[email protected]>
  Mika Kuoppala <[email protected]>
  Mike Christie <[email protected]>
  Miklos Szeredi <[email protected]>
  Mimi Zohar <[email protected]>
  Ming Lei <[email protected]>
  Misaka19465 <[email protected]>
  Muchun Song <[email protected]>
  Nathan Chancellor <[email protected]>
  Neil Armstrong <[email protected]>
  Nick Bowler <[email protected]>
  Nick Desaulniers <[email protected]>
  Nicolas Dichtel <[email protected]>
  Niklas Schnelle <[email protected]>
  Nirmoy Das <[email protected]>
  Nuno Gonçalves <[email protected]>
  Oder Chiou <[email protected]>
  Pablo Neira Ayuso <[email protected]>
  Pali Rohár <[email protected]>
  Palmer Dabbelt <[email protected]>
  Paolo Abeni <[email protected]>
  Paolo Bonzini <[email protected]>
  Paul Blakey <[email protected]>
  Paul M Stillwell Jr <[email protected]>
  Paul Moore <[email protected]>
  Pavan Chebbi <[email protected]>
  Pavel Skripkin <[email protected]>
  Pawan Gupta <[email protected]>
  Peter Geis <[email protected]>
  Peter Ujfalusi <[email protected]>
  Peter Zijlstra (Intel) <[email protected]>
  Peter Zijlstra <[email protected]>
  Petr Mladek <[email protected]>
  Philipp Zabel <[email protected]>
  Ping-Ke Shih <[email protected]>
  Po-Wen Kao <[email protected]>
  Prike Liang <[email protected]>
  Pär Eriksson <[email protected]>
  Rafael J. Wysocki <[email protected]>
  Rob Herring <[email protected]>
  Rodrigo Vivi <[email protected]>
  Roi Dayan <[email protected]>
  Ron Economos <[email protected]>
  Russell King (Oracle) <[email protected]>
  Ryan Wanner <[email protected]>
  Ryder Lee <[email protected]>
  Saeed Mahameed <[email protected]>
  Samuel Holland <[email protected]>
  Sascha Hauer <[email protected]>
  Sean Anderson <[email protected]>
  Serge Semin <[email protected]>
  Shawn Guo <[email protected]>
  Shyam Prasad N <[email protected]>
  Shyam Sundar S K <[email protected]>
  Siddharth Vadapalli <[email protected]>
  Simon Horman <[email protected]>
  Solomon Chiu <[email protected]>
  Stefan Berger <[email protected]>
  Stephen Boyd <[email protected]>
  Steve French <[email protected]>
  Steven Price <[email protected]>
  Steven Rostedt (Google) <[email protected]>
  Sumanth Korikkar <[email protected]>
  sunliming <[email protected]>
  Takashi Iwai <[email protected]>
  Tariq Toukan <[email protected]>
  Tejun Heo <[email protected]>
  Thadeu Lima de Souza Cascardo <[email protected]>
  Thinh Nguyen <[email protected]>
  Thomas Gleixner <[email protected]>
  Thomas Hellström <[email protected]>
  Thomas Voegtle <[email protected]>
  Thomas Zimmermann <[email protected]>
  Tianyu Yuan <[email protected]>
  Tiezhu Yang <[email protected]>
  Todd Brandt <[email protected]>
  Toke Høiland-Jørgensen <[email protected]>
  Toke Høiland-Jørgensen <[email protected]>
  Tom Lendacky <[email protected]>
  Tony Krowiak <[email protected]>
  Tony Lindgren <[email protected]>
  Tony Nguyen <[email protected]>
  Vaishnav Achath <[email protected]>
  Vasily Gorbik <[email protected]>
  Vikas Gupta <[email protected]>
  Vinayak Yadawad <[email protected]>
  Viresh Kumar <[email protected]>
  Vitaly Kuznetsov <[email protected]>
  Vladimir Murzin <[email protected]>
  Wang Kefeng <[email protected]>
  Will Deacon <[email protected]>
  William Zhang <[email protected]>
  xinhui pan <[email protected]>
  Xiu Jianfeng <[email protected]>
  Xiubo Li <[email protected]>
  Yang Yingliang <[email protected]>
  Yangxi Xiang <[email protected]>
  Yassine Oudjana <[email protected]>
  Yefim Barashkin <[email protected]>
  Yevhen Orlov <[email protected]>
  Yi Yang <[email protected]>
  Zhen Lei <[email protected]>
  Zheng Yejian <[email protected]>
  Zhenyu Wang <[email protected]>
  Íñigo Huguet <[email protected]>

jobs:
 build-amd64-xsm                                              pass    
 build-arm64-xsm                                              pass    
 build-i386-xsm                                               pass    
 build-amd64                                                  pass    
 build-arm64                                                  pass    
 build-armhf                                                  pass    
 build-i386                                                   pass    
 build-amd64-libvirt                                          pass    
 build-arm64-libvirt                                          pass    
 build-armhf-libvirt                                          pass    
 build-i386-libvirt                                           pass    
 build-amd64-pvops                                            pass    
 build-arm64-pvops                                            pass    
 build-armhf-pvops                                            pass    
 build-i386-pvops                                             fail    
 test-amd64-amd64-xl                                          pass    
 test-amd64-coresched-amd64-xl                                pass    
 test-arm64-arm64-xl                                          pass    
 test-armhf-armhf-xl                                          pass    
 test-amd64-amd64-libvirt-qemuu-debianhvm-amd64-xsm           pass    
 test-amd64-amd64-xl-qemut-stubdom-debianhvm-amd64-xsm        pass    
 test-amd64-amd64-xl-qemut-debianhvm-i386-xsm                 pass    
 test-amd64-amd64-xl-qemuu-debianhvm-i386-xsm                 pass    
 test-amd64-amd64-libvirt-xsm                                 pass    
 test-arm64-arm64-libvirt-xsm                                 pass    
 test-amd64-amd64-xl-xsm                                      pass    
 test-arm64-arm64-xl-xsm                                      pass    
 test-amd64-amd64-qemuu-nested-amd                            fail    
 test-amd64-amd64-xl-pvhv2-amd                                pass    
 test-amd64-amd64-dom0pvh-xl-amd                              pass    
 test-amd64-amd64-xl-qemut-debianhvm-amd64                    pass    
 test-amd64-amd64-xl-qemuu-debianhvm-amd64                    pass    
 test-amd64-amd64-freebsd11-amd64                             pass    
 test-amd64-amd64-freebsd12-amd64                             pass    
 test-amd64-amd64-xl-qemuu-ovmf-amd64                         pass    
 test-amd64-amd64-xl-qemut-win7-amd64                         fail    
 test-amd64-amd64-xl-qemuu-win7-amd64                         fail    
 test-amd64-amd64-xl-qemut-ws16-amd64                         fail    
 test-amd64-amd64-xl-qemuu-ws16-amd64                         fail    
 test-armhf-armhf-xl-arndale                                  pass    
 test-amd64-amd64-examine-bios                                pass    
 test-amd64-amd64-xl-credit1                                  pass    
 test-arm64-arm64-xl-credit1                                  pass    
 test-armhf-armhf-xl-credit1                                  pass    
 test-amd64-amd64-xl-credit2                                  pass    
 test-arm64-arm64-xl-credit2                                  pass    
 test-armhf-armhf-xl-credit2                                  pass    
 test-armhf-armhf-xl-cubietruck                               pass    
 test-amd64-amd64-xl-qemuu-dmrestrict-amd64-dmrestrict        pass    
 test-amd64-amd64-examine                                     pass    
 test-arm64-arm64-examine                                     pass    
 test-armhf-armhf-examine                                     pass    
 test-amd64-amd64-qemuu-nested-intel                          pass    
 test-amd64-amd64-xl-pvhv2-intel                              pass    
 test-amd64-amd64-dom0pvh-xl-intel                            pass    
 test-amd64-amd64-libvirt                                     pass    
 test-armhf-armhf-libvirt                                     fail    
 test-amd64-amd64-xl-multivcpu                                pass    
 test-armhf-armhf-xl-multivcpu                                pass    
 test-amd64-amd64-pair                                        pass    
 test-amd64-amd64-libvirt-pair                                pass    
 test-amd64-amd64-xl-pvshim                                   pass    
 test-amd64-amd64-pygrub                                      pass    
 test-amd64-amd64-libvirt-qcow2                               pass    
 test-armhf-armhf-libvirt-qcow2                               pass    
 test-amd64-amd64-libvirt-raw                                 pass    
 test-arm64-arm64-libvirt-raw                                 pass    
 test-armhf-armhf-libvirt-raw                                 pass    
 test-amd64-amd64-xl-rtds                                     pass    
 test-armhf-armhf-xl-rtds                                     fail    
 test-arm64-arm64-xl-seattle                                  pass    
 test-amd64-amd64-xl-qemuu-debianhvm-amd64-shadow             pass    
 test-amd64-amd64-xl-shadow                                   pass    
 test-arm64-arm64-xl-thunderx                                 pass    
 test-amd64-amd64-examine-uefi                                pass    
 test-amd64-amd64-xl-vhd                                      pass    
 test-arm64-arm64-xl-vhd                                      pass    
 test-armhf-armhf-xl-vhd                                      pass    


------------------------------------------------------------
sg-report-flight on osstest.test-lab.xenproject.org
logs: /home/logs/logs
images: /home/logs/images

Logs, config files, etc. are available at
    http://logs.test-lab.xenproject.org/osstest/logs

Explanation of these reports, and of osstest in general, is at
    http://xenbits.xen.org/gitweb/?p=osstest.git;a=blob;f=README.email;hb=master
    http://xenbits.xen.org/gitweb/?p=osstest.git;a=blob;f=README;hb=master

Test harness code can be found at
    http://xenbits.xen.org/gitweb?p=osstest.git;a=summary


Not pushing.

(No revision log; it would be 8803 lines long.)

Reply via email to