flight 171901 linux-linus real [real]
http://logs.test-lab.xenproject.org/osstest/logs/171901/

Failures and problems with tests :-(

Tests which did not succeed and are blocking,
including tests which could not be run:
 test-amd64-amd64-xl-qemut-debianhvm-amd64    <job status>               broken
 test-amd64-amd64-xl-qemut-debianhvm-amd64 5 host-install(5) broken REGR. vs. 
171891

Tests which did not succeed, but are not blocking:
 test-amd64-amd64-xl-qemut-win7-amd64 19 guest-stop            fail like 171891
 test-armhf-armhf-libvirt     16 saverestore-support-check    fail  like 171891
 test-amd64-amd64-qemuu-nested-amd 20 debian-hvm-install/l1/l2 fail like 171891
 test-amd64-amd64-xl-qemuu-ws16-amd64 19 guest-stop            fail like 171891
 test-amd64-amd64-xl-qemuu-win7-amd64 19 guest-stop            fail like 171891
 test-armhf-armhf-libvirt-qcow2 15 saverestore-support-check   fail like 171891
 test-armhf-armhf-libvirt-raw 15 saverestore-support-check    fail  like 171891
 test-amd64-amd64-xl-qemut-ws16-amd64 19 guest-stop            fail like 171891
 test-amd64-amd64-libvirt-xsm 15 migrate-support-check        fail   never pass
 test-amd64-amd64-libvirt     15 migrate-support-check        fail   never pass
 test-arm64-arm64-xl-seattle  15 migrate-support-check        fail   never pass
 test-arm64-arm64-xl-seattle  16 saverestore-support-check    fail   never pass
 test-arm64-arm64-xl          15 migrate-support-check        fail   never pass
 test-arm64-arm64-xl-xsm      15 migrate-support-check        fail   never pass
 test-arm64-arm64-xl          16 saverestore-support-check    fail   never pass
 test-arm64-arm64-xl-xsm      16 saverestore-support-check    fail   never pass
 test-arm64-arm64-libvirt-xsm 15 migrate-support-check        fail   never pass
 test-arm64-arm64-xl-credit1  15 migrate-support-check        fail   never pass
 test-arm64-arm64-xl-thunderx 15 migrate-support-check        fail   never pass
 test-arm64-arm64-libvirt-xsm 16 saverestore-support-check    fail   never pass
 test-arm64-arm64-xl-thunderx 16 saverestore-support-check    fail   never pass
 test-arm64-arm64-xl-credit1  16 saverestore-support-check    fail   never pass
 test-arm64-arm64-xl-credit2  15 migrate-support-check        fail   never pass
 test-arm64-arm64-xl-credit2  16 saverestore-support-check    fail   never pass
 test-armhf-armhf-xl-arndale  15 migrate-support-check        fail   never pass
 test-armhf-armhf-xl-arndale  16 saverestore-support-check    fail   never pass
 test-amd64-amd64-libvirt-qemuu-debianhvm-amd64-xsm 13 migrate-support-check 
fail never pass
 test-amd64-amd64-libvirt-qcow2 14 migrate-support-check        fail never pass
 test-amd64-amd64-libvirt-raw 14 migrate-support-check        fail   never pass
 test-armhf-armhf-xl-credit2  15 migrate-support-check        fail   never pass
 test-armhf-armhf-xl-credit2  16 saverestore-support-check    fail   never pass
 test-arm64-arm64-libvirt-raw 14 migrate-support-check        fail   never pass
 test-arm64-arm64-libvirt-raw 15 saverestore-support-check    fail   never pass
 test-armhf-armhf-libvirt     15 migrate-support-check        fail   never pass
 test-armhf-armhf-xl-rtds     15 migrate-support-check        fail   never pass
 test-armhf-armhf-xl-rtds     16 saverestore-support-check    fail   never pass
 test-armhf-armhf-xl          15 migrate-support-check        fail   never pass
 test-arm64-arm64-xl-vhd      14 migrate-support-check        fail   never pass
 test-armhf-armhf-xl          16 saverestore-support-check    fail   never pass
 test-arm64-arm64-xl-vhd      15 saverestore-support-check    fail   never pass
 test-armhf-armhf-xl-credit1  15 migrate-support-check        fail   never pass
 test-armhf-armhf-xl-credit1  16 saverestore-support-check    fail   never pass
 test-armhf-armhf-xl-cubietruck 15 migrate-support-check        fail never pass
 test-armhf-armhf-xl-cubietruck 16 saverestore-support-check    fail never pass
 test-armhf-armhf-xl-vhd      14 migrate-support-check        fail   never pass
 test-armhf-armhf-xl-vhd      15 saverestore-support-check    fail   never pass
 test-armhf-armhf-xl-multivcpu 15 migrate-support-check        fail  never pass
 test-armhf-armhf-xl-multivcpu 16 saverestore-support-check    fail  never pass
 test-armhf-armhf-libvirt-qcow2 14 migrate-support-check        fail never pass
 test-armhf-armhf-libvirt-raw 14 migrate-support-check        fail   never pass

version targeted for testing:
 linux                33ea1340bafe1f394e5bf96fceef73e9771d066b
baseline version:
 linux                6e7765cb477a9753670d4351d14de93f1e9dbbd4

Last test of basis   171891  2022-07-28 00:42:47 Z    1 days
Testing same since   171901  2022-07-28 20:11:14 Z    0 days    1 attempts

------------------------------------------------------------
People who touched revisions under test:
  Abhishek Pandit-Subedi <[email protected]>
  Alejandro Lucero <[email protected]>
  Anirudh Venkataramanan <[email protected]>
  Benjamin Poirier <[email protected]>
  Christophe JAILLET <[email protected]>
  Dan Carpenter <[email protected]>
  Dave Switzer <[email protected]>
  David Howells <[email protected]>
  David S. Miller <[email protected]>
  Dawid Lukwinski <[email protected]>
  Dimitris Michailidis <[email protected]>
  Dimitris Michailidis <[email protected]>
  Duoming Zhou <[email protected]>
  Eric Dumazet <[email protected]>
  Florian Westphal <[email protected]>
  George Kuruvinakunnel <[email protected]>
  Gurucharan <[email protected]> (A Contingent worker at Intel)
  Hangbin Liu <[email protected]>
  Jakub Kicinski <[email protected]>
  Jason Wang <[email protected]>
  Jedrzej Jagielski <[email protected]>
  Jianglei Nie <[email protected]>
  Jonathan Lemon <[email protected]>
  Kalle Valo <[email protected]>
  Kuniyuki Iwashima <[email protected]>
  Lee Jones <[email protected]>
  Leonard Crestez <[email protected]>
  Liang He <[email protected]>
  Linus Torvalds <[email protected]>
  Luiz Augusto von Dentz <[email protected]>
  Maciej Fijalkowski <[email protected]>
  Marcelo Ricardo Leitner <[email protected]>
  Marek Szlosek <[email protected]>
  Mat Martineau <[email protected]>
  Mateusz Palczewski <[email protected]>
  Maxim Mikityanskiy <[email protected]>
  Michael S. Tsirkin <[email protected]>
  Michal Maloszewski <[email protected]>
  Neal Cardwell <[email protected]>
  Nikolay Aleksandrov <[email protected]>
  Pablo Neira Ayuso <[email protected]>
  Paolo Abeni <[email protected]>
  Przemyslaw Patynowski <[email protected]>
  Rob Herring <[email protected]>
  Sabrina Dubroca <[email protected]>
  Simon Horman <[email protected]>
  Slark Xiao <[email protected]>
  Subbaraya Sundeep <[email protected]>
  Sunil Goutham <[email protected]>
  Sylwester Dziedziuch <[email protected]>
  syzbot <[email protected]>
  Taehee Yoo <[email protected]>
  Tetsuo Handa <[email protected]>
  Toke Høiland-Jørgensen <[email protected]>
  Tony Nguyen <[email protected]>
  Vadim Fedorenko <[email protected]>
  Vladimir Oltean <[email protected]>
  Wei Wang <[email protected]>
  Xin Long <[email protected]>
  Ziyang Xuan <[email protected]>

jobs:
 build-amd64-xsm                                              pass    
 build-arm64-xsm                                              pass    
 build-i386-xsm                                               pass    
 build-amd64                                                  pass    
 build-arm64                                                  pass    
 build-armhf                                                  pass    
 build-i386                                                   pass    
 build-amd64-libvirt                                          pass    
 build-arm64-libvirt                                          pass    
 build-armhf-libvirt                                          pass    
 build-i386-libvirt                                           pass    
 build-amd64-pvops                                            pass    
 build-arm64-pvops                                            pass    
 build-armhf-pvops                                            pass    
 build-i386-pvops                                             pass    
 test-amd64-amd64-xl                                          pass    
 test-amd64-coresched-amd64-xl                                pass    
 test-arm64-arm64-xl                                          pass    
 test-armhf-armhf-xl                                          pass    
 test-amd64-amd64-libvirt-qemuu-debianhvm-amd64-xsm           pass    
 test-amd64-amd64-xl-qemut-stubdom-debianhvm-amd64-xsm        pass    
 test-amd64-amd64-xl-qemut-debianhvm-i386-xsm                 pass    
 test-amd64-amd64-xl-qemuu-debianhvm-i386-xsm                 pass    
 test-amd64-amd64-libvirt-xsm                                 pass    
 test-arm64-arm64-libvirt-xsm                                 pass    
 test-amd64-amd64-xl-xsm                                      pass    
 test-arm64-arm64-xl-xsm                                      pass    
 test-amd64-amd64-qemuu-nested-amd                            fail    
 test-amd64-amd64-xl-pvhv2-amd                                pass    
 test-amd64-amd64-dom0pvh-xl-amd                              pass    
 test-amd64-amd64-xl-qemut-debianhvm-amd64                    broken  
 test-amd64-amd64-xl-qemuu-debianhvm-amd64                    pass    
 test-amd64-amd64-freebsd11-amd64                             pass    
 test-amd64-amd64-freebsd12-amd64                             pass    
 test-amd64-amd64-xl-qemuu-ovmf-amd64                         pass    
 test-amd64-amd64-xl-qemut-win7-amd64                         fail    
 test-amd64-amd64-xl-qemuu-win7-amd64                         fail    
 test-amd64-amd64-xl-qemut-ws16-amd64                         fail    
 test-amd64-amd64-xl-qemuu-ws16-amd64                         fail    
 test-armhf-armhf-xl-arndale                                  pass    
 test-amd64-amd64-examine-bios                                pass    
 test-amd64-amd64-xl-credit1                                  pass    
 test-arm64-arm64-xl-credit1                                  pass    
 test-armhf-armhf-xl-credit1                                  pass    
 test-amd64-amd64-xl-credit2                                  pass    
 test-arm64-arm64-xl-credit2                                  pass    
 test-armhf-armhf-xl-credit2                                  pass    
 test-armhf-armhf-xl-cubietruck                               pass    
 test-amd64-amd64-xl-qemuu-dmrestrict-amd64-dmrestrict        pass    
 test-amd64-amd64-examine                                     pass    
 test-arm64-arm64-examine                                     pass    
 test-armhf-armhf-examine                                     pass    
 test-amd64-amd64-qemuu-nested-intel                          pass    
 test-amd64-amd64-xl-pvhv2-intel                              pass    
 test-amd64-amd64-dom0pvh-xl-intel                            pass    
 test-amd64-amd64-libvirt                                     pass    
 test-armhf-armhf-libvirt                                     pass    
 test-amd64-amd64-xl-multivcpu                                pass    
 test-armhf-armhf-xl-multivcpu                                pass    
 test-amd64-amd64-pair                                        pass    
 test-amd64-amd64-libvirt-pair                                pass    
 test-amd64-amd64-xl-pvshim                                   pass    
 test-amd64-amd64-pygrub                                      pass    
 test-amd64-amd64-libvirt-qcow2                               pass    
 test-armhf-armhf-libvirt-qcow2                               pass    
 test-amd64-amd64-libvirt-raw                                 pass    
 test-arm64-arm64-libvirt-raw                                 pass    
 test-armhf-armhf-libvirt-raw                                 pass    
 test-amd64-amd64-xl-rtds                                     pass    
 test-armhf-armhf-xl-rtds                                     pass    
 test-arm64-arm64-xl-seattle                                  pass    
 test-amd64-amd64-xl-qemuu-debianhvm-amd64-shadow             pass    
 test-amd64-amd64-xl-shadow                                   pass    
 test-arm64-arm64-xl-thunderx                                 pass    
 test-amd64-amd64-examine-uefi                                pass    
 test-amd64-amd64-xl-vhd                                      pass    
 test-arm64-arm64-xl-vhd                                      pass    
 test-armhf-armhf-xl-vhd                                      pass    


------------------------------------------------------------
sg-report-flight on osstest.test-lab.xenproject.org
logs: /home/logs/logs
images: /home/logs/images

Logs, config files, etc. are available at
    http://logs.test-lab.xenproject.org/osstest/logs

Explanation of these reports, and of osstest in general, is at
    http://xenbits.xen.org/gitweb/?p=osstest.git;a=blob;f=README.email;hb=master
    http://xenbits.xen.org/gitweb/?p=osstest.git;a=blob;f=README;hb=master

Test harness code can be found at
    http://xenbits.xen.org/gitweb?p=osstest.git;a=summary

broken-job test-amd64-amd64-xl-qemut-debianhvm-amd64 broken
broken-step test-amd64-amd64-xl-qemut-debianhvm-amd64 host-install(5)

Not pushing.

(No revision log; it would be 1750 lines long.)

Reply via email to