flight 172093 linux-linus real [real]
http://logs.test-lab.xenproject.org/osstest/logs/172093/

Failures :-/ but no regressions.

Tests which did not succeed, but are not blocking:
 test-amd64-amd64-xl-qemut-win7-amd64 19 guest-stop            fail like 172084
 test-armhf-armhf-libvirt     16 saverestore-support-check    fail  like 172084
 test-amd64-amd64-qemuu-nested-amd 20 debian-hvm-install/l1/l2 fail like 172084
 test-amd64-amd64-xl-qemuu-ws16-amd64 19 guest-stop            fail like 172084
 test-amd64-amd64-xl-qemuu-win7-amd64 19 guest-stop            fail like 172084
 test-armhf-armhf-libvirt-raw 15 saverestore-support-check    fail  like 172084
 test-armhf-armhf-libvirt-qcow2 15 saverestore-support-check   fail like 172084
 test-amd64-amd64-xl-qemut-ws16-amd64 19 guest-stop            fail like 172084
 test-amd64-amd64-libvirt-xsm 15 migrate-support-check        fail   never pass
 test-amd64-amd64-libvirt     15 migrate-support-check        fail   never pass
 test-arm64-arm64-xl-xsm      15 migrate-support-check        fail   never pass
 test-arm64-arm64-xl-xsm      16 saverestore-support-check    fail   never pass
 test-arm64-arm64-xl-credit2  15 migrate-support-check        fail   never pass
 test-arm64-arm64-xl-thunderx 15 migrate-support-check        fail   never pass
 test-arm64-arm64-xl-credit2  16 saverestore-support-check    fail   never pass
 test-arm64-arm64-xl-thunderx 16 saverestore-support-check    fail   never pass
 test-arm64-arm64-xl          15 migrate-support-check        fail   never pass
 test-arm64-arm64-libvirt-xsm 15 migrate-support-check        fail   never pass
 test-arm64-arm64-xl          16 saverestore-support-check    fail   never pass
 test-arm64-arm64-libvirt-xsm 16 saverestore-support-check    fail   never pass
 test-armhf-armhf-xl-arndale  15 migrate-support-check        fail   never pass
 test-armhf-armhf-xl-arndale  16 saverestore-support-check    fail   never pass
 test-amd64-amd64-libvirt-qemuu-debianhvm-amd64-xsm 13 migrate-support-check 
fail never pass
 test-amd64-amd64-libvirt-qcow2 14 migrate-support-check        fail never pass
 test-amd64-amd64-libvirt-raw 14 migrate-support-check        fail   never pass
 test-armhf-armhf-xl-multivcpu 15 migrate-support-check        fail  never pass
 test-armhf-armhf-xl-multivcpu 16 saverestore-support-check    fail  never pass
 test-armhf-armhf-xl          15 migrate-support-check        fail   never pass
 test-armhf-armhf-xl-credit2  15 migrate-support-check        fail   never pass
 test-armhf-armhf-xl          16 saverestore-support-check    fail   never pass
 test-armhf-armhf-xl-credit2  16 saverestore-support-check    fail   never pass
 test-arm64-arm64-libvirt-raw 14 migrate-support-check        fail   never pass
 test-arm64-arm64-libvirt-raw 15 saverestore-support-check    fail   never pass
 test-armhf-armhf-xl-credit1  15 migrate-support-check        fail   never pass
 test-armhf-armhf-xl-credit1  16 saverestore-support-check    fail   never pass
 test-armhf-armhf-libvirt     15 migrate-support-check        fail   never pass
 test-armhf-armhf-xl-rtds     15 migrate-support-check        fail   never pass
 test-armhf-armhf-xl-rtds     16 saverestore-support-check    fail   never pass
 test-arm64-arm64-xl-vhd      14 migrate-support-check        fail   never pass
 test-arm64-arm64-xl-vhd      15 saverestore-support-check    fail   never pass
 test-armhf-armhf-xl-cubietruck 15 migrate-support-check        fail never pass
 test-armhf-armhf-xl-cubietruck 16 saverestore-support-check    fail never pass
 test-arm64-arm64-xl-seattle  15 migrate-support-check        fail   never pass
 test-arm64-arm64-xl-seattle  16 saverestore-support-check    fail   never pass
 test-arm64-arm64-xl-credit1  15 migrate-support-check        fail   never pass
 test-arm64-arm64-xl-credit1  16 saverestore-support-check    fail   never pass
 test-armhf-armhf-libvirt-raw 14 migrate-support-check        fail   never pass
 test-armhf-armhf-xl-vhd      14 migrate-support-check        fail   never pass
 test-armhf-armhf-xl-vhd      15 saverestore-support-check    fail   never pass
 test-armhf-armhf-libvirt-qcow2 14 migrate-support-check        fail never pass

version targeted for testing:
 linux                c2a24a7a036b3bd3a2e6c66730dfc777cae6540a
baseline version:
 linux                7d0d3fa7339ed5a06d6608b7cde9f079eba62bb1

Last test of basis   172084  2022-08-02 16:41:39 Z    0 days
Testing same since   172093  2022-08-03 01:58:10 Z    0 days    1 attempts

------------------------------------------------------------
People who touched revisions under test:
  Adam Wujek <[email protected]>
  Adithya K V <[email protected]>
  Adrian Hunter <[email protected]>
  Aidan MacDonald <[email protected]>
  Alejandro González <[email protected]>
  Aleksa Savic <[email protected]>
  Aleksander Mazur <[email protected]>
  Alexandru Gagniuc <[email protected]>
  Alexei Starovoitov <[email protected]>
  Alexey Khoroshilov <[email protected]>
  Allen-KH Cheng <[email protected]>
  Amit Kucheria <[email protected]>
  Amit Kumar Mahapatra <[email protected]>
  Andre Przywara <[email protected]>
  Andrei Vagin <[email protected]>
  Andrew Davis <[email protected]>
  Andrew Morton <[email protected]>
  Andrey Strachuk <[email protected]>
  Andy Chiu <[email protected]>
  Andy Shevchenko <[email protected]>
  Antoine Tenart <[email protected]>
  Anton Ivanov <[email protected]>
  Ard Biesheuvel <[email protected]>
  Armin Wolf <[email protected]>
  Artem Bityutskiy <[email protected]>
  Atsushi Nemoto <[email protected]>
  Axel Lin <[email protected]>
  Bagas Sanjaya <[email protected]>
  Baoquan He <[email protected]>
  Bart Van Assche <[email protected]>
  Biju Das <[email protected]>
  Bjorn Helgaas <[email protected]>
  Bo Liu <[email protected]>
  Borislav Petkov <[email protected]>
  Breno Leitao <[email protected]>
  Bryan Brattlof <[email protected]>
  Casey Schaufler <[email protected]>
  Catalin Marinas <[email protected]>
  Chanho Park <[email protected]>
  Chanwoo Choi <[email protected]>
  Chen Yu <[email protected]>
  ChiYuan Huang <[email protected]>
  Christian Brauner (Microsoft) <[email protected]>
  Christian Göttsche <[email protected]>
  Christian Kohlschütter <[email protected]>
  Christian Marangi <[email protected]>
  Christoph Hellwig <[email protected]>
  Christophe JAILLET <[email protected]>
  Chuanhong Guo <[email protected]>
  Claudiu Beznea <[email protected]>
  Coiby Xu <[email protected]>
  Colin Ian King <[email protected]>
  Conor Dooley <[email protected]>
  Corentin Labbe <[email protected]>
  Cristian Ciocaltea <[email protected]>
  Daire McNamara <[email protected]>
  Damien Le Moal <[email protected]>
  Dan Carpenter <[email protected]>
  Dan Williams <[email protected]>
  Daniel Latypov <[email protected]>
  Daniel Lezcano <[email protected]>
  Daniel Lezcano <[email protected]>
  David Ahern <[email protected]>
  David Fries <[email protected]>
  David Jander <[email protected]>
  David Rientjes <[email protected]>
  David Sterba <[email protected]>
  Dmitry Baryshkov <[email protected]>
  Dmitry Osipenko <[email protected]>
  Douglas Anderson <[email protected]>
  Dylan Yudaken <[email protected]>
  Eddie James <[email protected]>
  Eiichi Tsukata <[email protected]>
  Emil Renner Berthing <[email protected]>
  Eric Auger <[email protected]>
  Eric Biggers <[email protected]>
  Eugene Shalygin <[email protected]>
  Fabien Parent <[email protected]>
  Fabio M. De Francesco <[email protected]>
  Florian Fainelli <[email protected]>
  George D Sworo <[email protected]>
  Georgi Djakov <[email protected]>
  Gilad Ben-Yossef <[email protected]>
  Giovanni Cabiddu <[email protected]>
  GONG, Ruiqi <[email protected]>
  Greg Kroah-Hartman <[email protected]>
  Guenter Roeck <[email protected]>
  Guilherme G. Piccoli <[email protected]>
  Guo Mengqi <[email protected]>
  GUO Zihua <[email protected]>
  GuoYong Zheng <[email protected]>
  Gustavo A. R. Silva <[email protected]>
  Hans de Goede <[email protected]>
  Hao Xu <[email protected]>
  Heiko Carstens <[email protected]>
  Herbert Xu <[email protected]>
  Hsin-Yi Wang <[email protected]>
  huhai <[email protected]>
  Ignat Korchagin <[email protected]>
  Jack Doan <[email protected]>
  Jack Wang <[email protected]>
  Jakub Kicinski <[email protected]>
  James Morris <[email protected]>
  Jan Kara <[email protected]>
  Jarkko Nikula <[email protected]>
  Jason A. Donenfeld <[email protected]>
  Jason Wang <[email protected]>
  Jason Yan <[email protected]>
  Jean Delvare <[email protected]>
  Jean-Philippe Brucker <[email protected]>
  Jens Axboe <[email protected]>
  JeongHyeon Lee <[email protected]>
  Jia-Wei Chang <[email protected]>
  Jiang Jian <[email protected]>
  Jianglei Nie <[email protected]>
  Jiapeng Chong <[email protected]>
  Jilin Yuan <[email protected]>
  Jin Xiaoyun <[email protected]>
  Jinke Han <[email protected]>
  Johannes Berg <[email protected]>
  John Allen <[email protected]>
  John Garry <[email protected]>
  Johnson Wang <[email protected]>
  Jonas Lindner <[email protected]>
  Julia Lawall <[email protected]>
  Justin Stitt <[email protected]>
  Kai Ye <[email protected]>
  Kees Cook <[email protected]>
  Keith Busch <[email protected]>
  keliu <[email protected]>
  Kevin Hilman <[email protected]>
  Krishna Yarlagadda <[email protected]>
  Krzysztof Kozlowski <[email protected]>
  Lee Jones <[email protected]>
  Lee Jones <[email protected]>
  lei he <[email protected]>
  Len Brown <[email protected]>
  Li Chen <[email protected]>
  Liang He <[email protected]>
  Linus Torvalds <[email protected]>
  Linus Walleij <[email protected]>
  Liu Song <[email protected]>
  Lukas Bulwahn <[email protected]>
  Lukasz Luba <[email protected]>
  Luo Meng <[email protected]>
  Manyi Li <[email protected]>
  Marc Ferland <[email protected]>
  Marc Kleine-Budde <[email protected]>
  Marcello Sylvester Bauer <[email protected]>
  Marcelo Tosatti <[email protected]>
  Marek Behún <[email protected]>
  Mario Limonciello <[email protected]>
  Mark Brown <[email protected]>
  Mark Rutland <[email protected]>
  Markus Mayer <[email protected]>
  Martin Sperl <[email protected]>
  Matt Ranostay <[email protected]>
  Matthias Kaehlcke <[email protected]>
  Mauro Carvalho Chehab <[email protected]>
  Micah Morton <[email protected]>
  Michael Carns <[email protected]>
  Michael Ellerman <[email protected]>
  Michal Koutný <[email protected]>
  Michal Suchanek <[email protected]>
  Mika Westerberg <[email protected]>
  Mike Christie <[email protected]>
  Mike Snitzer <[email protected]>
  Mikulas Patocka <[email protected]>
  Mimi Zohar <[email protected]>
  Ming Lei <[email protected]>
  Mårten Lindahl <[email protected]>
  Nandhini Srikandan <[email protected]>
  Naresh Solanki <[email protected]>
  Nathan Chancellor <[email protected]>
  Nathan Huckleberry <[email protected]>
  Naveen N. Rao <[email protected]>
  Nick Hawkins <[email protected]>
  Nikita Travkin <[email protected]>
  Niklas Cassel <[email protected]>
  Noam <[email protected]>
  Nícolas F. R. A. Prado <[email protected]>
  Ofer Heifetz <[email protected]>
  Pali Rohár <[email protected]>
  Paolo Abeni <[email protected]>
  Patrice Chotard <[email protected]>
  Patrick Rudolph <[email protected]>
  Paul Fertser <[email protected]>
  Paul Moore <[email protected]>
  Pavel Begunkov <[email protected]>
  Peng Wu <[email protected]>
  Phil Elwell <[email protected]>
  Pierre-Louis Bossart <[email protected]>
  Qian Cai <[email protected]>
  Qifu Zhang <[email protected]>
  Rafael J. Wysocki <[email protected]>
  Randy Dunlap <[email protected]>
  Raz Adashi <[email protected]>
  Ren Zhijie <[email protected]>
  Rijo Thomas <[email protected]>
  Riwen Lu <[email protected]>
  Rob Herring <[email protected]>
  Robert Marko <[email protected]>
  Robert Schmidt <[email protected]>
  Roger Pau Monné <[email protected]>
  Roman Gushchin <[email protected]>
  Saravanan Sekar <[email protected]>
  Schspa Shi <[email protected]>
  Sebastian Andrzej Siewior <[email protected]>
  Serge Hallyn <[email protected]>
  Serge Semin <[email protected]>
  Serge Semin <[email protected]>
  Sergiu Moga <[email protected]>
  Shady Nawara <[email protected]>
  shaom Deng <[email protected]>
  Shijith Thotton <[email protected]>
  Shivnandan Kumar <[email protected]>
  Shreenidhi Shedi <[email protected]>
  Shreenidhi Shedi <[email protected]>
  Shyam Sundar S K <[email protected]>
  Simo Sorce <[email protected]>
  Slark Xiao <[email protected]>
  Slawomir Stepien <[email protected]>
  Song Liu <[email protected]>
  Song Liu <[email protected]> (for the md changes)
  Stefan Roesch <[email protected]>
  Stephan Gerhold <[email protected]>
  Stephen Kitt <[email protected]>
  Steven Lung <[email protected]>
  Sudeep Holla <[email protected]>
  Sumeet Pawnikar <[email protected]>
  syzbot <[email protected]>
  Taehee Yoo <[email protected]>
  Tejun Heo <[email protected]>
  Tetsuo Handa <[email protected]>
  Theodore Ts'o <[email protected]>
  Thierry Reding <[email protected]>
  Todd Brandt <[email protected]>
  Tom Lendacky <[email protected]>
  Tomasz Kowallik <[email protected]>
  Tomer Maimon <[email protected]>
  Tony Luck <[email protected]>
  Tony W Wang-oc <[email protected]>
  Ulf Hansson <[email protected]>
  Ulf Hansson <[email protected]> # For MMC
  Uros Bizjak <[email protected]>
  Urs Schroffenegger <[email protected]>
  Uwe Kleine-König <[email protected]>
  Vadym Kochan <[email protected]>
  Vaishnav Achath <[email protected]>
  Vasily Khoruzhick <[email protected]>
  Vinod Koul <[email protected]>
  Viresh Kumar <[email protected]>
  Vladimir Zapolskiy <[email protected]>
  Vladis Dronov <[email protected]>
  Weili Qian <[email protected]>
  Werner Sembach <[email protected]>
  Will Deacon <[email protected]>
  Wolfram Sang <[email protected]>
  Xiang wangx <[email protected]>
  XiaoYan Li <[email protected]>
  Xiu Jianfeng <[email protected]>
  Yang Li <[email protected]>
  Yang Yingliang <[email protected]>
  Yi Zhang <[email protected]>
  YiFei Zhu <[email protected]>
  Yin Fengwei <[email protected]>
  Ying Sun <[email protected]>
  Yoan Picchi <[email protected]>
  Yuan Can <[email protected]>
  Zhang Jiaming <[email protected]>
  Zhang Rui <[email protected]>
  Zhao Liu <[email protected]>
  Zhengchao Shao <[email protected]>
  Zhou Wang <[email protected]>
  Ziyang Xuan <[email protected]>

jobs:
 build-amd64-xsm                                              pass    
 build-arm64-xsm                                              pass    
 build-i386-xsm                                               pass    
 build-amd64                                                  pass    
 build-arm64                                                  pass    
 build-armhf                                                  pass    
 build-i386                                                   pass    
 build-amd64-libvirt                                          pass    
 build-arm64-libvirt                                          pass    
 build-armhf-libvirt                                          pass    
 build-i386-libvirt                                           pass    
 build-amd64-pvops                                            pass    
 build-arm64-pvops                                            pass    
 build-armhf-pvops                                            pass    
 build-i386-pvops                                             pass    
 test-amd64-amd64-xl                                          pass    
 test-amd64-coresched-amd64-xl                                pass    
 test-arm64-arm64-xl                                          pass    
 test-armhf-armhf-xl                                          pass    
 test-amd64-amd64-libvirt-qemuu-debianhvm-amd64-xsm           pass    
 test-amd64-amd64-xl-qemut-stubdom-debianhvm-amd64-xsm        pass    
 test-amd64-amd64-xl-qemut-debianhvm-i386-xsm                 pass    
 test-amd64-amd64-xl-qemuu-debianhvm-i386-xsm                 pass    
 test-amd64-amd64-libvirt-xsm                                 pass    
 test-arm64-arm64-libvirt-xsm                                 pass    
 test-amd64-amd64-xl-xsm                                      pass    
 test-arm64-arm64-xl-xsm                                      pass    
 test-amd64-amd64-qemuu-nested-amd                            fail    
 test-amd64-amd64-xl-pvhv2-amd                                pass    
 test-amd64-amd64-dom0pvh-xl-amd                              pass    
 test-amd64-amd64-xl-qemut-debianhvm-amd64                    pass    
 test-amd64-amd64-xl-qemuu-debianhvm-amd64                    pass    
 test-amd64-amd64-freebsd11-amd64                             pass    
 test-amd64-amd64-freebsd12-amd64                             pass    
 test-amd64-amd64-xl-qemuu-ovmf-amd64                         pass    
 test-amd64-amd64-xl-qemut-win7-amd64                         fail    
 test-amd64-amd64-xl-qemuu-win7-amd64                         fail    
 test-amd64-amd64-xl-qemut-ws16-amd64                         fail    
 test-amd64-amd64-xl-qemuu-ws16-amd64                         fail    
 test-armhf-armhf-xl-arndale                                  pass    
 test-amd64-amd64-examine-bios                                pass    
 test-amd64-amd64-xl-credit1                                  pass    
 test-arm64-arm64-xl-credit1                                  pass    
 test-armhf-armhf-xl-credit1                                  pass    
 test-amd64-amd64-xl-credit2                                  pass    
 test-arm64-arm64-xl-credit2                                  pass    
 test-armhf-armhf-xl-credit2                                  pass    
 test-armhf-armhf-xl-cubietruck                               pass    
 test-amd64-amd64-xl-qemuu-dmrestrict-amd64-dmrestrict        pass    
 test-amd64-amd64-examine                                     pass    
 test-arm64-arm64-examine                                     pass    
 test-armhf-armhf-examine                                     pass    
 test-amd64-amd64-qemuu-nested-intel                          pass    
 test-amd64-amd64-xl-pvhv2-intel                              pass    
 test-amd64-amd64-dom0pvh-xl-intel                            pass    
 test-amd64-amd64-libvirt                                     pass    
 test-armhf-armhf-libvirt                                     pass    
 test-amd64-amd64-xl-multivcpu                                pass    
 test-armhf-armhf-xl-multivcpu                                pass    
 test-amd64-amd64-pair                                        pass    
 test-amd64-amd64-libvirt-pair                                pass    
 test-amd64-amd64-xl-pvshim                                   pass    
 test-amd64-amd64-pygrub                                      pass    
 test-amd64-amd64-libvirt-qcow2                               pass    
 test-armhf-armhf-libvirt-qcow2                               pass    
 test-amd64-amd64-libvirt-raw                                 pass    
 test-arm64-arm64-libvirt-raw                                 pass    
 test-armhf-armhf-libvirt-raw                                 pass    
 test-amd64-amd64-xl-rtds                                     pass    
 test-armhf-armhf-xl-rtds                                     pass    
 test-arm64-arm64-xl-seattle                                  pass    
 test-amd64-amd64-xl-qemuu-debianhvm-amd64-shadow             pass    
 test-amd64-amd64-xl-shadow                                   pass    
 test-arm64-arm64-xl-thunderx                                 pass    
 test-amd64-amd64-examine-uefi                                pass    
 test-amd64-amd64-xl-vhd                                      pass    
 test-arm64-arm64-xl-vhd                                      pass    
 test-armhf-armhf-xl-vhd                                      pass    


------------------------------------------------------------
sg-report-flight on osstest.test-lab.xenproject.org
logs: /home/logs/logs
images: /home/logs/images

Logs, config files, etc. are available at
    http://logs.test-lab.xenproject.org/osstest/logs

Explanation of these reports, and of osstest in general, is at
    http://xenbits.xen.org/gitweb/?p=osstest.git;a=blob;f=README.email;hb=master
    http://xenbits.xen.org/gitweb/?p=osstest.git;a=blob;f=README;hb=master

Test harness code can be found at
    http://xenbits.xen.org/gitweb?p=osstest.git;a=summary


Pushing revision :

hint: The 'hooks/update' hook was ignored because it's not set as executable.
hint: You can disable this warning with `git config advice.ignoredHook false`.
hint: The 'hooks/post-receive' hook was ignored because it's not set as 
executable.
hint: You can disable this warning with `git config advice.ignoredHook false`.
hint: The 'hooks/post-update' hook was ignored because it's not set as 
executable.
hint: You can disable this warning with `git config advice.ignoredHook false`.
To xenbits.xen.org:/home/xen/git/linux-pvops.git
   7d0d3fa7339e..c2a24a7a036b  c2a24a7a036b3bd3a2e6c66730dfc777cae6540a -> 
tested/linux-linus

Reply via email to