flight 172111 linux-linus real [real] http://logs.test-lab.xenproject.org/osstest/logs/172111/
Regressions :-( Tests which did not succeed and are blocking, including tests which could not be run: build-amd64 6 xen-build fail REGR. vs. 172093 build-amd64-xsm 6 xen-build fail REGR. vs. 172093 test-arm64-arm64-libvirt-raw 17 guest-start/debian.repeat fail REGR. vs. 172093 Tests which did not succeed, but are not blocking: test-amd64-coresched-amd64-xl 1 build-check(1) blocked n/a test-amd64-amd64-xl-xsm 1 build-check(1) blocked n/a test-amd64-amd64-xl-vhd 1 build-check(1) blocked n/a test-amd64-amd64-xl-shadow 1 build-check(1) blocked n/a test-amd64-amd64-xl-rtds 1 build-check(1) blocked n/a test-amd64-amd64-xl-qemuu-ws16-amd64 1 build-check(1) blocked n/a test-amd64-amd64-xl-qemuu-win7-amd64 1 build-check(1) blocked n/a test-amd64-amd64-xl-qemuu-ovmf-amd64 1 build-check(1) blocked n/a test-amd64-amd64-xl-qemuu-dmrestrict-amd64-dmrestrict 1 build-check(1) blocked n/a test-amd64-amd64-xl-qemuu-debianhvm-i386-xsm 1 build-check(1) blocked n/a test-amd64-amd64-xl-qemuu-debianhvm-amd64-shadow 1 build-check(1) blocked n/a build-amd64-libvirt 1 build-check(1) blocked n/a test-amd64-amd64-xl-qemuu-debianhvm-amd64 1 build-check(1) blocked n/a test-amd64-amd64-xl-qemut-ws16-amd64 1 build-check(1) blocked n/a test-amd64-amd64-xl-qemut-win7-amd64 1 build-check(1) blocked n/a test-amd64-amd64-xl-qemut-stubdom-debianhvm-amd64-xsm 1 build-check(1) blocked n/a test-amd64-amd64-xl-qemut-debianhvm-i386-xsm 1 build-check(1) blocked n/a test-amd64-amd64-xl-qemut-debianhvm-amd64 1 build-check(1) blocked n/a test-amd64-amd64-xl-pvshim 1 build-check(1) blocked n/a test-amd64-amd64-dom0pvh-xl-amd 1 build-check(1) blocked n/a test-amd64-amd64-xl-pvhv2-intel 1 build-check(1) blocked n/a test-amd64-amd64-dom0pvh-xl-intel 1 build-check(1) blocked n/a test-amd64-amd64-xl-pvhv2-amd 1 build-check(1) blocked n/a test-amd64-amd64-examine 1 build-check(1) blocked n/a test-amd64-amd64-examine-bios 1 build-check(1) blocked n/a test-amd64-amd64-examine-uefi 1 build-check(1) blocked n/a test-amd64-amd64-xl-multivcpu 1 build-check(1) blocked n/a test-amd64-amd64-freebsd11-amd64 1 build-check(1) blocked n/a test-amd64-amd64-freebsd12-amd64 1 build-check(1) blocked n/a test-amd64-amd64-xl-credit2 1 build-check(1) blocked n/a test-amd64-amd64-libvirt 1 build-check(1) blocked n/a test-amd64-amd64-libvirt-pair 1 build-check(1) blocked n/a test-amd64-amd64-xl-credit1 1 build-check(1) blocked n/a test-amd64-amd64-libvirt-qcow2 1 build-check(1) blocked n/a test-amd64-amd64-libvirt-qemuu-debianhvm-amd64-xsm 1 build-check(1) blocked n/a test-amd64-amd64-xl 1 build-check(1) blocked n/a test-amd64-amd64-libvirt-raw 1 build-check(1) blocked n/a test-amd64-amd64-libvirt-xsm 1 build-check(1) blocked n/a test-amd64-amd64-qemuu-nested-intel 1 build-check(1) blocked n/a test-amd64-amd64-pair 1 build-check(1) blocked n/a test-amd64-amd64-pygrub 1 build-check(1) blocked n/a test-amd64-amd64-qemuu-nested-amd 1 build-check(1) blocked n/a test-armhf-armhf-libvirt 16 saverestore-support-check fail like 172093 test-armhf-armhf-libvirt-raw 15 saverestore-support-check fail like 172093 test-armhf-armhf-libvirt-qcow2 15 saverestore-support-check fail like 172093 test-arm64-arm64-xl-xsm 15 migrate-support-check fail never pass test-arm64-arm64-xl-xsm 16 saverestore-support-check fail never pass test-arm64-arm64-xl-credit2 15 migrate-support-check fail never pass test-arm64-arm64-xl-thunderx 15 migrate-support-check fail never pass test-arm64-arm64-xl-credit2 16 saverestore-support-check fail never pass test-arm64-arm64-xl-thunderx 16 saverestore-support-check fail never pass test-arm64-arm64-xl 15 migrate-support-check fail never pass test-arm64-arm64-libvirt-xsm 15 migrate-support-check fail never pass test-arm64-arm64-xl 16 saverestore-support-check fail never pass test-arm64-arm64-libvirt-xsm 16 saverestore-support-check fail never pass test-armhf-armhf-xl-arndale 15 migrate-support-check fail never pass test-armhf-armhf-xl-arndale 16 saverestore-support-check fail never pass test-armhf-armhf-xl-multivcpu 15 migrate-support-check fail never pass test-armhf-armhf-xl-multivcpu 16 saverestore-support-check fail never pass test-armhf-armhf-xl 15 migrate-support-check fail never pass test-armhf-armhf-xl-credit2 15 migrate-support-check fail never pass test-armhf-armhf-xl 16 saverestore-support-check fail never pass test-armhf-armhf-xl-credit2 16 saverestore-support-check fail never pass test-arm64-arm64-libvirt-raw 14 migrate-support-check fail never pass test-arm64-arm64-libvirt-raw 15 saverestore-support-check fail never pass test-armhf-armhf-xl-credit1 15 migrate-support-check fail never pass test-armhf-armhf-xl-credit1 16 saverestore-support-check fail never pass test-armhf-armhf-libvirt 15 migrate-support-check fail never pass test-armhf-armhf-xl-rtds 15 migrate-support-check fail never pass test-armhf-armhf-xl-rtds 16 saverestore-support-check fail never pass test-arm64-arm64-xl-vhd 14 migrate-support-check fail never pass test-arm64-arm64-xl-vhd 15 saverestore-support-check fail never pass test-armhf-armhf-xl-cubietruck 15 migrate-support-check fail never pass test-armhf-armhf-xl-cubietruck 16 saverestore-support-check fail never pass test-arm64-arm64-xl-seattle 15 migrate-support-check fail never pass test-arm64-arm64-xl-seattle 16 saverestore-support-check fail never pass test-arm64-arm64-xl-credit1 15 migrate-support-check fail never pass test-arm64-arm64-xl-credit1 16 saverestore-support-check fail never pass test-armhf-armhf-libvirt-raw 14 migrate-support-check fail never pass test-armhf-armhf-xl-vhd 14 migrate-support-check fail never pass test-armhf-armhf-xl-vhd 15 saverestore-support-check fail never pass test-armhf-armhf-libvirt-qcow2 14 migrate-support-check fail never pass version targeted for testing: linux e2b542100719a93f8cdf6d90185410d38a57a4c1 baseline version: linux c2a24a7a036b3bd3a2e6c66730dfc777cae6540a Last test of basis 172093 2022-08-03 01:58:10 Z 1 days Testing same since 172111 2022-08-03 11:41:21 Z 0 days 1 attempts ------------------------------------------------------------ People who touched revisions under test: "Zhang, Qiang1" <[email protected]> Akira Yokosawa <[email protected]> Alex Shi <[email protected]> Alviro Iskandar Setiawan <[email protected]> Ammar Faizi <[email protected]> Anders Roxell <[email protected]> Anna-Maria Behnsen <[email protected]> Bagas Sanjaya <[email protected]> Binbin Zhou <[email protected]> Boqun Feng <[email protected]> Brendan Higgins <[email protected]> Chao Liu <[email protected]> Chen Zhongjin <[email protected]> Conor Dooley <[email protected]> Dan Williams <[email protected]> # For ndctl.h Daniel Latypov <[email protected]> Dave Marchevsky <[email protected]> David Gow <[email protected]> David Reaver <[email protected]> Deming Wang <[email protected]> Dipen Patel <[email protected]> Dmitry Vyukov <[email protected]> Dongliang Mu <[email protected]> Dov Murik <[email protected]> Federico Vaga <[email protected]> Frederic Weisbecker <[email protected]> Gautam <[email protected]> Gautam Menghani <[email protected]> Geert Uytterhoeven <[email protected]> Guillaume Tucker <[email protected]> Gustavo A. R. Silva <[email protected]> Jakub Kicinski <[email protected]> Jason A. Donenfeld <[email protected]> Jeremy Kerr <[email protected]> Joel Fernandes (Google) <[email protected]> Joel Fernandes <[email protected]> Johannes Berg <[email protected]> Johannes Holland <[email protected]> John Johansen <[email protected]> John Stultz <[email protected]> Jonathan Corbet <[email protected]> José Expósito <[email protected]> João Paulo Rechi Vita <[email protected]> João Paulo Rechi Vita <[email protected]> Juerg Haefliger <[email protected]> Juerg Haefliger <[email protected]> Li Qiong <[email protected]> Linus Torvalds <[email protected]> Luis Chamberlain <[email protected]> Lukas Bulwahn <[email protected]> Mark Rutland <[email protected]> Martin Liska <[email protected]> Martin Liška <[email protected]> Mauro Carvalho Chehab <[email protected]> Maxime Ripard <[email protected]> Maíra Canal <[email protected]> Maíra Canal <[email protected]> Michael Kelley <[email protected]> Mika Westerberg <[email protected]> Muhammad Usama Anjum <[email protected]> Neeraj Upadhyay <[email protected]> Nicolas Saenz Julienne <[email protected]> Niklas Söderlund <[email protected]> Patrick Wang <[email protected]> Paul E. McKenney <[email protected]> Randy Dunlap <[email protected]> Rob Herring <[email protected]> Sadiya Kazi <[email protected]> Shuah Khan <[email protected]> Sotir Danailov <[email protected]> Soumya Negi <[email protected]> Stefan Mahnke-Hartmann <[email protected]> Stephen Boyd <[email protected]> Stephen Kitt <[email protected]> Steven Lung <[email protected]> Steven Rostedt (Google) <[email protected]> syzbot <[email protected]> Tang Yizhou <[email protected]> Tom Schwindl <[email protected]> Uladzislau Rezki (Sony) <[email protected]> Ulf Hansson <[email protected]> Waiman Long <[email protected]> Willy Tarreau <[email protected]> Wolfram Sang <[email protected]> Wu XiangCheng <[email protected]> Xiang wangx <[email protected]> Yanteng Si <[email protected]> Yanteng Si<[email protected]> Yixuan Cao <[email protected]> Zan Aziz <[email protected]> Zhouyi Zhou <[email protected]> Zqiang <[email protected]> jobs: build-amd64-xsm fail build-arm64-xsm pass build-i386-xsm pass build-amd64 fail build-arm64 pass build-armhf pass build-i386 pass build-amd64-libvirt blocked build-arm64-libvirt pass build-armhf-libvirt pass build-i386-libvirt pass build-amd64-pvops pass build-arm64-pvops pass build-armhf-pvops pass build-i386-pvops pass test-amd64-amd64-xl blocked test-amd64-coresched-amd64-xl blocked test-arm64-arm64-xl pass test-armhf-armhf-xl pass test-amd64-amd64-libvirt-qemuu-debianhvm-amd64-xsm blocked test-amd64-amd64-xl-qemut-stubdom-debianhvm-amd64-xsm blocked test-amd64-amd64-xl-qemut-debianhvm-i386-xsm blocked test-amd64-amd64-xl-qemuu-debianhvm-i386-xsm blocked test-amd64-amd64-libvirt-xsm blocked test-arm64-arm64-libvirt-xsm pass test-amd64-amd64-xl-xsm blocked test-arm64-arm64-xl-xsm pass test-amd64-amd64-qemuu-nested-amd blocked test-amd64-amd64-xl-pvhv2-amd blocked test-amd64-amd64-dom0pvh-xl-amd blocked test-amd64-amd64-xl-qemut-debianhvm-amd64 blocked test-amd64-amd64-xl-qemuu-debianhvm-amd64 blocked test-amd64-amd64-freebsd11-amd64 blocked test-amd64-amd64-freebsd12-amd64 blocked test-amd64-amd64-xl-qemuu-ovmf-amd64 blocked test-amd64-amd64-xl-qemut-win7-amd64 blocked test-amd64-amd64-xl-qemuu-win7-amd64 blocked test-amd64-amd64-xl-qemut-ws16-amd64 blocked test-amd64-amd64-xl-qemuu-ws16-amd64 blocked test-armhf-armhf-xl-arndale pass test-amd64-amd64-examine-bios blocked test-amd64-amd64-xl-credit1 blocked test-arm64-arm64-xl-credit1 pass test-armhf-armhf-xl-credit1 pass test-amd64-amd64-xl-credit2 blocked test-arm64-arm64-xl-credit2 pass test-armhf-armhf-xl-credit2 pass test-armhf-armhf-xl-cubietruck pass test-amd64-amd64-xl-qemuu-dmrestrict-amd64-dmrestrict blocked test-amd64-amd64-examine blocked test-arm64-arm64-examine pass test-armhf-armhf-examine pass test-amd64-amd64-qemuu-nested-intel blocked test-amd64-amd64-xl-pvhv2-intel blocked test-amd64-amd64-dom0pvh-xl-intel blocked test-amd64-amd64-libvirt blocked test-armhf-armhf-libvirt pass test-amd64-amd64-xl-multivcpu blocked test-armhf-armhf-xl-multivcpu pass test-amd64-amd64-pair blocked test-amd64-amd64-libvirt-pair blocked test-amd64-amd64-xl-pvshim blocked test-amd64-amd64-pygrub blocked test-amd64-amd64-libvirt-qcow2 blocked test-armhf-armhf-libvirt-qcow2 pass test-amd64-amd64-libvirt-raw blocked test-arm64-arm64-libvirt-raw fail test-armhf-armhf-libvirt-raw pass test-amd64-amd64-xl-rtds blocked test-armhf-armhf-xl-rtds pass test-arm64-arm64-xl-seattle pass test-amd64-amd64-xl-qemuu-debianhvm-amd64-shadow blocked test-amd64-amd64-xl-shadow blocked test-arm64-arm64-xl-thunderx pass test-amd64-amd64-examine-uefi blocked test-amd64-amd64-xl-vhd blocked test-arm64-arm64-xl-vhd pass test-armhf-armhf-xl-vhd pass ------------------------------------------------------------ sg-report-flight on osstest.test-lab.xenproject.org logs: /home/logs/logs images: /home/logs/images Logs, config files, etc. are available at http://logs.test-lab.xenproject.org/osstest/logs Explanation of these reports, and of osstest in general, is at http://xenbits.xen.org/gitweb/?p=osstest.git;a=blob;f=README.email;hb=master http://xenbits.xen.org/gitweb/?p=osstest.git;a=blob;f=README;hb=master Test harness code can be found at http://xenbits.xen.org/gitweb?p=osstest.git;a=summary Not pushing. (No revision log; it would be 5773 lines long.)
