flight 172817 ovmf real [real] http://logs.test-lab.xenproject.org/osstest/logs/172817/
Regressions :-( Tests which did not succeed and are blocking, including tests which could not be run: build-i386-libvirt 6 libvirt-build fail REGR. vs. 172136 build-amd64-libvirt 6 libvirt-build fail REGR. vs. 172136 version targeted for testing: ovmf 0ede7cad73dda686afa2ea0eb2a787f48ec666aa baseline version: ovmf 444260d45ec2a84e8f8c192b3539a3cd5591d009 Last test of basis 172136 2022-08-04 06:43:42 Z 23 days Failing since 172151 2022-08-05 02:40:28 Z 22 days 185 attempts Testing same since 172773 2022-08-25 13:41:54 Z 2 days 18 attempts ------------------------------------------------------------ People who touched revisions under test: Abdul Lateef Attar <[email protected]> Abner Chang <[email protected]> Chasel Chiu <[email protected]> Czajkowski, Maciej <[email protected]> Dimitrije Pavlov <[email protected]> Dun Tan <[email protected]> Edward Pickup <[email protected]> Foster Nong <[email protected]> Gregx Yeh <[email protected]> Igor Kulchytskyy <[email protected]> James Lu <[email protected]> Jose Marinho <[email protected]> KasimX Liu <[email protected]> Kavya <[email protected]> Konstantin Aladyshev <[email protected]> Liu, Zhiguang <[email protected]> Maciej Czajkowski <[email protected]> Michael D Kinney <[email protected]> Ray Ni <[email protected]> Sainadh Nagolu <[email protected]> Sami Mujawar <[email protected]> Shengfengx Xue <[email protected]> Zhiguang Liu <[email protected]> jobs: build-amd64-xsm pass build-i386-xsm pass build-amd64 pass build-i386 pass build-amd64-libvirt fail build-i386-libvirt fail build-amd64-pvops pass build-i386-pvops pass test-amd64-amd64-xl-qemuu-ovmf-amd64 pass test-amd64-i386-xl-qemuu-ovmf-amd64 pass ------------------------------------------------------------ sg-report-flight on osstest.test-lab.xenproject.org logs: /home/logs/logs images: /home/logs/images Logs, config files, etc. are available at http://logs.test-lab.xenproject.org/osstest/logs Explanation of these reports, and of osstest in general, is at http://xenbits.xen.org/gitweb/?p=osstest.git;a=blob;f=README.email;hb=master http://xenbits.xen.org/gitweb/?p=osstest.git;a=blob;f=README;hb=master Test harness code can be found at http://xenbits.xen.org/gitweb?p=osstest.git;a=summary Not pushing. (No revision log; it would be 962 lines long.)
