flight 173166 ovmf real [real]
http://logs.test-lab.xenproject.org/osstest/logs/173166/

Regressions :-(

Tests which did not succeed and are blocking,
including tests which could not be run:
 build-i386-libvirt            6 libvirt-build            fail REGR. vs. 172136
 build-amd64-libvirt           6 libvirt-build            fail REGR. vs. 172136

version targeted for testing:
 ovmf                 db7afaee91423e988df3160624d04c3c534f294d
baseline version:
 ovmf                 444260d45ec2a84e8f8c192b3539a3cd5591d009

Last test of basis   172136  2022-08-04 06:43:42 Z   40 days
Failing since        172151  2022-08-05 02:40:28 Z   39 days  301 attempts
Testing same since   173166  2022-09-13 08:46:34 Z    0 days    1 attempts

------------------------------------------------------------
People who touched revisions under test:
  "Lee, Chun-Yi" <[email protected]>
  Abdul Lateef Attar <[email protected]>
  Abner Chang <[email protected]>
  Annie Li <[email protected]>
  Ard Biesheuvel <[email protected]>
  Baraneedharan Anbazhagan <[email protected]>
  Bob Feng <[email protected]>
  Chasel Chiu <[email protected]>
  Chen, Xiao X <[email protected]>
  Corvin Köhne <[email protected]>
  Czajkowski, Maciej <[email protected]>
  Dimitrije Pavlov <[email protected]>
  Dun Tan <[email protected]>
  Edward Pickup <[email protected]>
  Feng, Bob C <[email protected]>
  Foster Nong <[email protected]>
  Gerd Hoffmann <[email protected]>
  Gregx Yeh <[email protected]>
  Guo Dong <[email protected]>
  Igor Kulchytskyy <[email protected]>
  James Lu <[email protected]>
  Jeff Brasen <[email protected]>
  Jianyong Wu <[email protected]>
  Jiaxin Wu <[email protected]>
  Jose Marinho <[email protected]>
  KasimX Liu <[email protected]>
  Kavya <[email protected]>
  Konstantin Aladyshev <[email protected]>
  Kun Qin <[email protected]>
  Laszlo Ersek <[email protected]>
  Lee, Chun-Yi <[email protected]>
  Leif Lindholm <[email protected]>
  Liming Gao <[email protected]>
  Liu, Zhiguang <[email protected]>
  Maciej Czajkowski <[email protected]>
  Michael D Kinney <[email protected]>
  Michael Kubacki <[email protected]>
  Min M Xu <[email protected]>
  Min Xu <[email protected]>
  Oliver Steffen <[email protected]>
  Pierre Gondois <[email protected]>
  Pranav Madhu <[email protected]>
  Ray Ni <[email protected]>
  Rebecca Cran <[email protected]>
  Rebecca Cran <[email protected]>
  Rohit Mathew <[email protected]>
  Sainadh Nagolu <[email protected]>
  Sami Mujawar <[email protected]>
  Sebastien Boeuf <[email protected]>
  Shengfengx Xue <[email protected]>
  Wenyi Xie <[email protected]>
  Wu, Jiaxin <[email protected]>
  Xiao X Chen <[email protected]>
  Yuan Yu <[email protected]>
  Yuanhao Xie <[email protected]>
  Zhiguang Liu <[email protected]>

jobs:
 build-amd64-xsm                                              pass    
 build-i386-xsm                                               pass    
 build-amd64                                                  pass    
 build-i386                                                   pass    
 build-amd64-libvirt                                          fail    
 build-i386-libvirt                                           fail    
 build-amd64-pvops                                            pass    
 build-i386-pvops                                             pass    
 test-amd64-amd64-xl-qemuu-ovmf-amd64                         pass    
 test-amd64-i386-xl-qemuu-ovmf-amd64                          pass    


------------------------------------------------------------
sg-report-flight on osstest.test-lab.xenproject.org
logs: /home/logs/logs
images: /home/logs/images

Logs, config files, etc. are available at
    http://logs.test-lab.xenproject.org/osstest/logs

Explanation of these reports, and of osstest in general, is at
    http://xenbits.xen.org/gitweb/?p=osstest.git;a=blob;f=README.email;hb=master
    http://xenbits.xen.org/gitweb/?p=osstest.git;a=blob;f=README;hb=master

Test harness code can be found at
    http://xenbits.xen.org/gitweb?p=osstest.git;a=summary


Not pushing.

(No revision log; it would be 2485 lines long.)

Reply via email to