flight 174786 xen-unstable-smoke real [real]
http://logs.test-lab.xenproject.org/osstest/logs/174786/

Failures :-/ but no regressions.

Tests which did not succeed, but are not blocking:
 test-amd64-amd64-libvirt     15 migrate-support-check        fail   never pass
 test-arm64-arm64-xl-xsm      15 migrate-support-check        fail   never pass
 test-arm64-arm64-xl-xsm      16 saverestore-support-check    fail   never pass
 test-armhf-armhf-xl          15 migrate-support-check        fail   never pass
 test-armhf-armhf-xl          16 saverestore-support-check    fail   never pass

version targeted for testing:
 xen                  2a98e98f96d1aafddf8869db5e2382d0ddaae01a
baseline version:
 xen                  aa717d803eb5442c0ab9c6f078b6ff2078092bae

Last test of basis   174782  2022-11-16 00:03:14 Z    0 days
Testing same since   174786  2022-11-16 04:02:03 Z    0 days    1 attempts

------------------------------------------------------------
People who touched revisions under test:
  Andrew Cooper <[email protected]>
  Roger Pau Monne <[email protected]>
  Roger Pau MonnĂ© <[email protected]>
  Stefano Stabellini <[email protected]>
  Stefano Stabellini <[email protected]>

jobs:
 build-arm64-xsm                                              pass    
 build-amd64                                                  pass    
 build-armhf                                                  pass    
 build-amd64-libvirt                                          pass    
 test-armhf-armhf-xl                                          pass    
 test-arm64-arm64-xl-xsm                                      pass    
 test-amd64-amd64-xl-qemuu-debianhvm-amd64                    pass    
 test-amd64-amd64-libvirt                                     pass    


------------------------------------------------------------
sg-report-flight on osstest.test-lab.xenproject.org
logs: /home/logs/logs
images: /home/logs/images

Logs, config files, etc. are available at
    http://logs.test-lab.xenproject.org/osstest/logs

Explanation of these reports, and of osstest in general, is at
    http://xenbits.xen.org/gitweb/?p=osstest.git;a=blob;f=README.email;hb=master
    http://xenbits.xen.org/gitweb/?p=osstest.git;a=blob;f=README;hb=master

Test harness code can be found at
    http://xenbits.xen.org/gitweb?p=osstest.git;a=summary


Pushing revision :

To xenbits.xen.org:/home/xen/git/xen.git
   aa717d803e..2a98e98f96  2a98e98f96d1aafddf8869db5e2382d0ddaae01a -> smoke

Reply via email to