flight 122398 linux-4.9 real [real]
http://logs.test-lab.xenproject.org/osstest/logs/122398/

Failures :-/ but no regressions.

Tests which did not succeed, but are not blocking:
 test-amd64-i386-xl-qemut-win7-amd64 17 guest-stop             fail like 122289
 test-amd64-amd64-xl-qemut-win7-amd64 17 guest-stop            fail like 122289
 test-amd64-amd64-xl-qemuu-win7-amd64 17 guest-stop            fail like 122289
 test-amd64-i386-xl-qemuu-win7-amd64 17 guest-stop             fail like 122289
 test-amd64-amd64-xl-qemuu-ws16-amd64 17 guest-stop            fail like 122289
 test-amd64-amd64-xl-pvhv2-intel 12 guest-start                 fail never pass
 test-amd64-amd64-libvirt-xsm 13 migrate-support-check        fail   never pass
 test-amd64-amd64-xl-pvhv2-amd 12 guest-start                  fail  never pass
 test-amd64-i386-xl-pvshim    12 guest-start                  fail   never pass
 test-amd64-i386-libvirt      13 migrate-support-check        fail   never pass
 test-amd64-amd64-libvirt     13 migrate-support-check        fail   never pass
 test-amd64-i386-libvirt-xsm  13 migrate-support-check        fail   never pass
 test-arm64-arm64-xl-credit2  13 migrate-support-check        fail   never pass
 test-arm64-arm64-xl-xsm      13 migrate-support-check        fail   never pass
 test-arm64-arm64-xl-xsm      14 saverestore-support-check    fail   never pass
 test-arm64-arm64-xl-credit2  14 saverestore-support-check    fail   never pass
 test-arm64-arm64-libvirt-xsm 13 migrate-support-check        fail   never pass
 test-arm64-arm64-xl          13 migrate-support-check        fail   never pass
 test-arm64-arm64-libvirt-xsm 14 saverestore-support-check    fail   never pass
 test-arm64-arm64-xl          14 saverestore-support-check    fail   never pass
 test-amd64-i386-libvirt-qemuu-debianhvm-amd64-xsm 11 migrate-support-check 
fail never pass
 test-amd64-amd64-libvirt-qemuu-debianhvm-amd64-xsm 11 migrate-support-check 
fail never pass
 test-armhf-armhf-xl-multivcpu 13 migrate-support-check        fail  never pass
 test-armhf-armhf-xl-multivcpu 14 saverestore-support-check    fail  never pass
 test-amd64-amd64-qemuu-nested-amd 17 debian-hvm-install/l1/l2  fail never pass
 test-amd64-amd64-libvirt-vhd 12 migrate-support-check        fail   never pass
 test-armhf-armhf-xl-xsm      13 migrate-support-check        fail   never pass
 test-armhf-armhf-xl-xsm      14 saverestore-support-check    fail   never pass
 test-armhf-armhf-xl-rtds     13 migrate-support-check        fail   never pass
 test-armhf-armhf-xl-rtds     14 saverestore-support-check    fail   never pass
 test-armhf-armhf-xl-credit2  13 migrate-support-check        fail   never pass
 test-armhf-armhf-xl-credit2  14 saverestore-support-check    fail   never pass
 test-armhf-armhf-xl          13 migrate-support-check        fail   never pass
 test-armhf-armhf-xl          14 saverestore-support-check    fail   never pass
 test-armhf-armhf-xl-cubietruck 13 migrate-support-check        fail never pass
 test-armhf-armhf-xl-cubietruck 14 saverestore-support-check    fail never pass
 test-armhf-armhf-libvirt     13 migrate-support-check        fail   never pass
 test-armhf-armhf-libvirt     14 saverestore-support-check    fail   never pass
 test-armhf-armhf-libvirt-xsm 13 migrate-support-check        fail   never pass
 test-armhf-armhf-libvirt-xsm 14 saverestore-support-check    fail   never pass
 test-amd64-amd64-xl-qemut-ws16-amd64 17 guest-stop             fail never pass
 test-amd64-i386-xl-qemut-ws16-amd64 17 guest-stop              fail never pass
 test-armhf-armhf-xl-vhd      12 migrate-support-check        fail   never pass
 test-armhf-armhf-xl-vhd      13 saverestore-support-check    fail   never pass
 test-amd64-i386-xl-qemuu-ws16-amd64 17 guest-stop              fail never pass
 test-armhf-armhf-xl-arndale  13 migrate-support-check        fail   never pass
 test-armhf-armhf-xl-arndale  14 saverestore-support-check    fail   never pass
 test-armhf-armhf-libvirt-raw 12 migrate-support-check        fail   never pass
 test-armhf-armhf-libvirt-raw 13 saverestore-support-check    fail   never pass
 test-amd64-amd64-xl-qemut-win10-i386 10 windows-install        fail never pass
 test-amd64-amd64-xl-qemuu-win10-i386 10 windows-install        fail never pass
 test-amd64-i386-xl-qemuu-win10-i386 10 windows-install         fail never pass
 test-amd64-i386-xl-qemut-win10-i386 10 windows-install         fail never pass

version targeted for testing:
 linux                5cd35f3eb5384f30d1a10d87f088bacd8839c22b
baseline version:
 linux                cc0eb4dd504b8a0adab865a9488297aca63013ba

Last test of basis   122289  2018-04-14 20:41:23 Z   11 days
Failing since        122360  2018-04-23 11:17:58 Z    2 days    2 attempts
Testing same since   122398  2018-04-24 19:39:50 Z    1 days    1 attempts

------------------------------------------------------------
People who touched revisions under test:
  Aaron Ma <[email protected]>
  Adrian Hunter <[email protected]>
  Al Viro <[email protected]>
  Alex Deucher <[email protected]>
  Alex Smith <[email protected]>
  Alex Williamson <[email protected]>
  Alexander Aring <[email protected]>
  Alexandre Belloni <[email protected]>
  Amir Goldstein <[email protected]>
  Andrew Morton <[email protected]>
  Aniruddha Banerjee <[email protected]>
  Ard Biesheuvel <[email protected]>
  Arnaldo Carvalho de Melo <[email protected]>
  Arnd Bergmann <[email protected]>
  Artem Bityutskiy <[email protected]>
  Bart Van Assche <[email protected]>
  Bas Nieuwenhuizen <[email protected]>
  Bassem Boubaker <[email protected]>
  Bin Liu <[email protected]>
  Bjorn Helgaas <[email protected]>
  Boris Brezillon <[email protected]>
  Catalin Marinas <[email protected]>
  Christian König <[email protected]>
  Christoffer Dall <[email protected]>
  Christoph Lameter <[email protected]>
  Chunming Zhou <[email protected]>
  Dan Carpenter <[email protected]>
  Dan Williams <[email protected]>
  Daniel Lezcano <[email protected]>
  David S. Miller <[email protected]>
  David Wang <[email protected]>
  Davidlohr Bueso <[email protected]>
  Dexuan Cui <[email protected]>
  Dong Aisheng <[email protected]>
  Eric Biggers <[email protected]>
  Eryu Guan <[email protected]>
  Fabio Estevam <[email protected]>
  Fabián Inostroza <[email protected]>
  Fabián Inostroza <[email protected]>
  Felipe Balbi <[email protected]>
  Geert Uytterhoeven <[email protected]>
  Greg Hackmann <[email protected]>
  Greg Kroah-Hartman <[email protected]>
  Greg Thelen <[email protected]>
  Gregory CLEMENT <[email protected]>
  Guenter Roeck <[email protected]>
  Hans de Goede <[email protected]>
  Harsh Shandilya <[email protected]>
  Heiko Stuebner <[email protected]>
  Heinrich Schuchardt <[email protected]>
  Helge Deller <[email protected]>
  Ian Kent <[email protected]>
  Igor Pylypiv <[email protected]>
  Ingo Molnar <[email protected]>
  J. Bruce Fields <[email protected]>
  James Hogan <[email protected]>
  James Kelly <[email protected]>
  James Morse <[email protected]>
  Jan Kara <[email protected]>
  Jason A. Donenfeld <[email protected]>
  Jason Andryuk <[email protected]>
  Jason Gunthorpe <[email protected]>
  Jayachandran C <[email protected]>
  Jeff Mahoney <[email protected]>
  Jens Axboe <[email protected]>
  Jens Axboe <[email protected]>
  Jiri Kosina <[email protected]>
  Joerg Roedel <[email protected]>
  Johannes Weiner <[email protected]>
  Juergen Gross <[email protected]>
  Julian Wiedmann <[email protected]>
  K. Y. Srinivasan <[email protected]>
  Ka-Cheong Poon <[email protected]>
  Kalle Valo <[email protected]>
  Kirill A. Shutemov <[email protected]>
  Kirill Tkhai <[email protected]>
  Krzysztof Kozlowski <[email protected]>
  Krzysztof Mazur <[email protected]>
  Laura Abbott <[email protected]>
  Linus Torvalds <[email protected]>
  Lorenzo Pieralisi <[email protected]>
  Lu Baolu <[email protected]>
  Ludovic Desroches <[email protected]>
  Marc Zyngier <[email protected]>
  Marcel Holtmann <[email protected]>
  Marek Szyprowski <[email protected]>
  Mark Brown <[email protected]>
  Mark Rutland <[email protected] [v4.9 backport]
  Mark Rutland <[email protected]>
  Mark Rutland <[email protected]> [v4.9 backport]
  Martin Schwidefsky <[email protected]>
  Mathieu Malaterre <[email protected]>
  Matt Redfearn <[email protected]>
  Matthew Wilcox <[email protected]>
  Mauro Carvalho Chehab <[email protected]>
  Maxime Chevallier <[email protected]>
  Maxime Jayat <[email protected]>
  Michael Ellerman <[email protected]>
  Michael Henders <[email protected]>
  Michael Neuling <[email protected]>
  Michael S. Tsirkin <[email protected]>
  Michal Hocko <[email protected]>
  Michel Dänzer <[email protected]>
  Mika Westerberg <[email protected]>
  Mikhail Lappo <[email protected]>
  Nathan Chancellor <[email protected]>
  Nicholas Piggin <[email protected]>
  Nicolas Ferre <[email protected]>
  Oliver Neukum <[email protected]>
  Paul Parsons <[email protected]>
  Pekka Enberg <[email protected]>
  Peter Zijlstra (Intel) <[email protected]>
  Phil Elwell <[email protected]>
  Prashant Bhole <[email protected]>
  Rafael J. Wysocki <[email protected]>
  Ralph Sennhauser <[email protected]>
  Randy Dunlap <[email protected]>
  Richard Genoud <[email protected]>
  Richard Weinberger <[email protected]>
  Robin Murphy <[email protected]>
  Rodrigo Rivas Costa <[email protected]>
  Roland Dreier <[email protected]>
  Romain Izard <[email protected]>
  Russell Currey <[email protected]>
  Ryo Kodama <[email protected]>
  Santiago Esteban <[email protected]>
  Santosh Shilimkar <[email protected]>
  Sean Wang <[email protected]>
  Stefan Hajnoczi <[email protected]>
  Stephen Boyd <[email protected]>
  Stephen Boyd <[email protected]>
  Steve French <[email protected]>
  Steve French <[email protected]>
  Stewart Smith <[email protected]>
  Sudhir Sreedharan <[email protected]>
  Suzuki K Poulose <[email protected]>
  Szymon Janc <[email protected]>
  Takashi Iwai <[email protected]>
  Tejaswi Tanikella <[email protected]>
  Tejun Heo <[email protected]>
  Tetsuo Handa <[email protected]>
  Theodore Ts'o <[email protected]>
  Thierry Reding <[email protected]>
  Thinh Nguyen <[email protected]>
  Thinh Nguyen <[email protected]>
  Thomas Gleixner <[email protected]>
  Tuba Yavuz <[email protected]>
  Ulf Hansson <[email protected]>
  Vasily Gorbik <[email protected]>
  Vinod Koul <[email protected]>
  Vlastimil Babka <[email protected]>
  Wang Long <[email protected]>
  Wanpeng Li <[email protected]>
  Will Deacon <[email protected]>
  Wim Van Sebroeck <[email protected]>
  Yavuz, Tuba <[email protected]>
  Yoshihiro Shimoda <[email protected]>
  Yury Norov <[email protected]>
  Zhang Rui <[email protected]>
  Zhengjun Xing <[email protected]>

jobs:
 build-amd64-xsm                                              pass    
 build-arm64-xsm                                              pass    
 build-armhf-xsm                                              pass    
 build-i386-xsm                                               pass    
 build-amd64                                                  pass    
 build-arm64                                                  pass    
 build-armhf                                                  pass    
 build-i386                                                   pass    
 build-amd64-libvirt                                          pass    
 build-arm64-libvirt                                          pass    
 build-armhf-libvirt                                          pass    
 build-i386-libvirt                                           pass    
 build-amd64-pvops                                            pass    
 build-arm64-pvops                                            pass    
 build-armhf-pvops                                            pass    
 build-i386-pvops                                             pass    
 build-amd64-rumprun                                          pass    
 build-i386-rumprun                                           pass    
 test-amd64-amd64-xl                                          pass    
 test-arm64-arm64-xl                                          pass    
 test-armhf-armhf-xl                                          pass    
 test-amd64-i386-xl                                           pass    
 test-amd64-amd64-xl-qemut-debianhvm-amd64-xsm                pass    
 test-amd64-i386-xl-qemut-debianhvm-amd64-xsm                 pass    
 test-amd64-amd64-libvirt-qemuu-debianhvm-amd64-xsm           pass    
 test-amd64-i386-libvirt-qemuu-debianhvm-amd64-xsm            pass    
 test-amd64-amd64-xl-qemuu-debianhvm-amd64-xsm                pass    
 test-amd64-i386-xl-qemuu-debianhvm-amd64-xsm                 pass    
 test-amd64-amd64-xl-qemut-stubdom-debianhvm-amd64-xsm        pass    
 test-amd64-i386-xl-qemut-stubdom-debianhvm-amd64-xsm         pass    
 test-amd64-amd64-libvirt-xsm                                 pass    
 test-arm64-arm64-libvirt-xsm                                 pass    
 test-armhf-armhf-libvirt-xsm                                 pass    
 test-amd64-i386-libvirt-xsm                                  pass    
 test-amd64-amd64-xl-xsm                                      pass    
 test-arm64-arm64-xl-xsm                                      pass    
 test-armhf-armhf-xl-xsm                                      pass    
 test-amd64-i386-xl-xsm                                       pass    
 test-amd64-amd64-qemuu-nested-amd                            fail    
 test-amd64-amd64-xl-pvhv2-amd                                fail    
 test-amd64-i386-qemut-rhel6hvm-amd                           pass    
 test-amd64-i386-qemuu-rhel6hvm-amd                           pass    
 test-amd64-amd64-xl-qemut-debianhvm-amd64                    pass    
 test-amd64-i386-xl-qemut-debianhvm-amd64                     pass    
 test-amd64-amd64-xl-qemuu-debianhvm-amd64                    pass    
 test-amd64-i386-xl-qemuu-debianhvm-amd64                     pass    
 test-amd64-i386-freebsd10-amd64                              pass    
 test-amd64-amd64-xl-qemuu-ovmf-amd64                         pass    
 test-amd64-i386-xl-qemuu-ovmf-amd64                          pass    
 test-amd64-amd64-rumprun-amd64                               pass    
 test-amd64-amd64-xl-qemut-win7-amd64                         fail    
 test-amd64-i386-xl-qemut-win7-amd64                          fail    
 test-amd64-amd64-xl-qemuu-win7-amd64                         fail    
 test-amd64-i386-xl-qemuu-win7-amd64                          fail    
 test-amd64-amd64-xl-qemut-ws16-amd64                         fail    
 test-amd64-i386-xl-qemut-ws16-amd64                          fail    
 test-amd64-amd64-xl-qemuu-ws16-amd64                         fail    
 test-amd64-i386-xl-qemuu-ws16-amd64                          fail    
 test-armhf-armhf-xl-arndale                                  pass    
 test-amd64-amd64-xl-credit2                                  pass    
 test-arm64-arm64-xl-credit2                                  pass    
 test-armhf-armhf-xl-credit2                                  pass    
 test-armhf-armhf-xl-cubietruck                               pass    
 test-amd64-amd64-examine                                     pass    
 test-arm64-arm64-examine                                     pass    
 test-armhf-armhf-examine                                     pass    
 test-amd64-i386-examine                                      pass    
 test-amd64-i386-freebsd10-i386                               pass    
 test-amd64-i386-rumprun-i386                                 pass    
 test-amd64-amd64-xl-qemut-win10-i386                         fail    
 test-amd64-i386-xl-qemut-win10-i386                          fail    
 test-amd64-amd64-xl-qemuu-win10-i386                         fail    
 test-amd64-i386-xl-qemuu-win10-i386                          fail    
 test-amd64-amd64-qemuu-nested-intel                          pass    
 test-amd64-amd64-xl-pvhv2-intel                              fail    
 test-amd64-i386-qemut-rhel6hvm-intel                         pass    
 test-amd64-i386-qemuu-rhel6hvm-intel                         pass    
 test-amd64-amd64-libvirt                                     pass    
 test-armhf-armhf-libvirt                                     pass    
 test-amd64-i386-libvirt                                      pass    
 test-amd64-amd64-xl-multivcpu                                pass    
 test-armhf-armhf-xl-multivcpu                                pass    
 test-amd64-amd64-pair                                        pass    
 test-amd64-i386-pair                                         pass    
 test-amd64-amd64-libvirt-pair                                pass    
 test-amd64-i386-libvirt-pair                                 pass    
 test-amd64-amd64-amd64-pvgrub                                pass    
 test-amd64-amd64-i386-pvgrub                                 pass    
 test-amd64-amd64-xl-pvshim                                   pass    
 test-amd64-i386-xl-pvshim                                    fail    
 test-amd64-amd64-pygrub                                      pass    
 test-amd64-amd64-xl-qcow2                                    pass    
 test-armhf-armhf-libvirt-raw                                 pass    
 test-amd64-i386-xl-raw                                       pass    
 test-amd64-amd64-xl-rtds                                     pass    
 test-armhf-armhf-xl-rtds                                     pass    
 test-amd64-amd64-xl-qemuu-debianhvm-amd64-shadow             pass    
 test-amd64-i386-xl-qemuu-debianhvm-amd64-shadow              pass    
 test-amd64-amd64-xl-shadow                                   pass    
 test-amd64-i386-xl-shadow                                    pass    
 test-amd64-amd64-libvirt-vhd                                 pass    
 test-armhf-armhf-xl-vhd                                      pass    


------------------------------------------------------------
sg-report-flight on osstest.test-lab.xenproject.org
logs: /home/logs/logs
images: /home/logs/images

Logs, config files, etc. are available at
    http://logs.test-lab.xenproject.org/osstest/logs

Explanation of these reports, and of osstest in general, is at
    http://xenbits.xen.org/gitweb/?p=osstest.git;a=blob;f=README.email;hb=master
    http://xenbits.xen.org/gitweb/?p=osstest.git;a=blob;f=README;hb=master

Test harness code can be found at
    http://xenbits.xen.org/gitweb?p=osstest.git;a=summary


Pushing revision :

To xenbits.xen.org:/home/xen/git/linux-pvops.git
   cc0eb4dd504b..5cd35f3eb538  5cd35f3eb5384f30d1a10d87f088bacd8839c22b -> 
tested/linux-4.9

_______________________________________________
Xen-devel mailing list
[email protected]
https://lists.xenproject.org/mailman/listinfo/xen-devel

Reply via email to