flight 174995 libvirt real [real] http://logs.test-lab.xenproject.org/osstest/logs/174995/
Failures :-/ but no regressions. Tests which did not succeed, but are not blocking: test-armhf-armhf-libvirt 16 saverestore-support-check fail like 174960 test-armhf-armhf-libvirt-raw 15 saverestore-support-check fail like 174960 test-armhf-armhf-libvirt-qcow2 15 saverestore-support-check fail like 174960 test-amd64-amd64-libvirt-xsm 15 migrate-support-check fail never pass test-amd64-i386-libvirt-xsm 15 migrate-support-check fail never pass test-amd64-i386-libvirt 15 migrate-support-check fail never pass test-amd64-amd64-libvirt-qemuu-debianhvm-amd64-xsm 13 migrate-support-check fail never pass test-arm64-arm64-libvirt-xsm 15 migrate-support-check fail never pass test-arm64-arm64-libvirt-xsm 16 saverestore-support-check fail never pass test-arm64-arm64-libvirt 15 migrate-support-check fail never pass test-arm64-arm64-libvirt 16 saverestore-support-check fail never pass test-amd64-amd64-libvirt 15 migrate-support-check fail never pass test-amd64-i386-libvirt-qemuu-debianhvm-amd64-xsm 13 migrate-support-check fail never pass test-amd64-i386-libvirt-raw 14 migrate-support-check fail never pass test-amd64-amd64-libvirt-vhd 14 migrate-support-check fail never pass test-arm64-arm64-libvirt-qcow2 14 migrate-support-check fail never pass test-arm64-arm64-libvirt-qcow2 15 saverestore-support-check fail never pass test-armhf-armhf-libvirt 15 migrate-support-check fail never pass test-arm64-arm64-libvirt-raw 14 migrate-support-check fail never pass test-arm64-arm64-libvirt-raw 15 saverestore-support-check fail never pass test-armhf-armhf-libvirt-raw 14 migrate-support-check fail never pass test-armhf-armhf-libvirt-qcow2 14 migrate-support-check fail never pass version targeted for testing: libvirt 4ff500364d3be497dc68c0c97adb347b3bc05c03 baseline version: libvirt d8cc655d3b0f1c2786b2bc374df12d9454c4b9f5 Last test of basis 174960 2022-11-25 04:18:52 Z 5 days Testing same since 174995 2022-11-30 04:20:29 Z 0 days 1 attempts ------------------------------------------------------------ People who touched revisions under test: Fedora Weblate Translation <[email protected]> Göran Uddeborg <[email protected]> Michal Privoznik <[email protected]> Peter Krempa <[email protected]> Weblate <[email protected]> Yuri Chornoivan <[email protected]> 김인수 <[email protected]> jobs: build-amd64-xsm pass build-arm64-xsm pass build-i386-xsm pass build-amd64 pass build-arm64 pass build-armhf pass build-i386 pass build-amd64-libvirt pass build-arm64-libvirt pass build-armhf-libvirt pass build-i386-libvirt pass build-amd64-pvops pass build-arm64-pvops pass build-armhf-pvops pass build-i386-pvops pass test-amd64-amd64-libvirt-qemuu-debianhvm-amd64-xsm pass test-amd64-i386-libvirt-qemuu-debianhvm-amd64-xsm pass test-amd64-amd64-libvirt-xsm pass test-arm64-arm64-libvirt-xsm pass test-amd64-i386-libvirt-xsm pass test-amd64-amd64-libvirt pass test-arm64-arm64-libvirt pass test-armhf-armhf-libvirt pass test-amd64-i386-libvirt pass test-amd64-amd64-libvirt-pair pass test-amd64-i386-libvirt-pair pass test-arm64-arm64-libvirt-qcow2 pass test-armhf-armhf-libvirt-qcow2 pass test-arm64-arm64-libvirt-raw pass test-armhf-armhf-libvirt-raw pass test-amd64-i386-libvirt-raw pass test-amd64-amd64-libvirt-vhd pass ------------------------------------------------------------ sg-report-flight on osstest.test-lab.xenproject.org logs: /home/logs/logs images: /home/logs/images Logs, config files, etc. are available at http://logs.test-lab.xenproject.org/osstest/logs Explanation of these reports, and of osstest in general, is at http://xenbits.xen.org/gitweb/?p=osstest.git;a=blob;f=README.email;hb=master http://xenbits.xen.org/gitweb/?p=osstest.git;a=blob;f=README;hb=master Test harness code can be found at http://xenbits.xen.org/gitweb?p=osstest.git;a=summary Pushing revision : To xenbits.xen.org:/home/xen/git/libvirt.git d8cc655d3b..4ff500364d 4ff500364d3be497dc68c0c97adb347b3bc05c03 -> xen-tested-master
