flight 175063 xen-unstable-smoke real [real] http://logs.test-lab.xenproject.org/osstest/logs/175063/
Failures :-/ but no regressions. Tests which did not succeed, but are not blocking: test-amd64-amd64-libvirt 15 migrate-support-check fail never pass test-arm64-arm64-xl-xsm 15 migrate-support-check fail never pass test-arm64-arm64-xl-xsm 16 saverestore-support-check fail never pass test-armhf-armhf-xl 15 migrate-support-check fail never pass test-armhf-armhf-xl 16 saverestore-support-check fail never pass version targeted for testing: xen b926dbcccaa92831dda37576f768ddab9ec8a701 baseline version: xen a6da84524ceaf24ff997d03407b93f60c12857f3 Last test of basis 175060 2022-12-06 13:00:26 Z 0 days Testing same since 175063 2022-12-06 19:00:28 Z 0 days 1 attempts ------------------------------------------------------------ People who touched revisions under test: Ayan Kumar Halder <[email protected]> Ayan Kumar Halder <[email protected]> Julien Grall <[email protected]> Julien Grall <[email protected]> Michal Orzel <[email protected]> Stefano Stabellini <[email protected]> Viresh Kumar <[email protected]> jobs: build-arm64-xsm pass build-amd64 pass build-armhf pass build-amd64-libvirt pass test-armhf-armhf-xl pass test-arm64-arm64-xl-xsm pass test-amd64-amd64-xl-qemuu-debianhvm-amd64 pass test-amd64-amd64-libvirt pass ------------------------------------------------------------ sg-report-flight on osstest.test-lab.xenproject.org logs: /home/logs/logs images: /home/logs/images Logs, config files, etc. are available at http://logs.test-lab.xenproject.org/osstest/logs Explanation of these reports, and of osstest in general, is at http://xenbits.xen.org/gitweb/?p=osstest.git;a=blob;f=README.email;hb=master http://xenbits.xen.org/gitweb/?p=osstest.git;a=blob;f=README;hb=master Test harness code can be found at http://xenbits.xen.org/gitweb?p=osstest.git;a=summary Pushing revision : To xenbits.xen.org:/home/xen/git/xen.git a6da84524c..b926dbccca b926dbcccaa92831dda37576f768ddab9ec8a701 -> smoke
