flight 175081 linux-linus real [real]
http://logs.test-lab.xenproject.org/osstest/logs/175081/
Regressions :-(
Tests which did not succeed and are blocking,
including tests which could not be run:
test-amd64-amd64-freebsd11-amd64 13 guest-start fail REGR. vs. 173462
test-arm64-arm64-examine 8 reboot fail REGR. vs. 173462
test-arm64-arm64-xl-credit2 8 xen-boot fail REGR. vs. 173462
test-arm64-arm64-xl-seattle 8 xen-boot fail REGR. vs. 173462
test-arm64-arm64-xl-credit1 8 xen-boot fail REGR. vs. 173462
test-arm64-arm64-xl-xsm 8 xen-boot fail REGR. vs. 173462
test-amd64-amd64-xl-credit2 14 guest-start fail REGR. vs. 173462
test-amd64-amd64-xl-pvhv2-amd 14 guest-start fail REGR. vs. 173462
test-amd64-amd64-xl-multivcpu 14 guest-start fail REGR. vs. 173462
test-amd64-amd64-xl 14 guest-start fail REGR. vs. 173462
test-amd64-amd64-dom0pvh-xl-amd 14 guest-start fail REGR. vs. 173462
test-amd64-amd64-libvirt 14 guest-start fail REGR. vs. 173462
test-amd64-amd64-xl-xsm 14 guest-start fail REGR. vs. 173462
test-amd64-amd64-xl-pvshim 14 guest-start fail REGR. vs. 173462
test-amd64-amd64-libvirt-xsm 14 guest-start fail REGR. vs. 173462
test-amd64-amd64-xl-shadow 14 guest-start fail REGR. vs. 173462
test-amd64-amd64-xl-credit1 14 guest-start fail REGR. vs. 173462
test-amd64-amd64-dom0pvh-xl-intel 14 guest-start fail REGR. vs. 173462
test-amd64-amd64-freebsd12-amd64 13 guest-start fail REGR. vs. 173462
test-amd64-amd64-libvirt-pair 25 guest-start/debian fail REGR. vs. 173462
test-arm64-arm64-xl-vhd 8 xen-boot fail REGR. vs. 173462
test-amd64-amd64-xl-pvhv2-intel 14 guest-start fail REGR. vs. 173462
test-amd64-coresched-amd64-xl 14 guest-start fail REGR. vs. 173462
test-armhf-armhf-xl-multivcpu 8 xen-boot fail REGR. vs. 173462
test-arm64-arm64-xl-thunderx 14 guest-start fail REGR. vs. 173462
test-armhf-armhf-libvirt-qcow2 8 xen-boot fail REGR. vs. 173462
test-armhf-armhf-xl-arndale 8 xen-boot fail REGR. vs. 173462
test-armhf-armhf-examine 8 reboot fail REGR. vs. 173462
test-armhf-armhf-xl 8 xen-boot fail REGR. vs. 173462
test-amd64-amd64-xl-qemuu-debianhvm-amd64 12 debian-hvm-install fail REGR. vs.
173462
test-amd64-amd64-xl-qemuu-ovmf-amd64 12 debian-hvm-install fail REGR. vs.
173462
test-amd64-amd64-xl-qemuu-dmrestrict-amd64-dmrestrict 12 debian-hvm-install
fail REGR. vs. 173462
test-amd64-amd64-xl-qemut-debianhvm-amd64 12 debian-hvm-install fail REGR. vs.
173462
test-amd64-amd64-qemuu-nested-amd 12 debian-hvm-install fail REGR. vs. 173462
test-amd64-amd64-xl-qemut-debianhvm-i386-xsm 12 debian-hvm-install fail REGR.
vs. 173462
test-amd64-amd64-xl-qemut-stubdom-debianhvm-amd64-xsm 12 debian-hvm-install
fail REGR. vs. 173462
test-amd64-amd64-qemuu-nested-intel 12 debian-hvm-install fail REGR. vs. 173462
test-arm64-arm64-xl 8 xen-boot fail REGR. vs. 173462
test-arm64-arm64-libvirt-xsm 8 xen-boot fail REGR. vs. 173462
test-arm64-arm64-libvirt-raw 8 xen-boot fail REGR. vs. 173462
test-amd64-amd64-xl-qemuu-debianhvm-i386-xsm 12 debian-hvm-install fail REGR.
vs. 173462
test-amd64-amd64-xl-qemuu-debianhvm-amd64-shadow 12 debian-hvm-install fail
REGR. vs. 173462
test-armhf-armhf-xl-credit2 8 xen-boot fail REGR. vs. 173462
test-armhf-armhf-xl-vhd 8 xen-boot fail REGR. vs. 173462
test-armhf-armhf-libvirt 8 xen-boot fail REGR. vs. 173462
test-armhf-armhf-libvirt-raw 8 xen-boot fail REGR. vs. 173462
test-armhf-armhf-xl-credit1 8 xen-boot fail REGR. vs. 173462
test-amd64-amd64-libvirt-qemuu-debianhvm-amd64-xsm 12 debian-hvm-install fail
REGR. vs. 173462
test-amd64-amd64-libvirt-qcow2 12 debian-di-install fail REGR. vs. 173462
test-amd64-amd64-libvirt-raw 12 debian-di-install fail REGR. vs. 173462
test-amd64-amd64-pygrub 12 debian-di-install fail REGR. vs. 173462
test-amd64-amd64-xl-vhd 12 debian-di-install fail REGR. vs. 173462
Regressions which are regarded as allowable (not blocking):
test-amd64-amd64-xl-rtds 14 guest-start fail REGR. vs. 173462
test-armhf-armhf-xl-rtds 8 xen-boot fail REGR. vs. 173462
Tests which did not succeed, but are not blocking:
test-amd64-amd64-pair 25 guest-start/debian fail blocked in 173462
test-amd64-amd64-xl-qemut-win7-amd64 19 guest-stop fail like 173462
test-amd64-amd64-xl-qemuu-ws16-amd64 19 guest-stop fail like 173462
test-amd64-amd64-xl-qemuu-win7-amd64 19 guest-stop fail like 173462
test-amd64-amd64-xl-qemut-ws16-amd64 19 guest-stop fail like 173462
test-armhf-armhf-xl-cubietruck 15 migrate-support-check fail never pass
test-armhf-armhf-xl-cubietruck 16 saverestore-support-check fail never pass
version targeted for testing:
linux 479174d402bcf60789106eedc4def3957c060bad
baseline version:
linux 9d84bb40bcb30a7fa16f33baa967aeb9953dda78
Last test of basis 173462 2022-10-07 18:41:45 Z 61 days
Failing since 173470 2022-10-08 06:21:34 Z 61 days 121 attempts
Testing same since 175081 2022-12-07 21:41:51 Z 0 days 1 attempts
------------------------------------------------------------
1955 people touched revisions under test,
not listing them all
jobs:
build-amd64-xsm pass
build-arm64-xsm pass
build-i386-xsm pass
build-amd64 pass
build-arm64 pass
build-armhf pass
build-i386 pass
build-amd64-libvirt pass
build-arm64-libvirt pass
build-armhf-libvirt pass
build-i386-libvirt pass
build-amd64-pvops pass
build-arm64-pvops pass
build-armhf-pvops pass
build-i386-pvops pass
test-amd64-amd64-xl fail
test-amd64-coresched-amd64-xl fail
test-arm64-arm64-xl fail
test-armhf-armhf-xl fail
test-amd64-amd64-libvirt-qemuu-debianhvm-amd64-xsm fail
test-amd64-amd64-xl-qemut-stubdom-debianhvm-amd64-xsm fail
test-amd64-amd64-xl-qemut-debianhvm-i386-xsm fail
test-amd64-amd64-xl-qemuu-debianhvm-i386-xsm fail
test-amd64-amd64-libvirt-xsm fail
test-arm64-arm64-libvirt-xsm fail
test-amd64-amd64-xl-xsm fail
test-arm64-arm64-xl-xsm fail
test-amd64-amd64-qemuu-nested-amd fail
test-amd64-amd64-xl-pvhv2-amd fail
test-amd64-amd64-dom0pvh-xl-amd fail
test-amd64-amd64-xl-qemut-debianhvm-amd64 fail
test-amd64-amd64-xl-qemuu-debianhvm-amd64 fail
test-amd64-amd64-freebsd11-amd64 fail
test-amd64-amd64-freebsd12-amd64 fail
test-amd64-amd64-xl-qemuu-ovmf-amd64 fail
test-amd64-amd64-xl-qemut-win7-amd64 fail
test-amd64-amd64-xl-qemuu-win7-amd64 fail
test-amd64-amd64-xl-qemut-ws16-amd64 fail
test-amd64-amd64-xl-qemuu-ws16-amd64 fail
test-armhf-armhf-xl-arndale fail
test-amd64-amd64-examine-bios pass
test-amd64-amd64-xl-credit1 fail
test-arm64-arm64-xl-credit1 fail
test-armhf-armhf-xl-credit1 fail
test-amd64-amd64-xl-credit2 fail
test-arm64-arm64-xl-credit2 fail
test-armhf-armhf-xl-credit2 fail
test-armhf-armhf-xl-cubietruck pass
test-amd64-amd64-xl-qemuu-dmrestrict-amd64-dmrestrict fail
test-amd64-amd64-examine pass
test-arm64-arm64-examine fail
test-armhf-armhf-examine fail
test-amd64-amd64-qemuu-nested-intel fail
test-amd64-amd64-xl-pvhv2-intel fail
test-amd64-amd64-dom0pvh-xl-intel fail
test-amd64-amd64-libvirt fail
test-armhf-armhf-libvirt fail
test-amd64-amd64-xl-multivcpu fail
test-armhf-armhf-xl-multivcpu fail
test-amd64-amd64-pair fail
test-amd64-amd64-libvirt-pair fail
test-amd64-amd64-xl-pvshim fail
test-amd64-amd64-pygrub fail
test-amd64-amd64-libvirt-qcow2 fail
test-armhf-armhf-libvirt-qcow2 fail
test-amd64-amd64-libvirt-raw fail
test-arm64-arm64-libvirt-raw fail
test-armhf-armhf-libvirt-raw fail
test-amd64-amd64-xl-rtds fail
test-armhf-armhf-xl-rtds fail
test-arm64-arm64-xl-seattle fail
test-amd64-amd64-xl-qemuu-debianhvm-amd64-shadow fail
test-amd64-amd64-xl-shadow fail
test-arm64-arm64-xl-thunderx fail
test-amd64-amd64-examine-uefi pass
test-amd64-amd64-xl-vhd fail
test-arm64-arm64-xl-vhd fail
test-armhf-armhf-xl-vhd fail
------------------------------------------------------------
sg-report-flight on osstest.test-lab.xenproject.org
logs: /home/logs/logs
images: /home/logs/images
Logs, config files, etc. are available at
http://logs.test-lab.xenproject.org/osstest/logs
Explanation of these reports, and of osstest in general, is at
http://xenbits.xen.org/gitweb/?p=osstest.git;a=blob;f=README.email;hb=master
http://xenbits.xen.org/gitweb/?p=osstest.git;a=blob;f=README;hb=master
Test harness code can be found at
http://xenbits.xen.org/gitweb?p=osstest.git;a=summary
Not pushing.
(No revision log; it would be 187808 lines long.)