flight 179381 xen-unstable-smoke real [real]
http://logs.test-lab.xenproject.org/osstest/logs/179381/

Failures :-/ but no regressions.

Tests which did not succeed, but are not blocking:
 test-amd64-amd64-libvirt     15 migrate-support-check        fail   never pass
 test-arm64-arm64-xl-xsm      15 migrate-support-check        fail   never pass
 test-arm64-arm64-xl-xsm      16 saverestore-support-check    fail   never pass
 test-armhf-armhf-xl           1 build-check(1)               starved  n/a
 build-armhf                   2 hosts-allocate               starved  n/a

version targeted for testing:
 xen                  31270f11a96ebb875cd70661e2df9e5c6edd7564
baseline version:
 xen                  380a8c0c65bfb84dab54ab4641cca1387cc41edb

Last test of basis   178990  2023-03-02 15:00:26 Z    3 days
Testing same since   179381  2023-03-06 10:01:56 Z    0 days    1 attempts

------------------------------------------------------------
People who touched revisions under test:
  Andrew Cooper <[email protected]>
  Jan Beulich <[email protected]>
  Luca Fancellu <[email protected]>
  Michal Orzel <[email protected]>

jobs:
 build-arm64-xsm                                              pass    
 build-amd64                                                  pass    
 build-armhf                                                  starved 
 build-amd64-libvirt                                          pass    
 test-armhf-armhf-xl                                          starved 
 test-arm64-arm64-xl-xsm                                      pass    
 test-amd64-amd64-xl-qemuu-debianhvm-amd64                    pass    
 test-amd64-amd64-libvirt                                     pass    


------------------------------------------------------------
sg-report-flight on osstest.test-lab.xenproject.org
logs: /home/logs/logs
images: /home/logs/images

Logs, config files, etc. are available at
    http://logs.test-lab.xenproject.org/osstest/logs

Explanation of these reports, and of osstest in general, is at
    http://xenbits.xen.org/gitweb/?p=osstest.git;a=blob;f=README.email;hb=master
    http://xenbits.xen.org/gitweb/?p=osstest.git;a=blob;f=README;hb=master

Test harness code can be found at
    http://xenbits.xen.org/gitweb?p=osstest.git;a=summary


Pushing revision :

To xenbits.xen.org:/home/xen/git/xen.git
   380a8c0c65..31270f11a9  31270f11a96ebb875cd70661e2df9e5c6edd7564 -> smoke

Reply via email to