flight 179449 qemu-mainline real [real]
http://logs.test-lab.xenproject.org/osstest/logs/179449/

Failures :-/ but no regressions.

Tests which did not succeed, but are not blocking:
 test-amd64-amd64-xl-qemuu-ws16-amd64 19 guest-stop      fail blocked in 176342
 test-amd64-amd64-xl-qemuu-win7-amd64 19 guest-stop            fail like 176342
 test-amd64-i386-xl-qemuu-ws16-amd64 19 guest-stop             fail like 176342
 test-amd64-i386-xl-qemuu-win7-amd64 19 guest-stop             fail like 176342
 test-amd64-amd64-qemuu-nested-amd 20 debian-hvm-install/l1/l2 fail like 176342
 test-arm64-arm64-xl          15 migrate-support-check        fail   never pass
 test-arm64-arm64-xl          16 saverestore-support-check    fail   never pass
 test-amd64-i386-libvirt-qemuu-debianhvm-amd64-xsm 13 migrate-support-check 
fail never pass
 test-amd64-amd64-libvirt     15 migrate-support-check        fail   never pass
 test-amd64-amd64-libvirt-xsm 15 migrate-support-check        fail   never pass
 test-amd64-i386-xl-pvshim    14 guest-start                  fail   never pass
 test-amd64-amd64-libvirt-qemuu-debianhvm-amd64-xsm 13 migrate-support-check 
fail never pass
 test-amd64-i386-libvirt-xsm  15 migrate-support-check        fail   never pass
 test-amd64-i386-libvirt      15 migrate-support-check        fail   never pass
 test-arm64-arm64-xl-credit1  15 migrate-support-check        fail   never pass
 test-arm64-arm64-xl-credit1  16 saverestore-support-check    fail   never pass
 test-arm64-arm64-libvirt-xsm 15 migrate-support-check        fail   never pass
 test-arm64-arm64-libvirt-xsm 16 saverestore-support-check    fail   never pass
 test-amd64-amd64-libvirt-vhd 14 migrate-support-check        fail   never pass
 test-arm64-arm64-xl-thunderx 15 migrate-support-check        fail   never pass
 test-arm64-arm64-xl-thunderx 16 saverestore-support-check    fail   never pass
 test-arm64-arm64-xl-credit2  15 migrate-support-check        fail   never pass
 test-arm64-arm64-xl-credit2  16 saverestore-support-check    fail   never pass
 test-arm64-arm64-xl-xsm      15 migrate-support-check        fail   never pass
 test-arm64-arm64-xl-xsm      16 saverestore-support-check    fail   never pass
 test-amd64-i386-libvirt-raw  14 migrate-support-check        fail   never pass
 test-arm64-arm64-libvirt-raw 14 migrate-support-check        fail   never pass
 test-arm64-arm64-libvirt-raw 15 saverestore-support-check    fail   never pass
 test-arm64-arm64-xl-vhd      14 migrate-support-check        fail   never pass
 test-arm64-arm64-xl-vhd      15 saverestore-support-check    fail   never pass
 test-armhf-armhf-libvirt      1 build-check(1)               starved  n/a
 test-armhf-armhf-libvirt-qcow2  1 build-check(1)               starved  n/a
 test-armhf-armhf-libvirt-raw  1 build-check(1)               starved  n/a
 test-armhf-armhf-xl           1 build-check(1)               starved  n/a
 test-armhf-armhf-xl-credit1   1 build-check(1)               starved  n/a
 test-armhf-armhf-xl-multivcpu  1 build-check(1)               starved  n/a
 test-armhf-armhf-xl-rtds      1 build-check(1)               starved  n/a
 test-armhf-armhf-xl-vhd       1 build-check(1)               starved  n/a
 build-armhf-libvirt           1 build-check(1)               starved  n/a
 test-armhf-armhf-xl-cubietruck  1 build-check(1)               starved  n/a
 test-armhf-armhf-xl-credit2   1 build-check(1)               starved  n/a
 build-armhf                   2 hosts-allocate               starved  n/a

version targeted for testing:
 qemuu                817fd33836e73812df2f1907612b57750fcb9491
baseline version:
 qemuu                387b2b52558bbb44ad74634415e1ab488d3c62a7

Last test of basis   176342  2023-02-03 03:30:18 Z   32 days
Failing since        176352  2023-02-03 17:40:20 Z   31 days    7 attempts
Testing same since   179449  2023-03-07 01:40:20 Z    0 days    1 attempts

------------------------------------------------------------
People who touched revisions under test:
  "John Berberian, Jr" <[email protected]>
  Akihiko Odaki <[email protected]>
  Alberto Faria <[email protected]>
  Alex Bennée <[email protected]>
  Alex Williamson <[email protected]>
  Alexander Bulekov <[email protected]>
  Alexander Graf <[email protected]>
  Alistair Francis <[email protected]>
  Andrey Zhadchenko <[email protected]>
  Ankur Arora <[email protected]>
  Antoine Damhet <[email protected]>
  Anton Johansson <[email protected]>
  Anton Kochkov <[email protected]>
  Anup Patel <[email protected]>
  Avihai Horon <[email protected]>
  BALATON Zoltan <[email protected]>
  Bastian Koppelmann <[email protected]>
  Bernhard Beschow <[email protected]>
  Bibo Mao <[email protected]>
  Bin Meng <[email protected]>
  Brad Smith <[email protected]>
  Carlos López <[email protected]>
  Charles Frey <[email protected]>
  Christian Schoenebeck <[email protected]>
  Christian Svensson <[email protected]>
  Christoph Müllner <[email protected]>
  Claudio Fontana <[email protected]>
  Claudio Imbrenda <[email protected]>
  Corey Minyard <[email protected]>
  Cornelia Huck <[email protected]>
  Cédric Le Goater <[email protected]>
  Cédric Le Goater <[email protected]>
  Daniel Henrique Barboza <[email protected]>
  Daniel Henrique Barboza <[email protected]>
  Daniel P. Berrangé <[email protected]>
  David Hildenbrand <[email protected]>
  David Woodhouse <[email protected]>
  David Woodhouse <[email protected]>
  David Wooodhouse <[email protected]>
  Deepak Gupta <[email protected]>
  Dinah Baum <[email protected]>
  Dongli Zhang <[email protected]>
  Doug Rabson <[email protected]>
  Dov Murik <[email protected]>
  Dr. David Alan Gilbert <[email protected]>
  Drew DeVault <[email protected]>
  Eitan Eliahu <[email protected]>
  Emanuele Giuseppe Esposito <[email protected]>
  Emilio Cota <[email protected]>
  Eric Auger <[email protected]>
  Eugenio Pérez <[email protected]>
  Evgeny Iakovlev <[email protected]>
  Fabiano Rosas <[email protected]>
  Fan Ni <[email protected]>
  Fiona Ebner <[email protected]>
  Frank Chang <[email protected]>
  Frederic Barrat <[email protected]>
  Fuad Tabba <[email protected]>
  Gautam Dawar <[email protected]>
  Gerd Hoffmann <[email protected]>
  Gregory Price <[email protected]>
  Gregory Price <[email protected]>
  Guenter Roeck <[email protected]>
  Hanna Czenczek <[email protected]>
  Hanna Reitz <[email protected]>
  Hao Wu <[email protected]>
  Havard Skinnemoen <[email protected]>
  Helge Deller <[email protected]>
  Himanshu Chauhan <[email protected]>
  Idan Horowitz <[email protected]>
  Ilya Leoshkevich <[email protected]>
  Ira Weiny <[email protected]>
  Jason Wang <[email protected]>
  Jean-Philippe Brucker <[email protected]>
  Jiang Jiacheng <[email protected]>
  Jiri Pirko <[email protected]>
  Joao Martins <[email protected]>
  Joel Stanley <[email protected]>
  Joelle van Dyne <[email protected]>
  John Berberian, Jr <[email protected]>
  John Snow <[email protected]>
  Jonathan Cameron <[email protected]>
  Juan Quintela <[email protected]>
  Juergen Lock <[email protected]>
  Julia Suvorova <[email protected]>
  Junqiang Wang <[email protected]>
  Karthikeyan Pasupathi <[email protected]>
  Keith Packard <[email protected]>
  Kevin Wolf <[email protected]>
  Khadija Kamran <[email protected]>
  Klaus Jensen <[email protected]>
  Kyle Evans <[email protected]>
  Laurent Vivier <[email protected]>
  Laurent Vivier <[email protected]>
  Lei Yang <[email protected]>
  Leonardo Bras <[email protected]>
  Letu Ren <[email protected]>
  Li Zhang <[email protected]>
  ling xu <[email protected]>
  LIU Zhiwei <[email protected]>
  Lukáš Doktor <[email protected]>
  manish.mishra <[email protected]>
  Marc-André Lureau <[email protected]>
  Marcin Juszkiewicz <[email protected]>
  Mark Cave-Ayland <[email protected]>
  Markus Armbruster <[email protected]>
  Mauro Matteo Cascella <[email protected]>
  Maxime Coquelin <[email protected]>
  Michael S. Tsirkin <[email protected]>
  Michal Privoznik <[email protected]>
  Mike Frysinger <[email protected]>
  Mostafa Saleh <[email protected]>
  Murilo Opsfelder Araujo <[email protected]>
  Nathan Chancellor <[email protected]>
  Ninad Palsule <[email protected]>
  Or Ozeri <[email protected]>
  Palmer Dabbelt <[email protected]>
  Paolo Bonzini <[email protected]>
  Paul Durrant <[email protected]>
  Paul Durrant <[email protected]>
  Peter Delevoryas <[email protected]>
  Peter Krempa <[email protected]>
  Peter Maydell <[email protected]>
  Peter Xu <[email protected]>
  Philipp Tomsich <[email protected]>
  Philippe Mathieu-Daudé <[email protected]>
  Philippe Mathieu-Daudé <[email protected]>
  Pierrick Bouvier <[email protected]>
  Qiang Liu <[email protected]>
  Raphael Kubo da Costa <[email protected]>
  Rene Engel <[email protected]>
  Richard Henderson <[email protected]>
  Richard W.M. Jones <[email protected]>
  Rui Wang <[email protected]>
  Sean Bruno <[email protected]>
  Sergey Matyukevich <[email protected]>
  Shaobo Song <[email protected]>
  Sittisak Sinprem <[email protected]>
  Song Gao <[email protected]>
  Stacey Son <[email protected]>
  Stefan Hajnoczi <[email protected]>
  Stefano Garzarella <[email protected]>
  Stephen Longfield <[email protected]>
  Steve Sistare <[email protected]>
  TaiseiIto <[email protected]>
  Taylor Simpson <[email protected]>
  Thomas Huth <[email protected]>
  Viktor Prutyanov <[email protected]>
  Vladimir Isaev <[email protected]>
  Vladimir Sementsov-Ogievskiy <[email protected]>
  Volker Rümelin <[email protected]>
  Wang, Lei <[email protected]>
  Warner Losh <[email protected]>
  Weiwei Li <[email protected]>
  Wilfred Mallawa <[email protected]>
  Xiang Zheng <[email protected]>
  Yajun Wu <[email protected]>
  Zhenzhong Duan <[email protected]>

jobs:
 build-amd64-xsm                                              pass    
 build-arm64-xsm                                              pass    
 build-i386-xsm                                               pass    
 build-amd64                                                  pass    
 build-arm64                                                  pass    
 build-armhf                                                  starved 
 build-i386                                                   pass    
 build-amd64-libvirt                                          pass    
 build-arm64-libvirt                                          pass    
 build-armhf-libvirt                                          starved 
 build-i386-libvirt                                           pass    
 build-amd64-pvops                                            pass    
 build-arm64-pvops                                            pass    
 build-armhf-pvops                                            pass    
 build-i386-pvops                                             pass    
 test-amd64-amd64-xl                                          pass    
 test-amd64-coresched-amd64-xl                                pass    
 test-arm64-arm64-xl                                          pass    
 test-armhf-armhf-xl                                          starved 
 test-amd64-i386-xl                                           pass    
 test-amd64-coresched-i386-xl                                 pass    
 test-amd64-amd64-libvirt-qemuu-debianhvm-amd64-xsm           pass    
 test-amd64-i386-libvirt-qemuu-debianhvm-amd64-xsm            pass    
 test-amd64-amd64-xl-qemuu-debianhvm-i386-xsm                 pass    
 test-amd64-i386-xl-qemuu-debianhvm-i386-xsm                  pass    
 test-amd64-amd64-libvirt-xsm                                 pass    
 test-arm64-arm64-libvirt-xsm                                 pass    
 test-amd64-i386-libvirt-xsm                                  pass    
 test-amd64-amd64-xl-xsm                                      pass    
 test-arm64-arm64-xl-xsm                                      pass    
 test-amd64-i386-xl-xsm                                       pass    
 test-amd64-amd64-qemuu-nested-amd                            fail    
 test-amd64-amd64-xl-pvhv2-amd                                pass    
 test-amd64-i386-qemuu-rhel6hvm-amd                           pass    
 test-amd64-amd64-dom0pvh-xl-amd                              pass    
 test-amd64-amd64-xl-qemuu-debianhvm-amd64                    pass    
 test-amd64-i386-xl-qemuu-debianhvm-amd64                     pass    
 test-amd64-i386-freebsd10-amd64                              pass    
 test-amd64-amd64-qemuu-freebsd11-amd64                       pass    
 test-amd64-amd64-qemuu-freebsd12-amd64                       pass    
 test-amd64-amd64-xl-qemuu-ovmf-amd64                         pass    
 test-amd64-i386-xl-qemuu-ovmf-amd64                          pass    
 test-amd64-amd64-xl-qemuu-win7-amd64                         fail    
 test-amd64-i386-xl-qemuu-win7-amd64                          fail    
 test-amd64-amd64-xl-qemuu-ws16-amd64                         fail    
 test-amd64-i386-xl-qemuu-ws16-amd64                          fail    
 test-amd64-amd64-xl-credit1                                  pass    
 test-arm64-arm64-xl-credit1                                  pass    
 test-armhf-armhf-xl-credit1                                  starved 
 test-amd64-amd64-xl-credit2                                  pass    
 test-arm64-arm64-xl-credit2                                  pass    
 test-armhf-armhf-xl-credit2                                  starved 
 test-armhf-armhf-xl-cubietruck                               starved 
 test-amd64-amd64-xl-qemuu-dmrestrict-amd64-dmrestrict        pass    
 test-amd64-i386-xl-qemuu-dmrestrict-amd64-dmrestrict         pass    
 test-amd64-i386-freebsd10-i386                               pass    
 test-amd64-amd64-qemuu-nested-intel                          pass    
 test-amd64-amd64-xl-pvhv2-intel                              pass    
 test-amd64-i386-qemuu-rhel6hvm-intel                         pass    
 test-amd64-amd64-dom0pvh-xl-intel                            pass    
 test-amd64-amd64-libvirt                                     pass    
 test-armhf-armhf-libvirt                                     starved 
 test-amd64-i386-libvirt                                      pass    
 test-amd64-amd64-xl-multivcpu                                pass    
 test-armhf-armhf-xl-multivcpu                                starved 
 test-amd64-amd64-pair                                        pass    
 test-amd64-i386-pair                                         pass    
 test-amd64-amd64-libvirt-pair                                pass    
 test-amd64-i386-libvirt-pair                                 pass    
 test-amd64-amd64-xl-pvshim                                   pass    
 test-amd64-i386-xl-pvshim                                    fail    
 test-amd64-amd64-pygrub                                      pass    
 test-armhf-armhf-libvirt-qcow2                               starved 
 test-amd64-amd64-xl-qcow2                                    pass    
 test-arm64-arm64-libvirt-raw                                 pass    
 test-armhf-armhf-libvirt-raw                                 starved 
 test-amd64-i386-libvirt-raw                                  pass    
 test-amd64-amd64-xl-rtds                                     pass    
 test-armhf-armhf-xl-rtds                                     starved 
 test-amd64-amd64-xl-qemuu-debianhvm-amd64-shadow             pass    
 test-amd64-i386-xl-qemuu-debianhvm-amd64-shadow              pass    
 test-amd64-amd64-xl-shadow                                   pass    
 test-amd64-i386-xl-shadow                                    pass    
 test-arm64-arm64-xl-thunderx                                 pass    
 test-amd64-amd64-libvirt-vhd                                 pass    
 test-arm64-arm64-xl-vhd                                      pass    
 test-armhf-armhf-xl-vhd                                      starved 
 test-amd64-i386-xl-vhd                                       pass    


------------------------------------------------------------
sg-report-flight on osstest.test-lab.xenproject.org
logs: /home/logs/logs
images: /home/logs/images

Logs, config files, etc. are available at
    http://logs.test-lab.xenproject.org/osstest/logs

Explanation of these reports, and of osstest in general, is at
    http://xenbits.xen.org/gitweb/?p=osstest.git;a=blob;f=README.email;hb=master
    http://xenbits.xen.org/gitweb/?p=osstest.git;a=blob;f=README;hb=master

Test harness code can be found at
    http://xenbits.xen.org/gitweb?p=osstest.git;a=summary


Pushing revision :

To xenbits.xen.org:/home/xen/git/qemu-xen.git
   387b2b5255..817fd33836  817fd33836e73812df2f1907612b57750fcb9491 -> 
upstream-tested

Reply via email to