flight 179596 qemu-mainline real [real]
http://logs.test-lab.xenproject.org/osstest/logs/179596/

Regressions :-(

Tests which did not succeed and are blocking,
including tests which could not be run:
 test-amd64-i386-libvirt      14 guest-start              fail REGR. vs. 179518
 test-amd64-i386-libvirt-xsm  14 guest-start              fail REGR. vs. 179518
 test-amd64-i386-qemuu-rhel6hvm-amd  7 xen-install        fail REGR. vs. 179518
 test-amd64-i386-libvirt-pair 25 guest-start/debian       fail REGR. vs. 179518
 test-amd64-amd64-xl-qcow2    12 debian-di-install        fail REGR. vs. 179518
 test-amd64-amd64-libvirt-vhd 12 debian-di-install        fail REGR. vs. 179518
 test-amd64-amd64-libvirt-xsm 14 guest-start              fail REGR. vs. 179518
 test-arm64-arm64-libvirt-xsm 14 guest-start              fail REGR. vs. 179518
 test-amd64-amd64-libvirt     14 guest-start              fail REGR. vs. 179518
 test-amd64-i386-libvirt-raw  12 debian-di-install        fail REGR. vs. 179518
 test-amd64-i386-xl-qemuu-dmrestrict-amd64-dmrestrict 12 debian-hvm-install 
fail REGR. vs. 179518
 test-amd64-amd64-xl-qemuu-dmrestrict-amd64-dmrestrict 12 debian-hvm-install 
fail REGR. vs. 179518
 test-arm64-arm64-libvirt-raw 12 debian-di-install        fail REGR. vs. 179518
 test-amd64-i386-xl-vhd       12 debian-di-install        fail REGR. vs. 179518
 test-arm64-arm64-xl-vhd      12 debian-di-install        fail REGR. vs. 179518
 test-amd64-amd64-libvirt-pair 25 guest-start/debian      fail REGR. vs. 179518

Tests which are failing intermittently (not blocking):
 test-amd64-i386-xl-xsm        7 xen-install                fail pass in 179588
 test-amd64-i386-xl-qemuu-win7-amd64 12 windows-install     fail pass in 179588

Tests which did not succeed, but are not blocking:
 test-amd64-i386-xl-qemuu-win7-amd64 19 guest-stop   fail in 179588 like 179518
 test-amd64-amd64-xl-qemuu-win7-amd64 19 guest-stop            fail like 179518
 test-amd64-amd64-xl-qemuu-ws16-amd64 19 guest-stop            fail like 179518
 test-amd64-i386-xl-qemuu-ws16-amd64 19 guest-stop             fail like 179518
 test-amd64-amd64-qemuu-nested-amd 20 debian-hvm-install/l1/l2 fail like 179518
 test-amd64-i386-xl-pvshim    14 guest-start                  fail   never pass
 test-amd64-amd64-libvirt-qemuu-debianhvm-amd64-xsm 13 migrate-support-check 
fail never pass
 test-arm64-arm64-xl-thunderx 15 migrate-support-check        fail   never pass
 test-arm64-arm64-xl-thunderx 16 saverestore-support-check    fail   never pass
 test-arm64-arm64-xl-xsm      15 migrate-support-check        fail   never pass
 test-arm64-arm64-xl-xsm      16 saverestore-support-check    fail   never pass
 test-arm64-arm64-xl          15 migrate-support-check        fail   never pass
 test-arm64-arm64-xl          16 saverestore-support-check    fail   never pass
 test-arm64-arm64-xl-credit2  15 migrate-support-check        fail   never pass
 test-arm64-arm64-xl-credit2  16 saverestore-support-check    fail   never pass
 test-arm64-arm64-xl-credit1  15 migrate-support-check        fail   never pass
 test-arm64-arm64-xl-credit1  16 saverestore-support-check    fail   never pass
 test-amd64-i386-libvirt-qemuu-debianhvm-amd64-xsm 13 migrate-support-check 
fail never pass
 test-armhf-armhf-libvirt      1 build-check(1)               starved  n/a
 test-armhf-armhf-libvirt-qcow2  1 build-check(1)               starved  n/a
 test-armhf-armhf-libvirt-raw  1 build-check(1)               starved  n/a
 test-armhf-armhf-xl           1 build-check(1)               starved  n/a
 test-armhf-armhf-xl-credit1   1 build-check(1)               starved  n/a
 test-armhf-armhf-xl-multivcpu  1 build-check(1)               starved  n/a
 test-armhf-armhf-xl-rtds      1 build-check(1)               starved  n/a
 test-armhf-armhf-xl-vhd       1 build-check(1)               starved  n/a
 build-armhf-libvirt           1 build-check(1)               starved  n/a
 test-armhf-armhf-xl-cubietruck  1 build-check(1)               starved  n/a
 test-armhf-armhf-xl-credit2   1 build-check(1)               starved  n/a
 build-armhf                   2 hosts-allocate               starved  n/a

version targeted for testing:
 qemuu                29c8a9e31a982874ce4e2c15f2bf82d5f8dc3517
baseline version:
 qemuu                7b0f0aa55fd292fa3489755a3a896e496c51ea86

Last test of basis   179518  2023-03-09 10:37:19 Z    4 days
Failing since        179526  2023-03-10 01:53:40 Z    3 days    7 attempts
Testing same since   179588  2023-03-12 22:07:17 Z    0 days    2 attempts

------------------------------------------------------------
People who touched revisions under test:
  Akihiko Odaki <[email protected]>
  Albert Esteve <[email protected]>
  Alex Bennée <[email protected]>
  Alex Williamson <[email protected]>
  Andreas Schwab <[email protected]>
  Anton Johansson <[email protected]>
  Avihai Horon <[email protected]>
  BALATON Zoltan <[email protected]>
  Bernhard Beschow <[email protected]>
  Carlos López <[email protected]>
  Cédric Le Goater <[email protected]>
  Cédric Le Goater <[email protected]>
  David Woodhouse <[email protected]>
  David Woodhouse <[email protected]>
  Dr. David Alan Gilbert <[email protected]>
  Eugenio Pérez <[email protected]>
  Fabiano Rosas <[email protected]>
  Fan Ni <[email protected]>
  fanwenjie <[email protected]>
  [email protected] <[email protected]>
  Gal Hammer <[email protected]>
  Gerd Hoffmann <[email protected]>
  Hanna Czenczek <[email protected]>
  Helge Deller <[email protected]>
  Idan Horowitz <[email protected]>
  Igor Mammedov <[email protected]>
  Ilya Leoshkevich <[email protected]>
  Jared Rossi <[email protected]>
  Jason Wang <[email protected]>
  Jiaxun Yang <[email protected]>
  Joao Martins <[email protected]>
  Jonathan Cameron <[email protected]>
  Juan Quintela <[email protected]>
  Karthikeyan Pasupathi <[email protected]>
  Kevin Wolf <[email protected]>
  Kfir Manor <[email protected]>
  Konstantin Kostiuk <[email protected]>
  Laurent Vivier <[email protected]>
  Lei Yang <[email protected]>
  Mads Ynddal <[email protected]>
  Marcel Apfelbaum <[email protected]>
  Marcin Nowakowski <[email protected]>
  Mark Cave-Ayland <[email protected]>
  Matheus Tavares Bernardino <[email protected]>
  Mathis Marion <[email protected]>
  Max Filippov <[email protected]>
  Michael S. Tsirkin <[email protected]>
  Paul Durrant <[email protected]>
  Paul Durrant <[email protected]>
  Peter Maydell <[email protected]>
  Philippe Mathieu-Daudé <[email protected]>
  Rene Engel <[email protected]>
  Richard Henderson <[email protected]>
  Shreesh Adiga <[email protected]>
  Stefan Hajnoczi <[email protected]>
  Taylor Simpson <[email protected]>
  Ted Chen <[email protected]>
  Thomas Huth <[email protected]>
  Tsukasa OI <[email protected]>
  zhenwei pi <[email protected]>

jobs:
 build-amd64-xsm                                              pass    
 build-arm64-xsm                                              pass    
 build-i386-xsm                                               pass    
 build-amd64                                                  pass    
 build-arm64                                                  pass    
 build-armhf                                                  starved 
 build-i386                                                   pass    
 build-amd64-libvirt                                          pass    
 build-arm64-libvirt                                          pass    
 build-armhf-libvirt                                          starved 
 build-i386-libvirt                                           pass    
 build-amd64-pvops                                            pass    
 build-arm64-pvops                                            pass    
 build-armhf-pvops                                            pass    
 build-i386-pvops                                             pass    
 test-amd64-amd64-xl                                          pass    
 test-amd64-coresched-amd64-xl                                pass    
 test-arm64-arm64-xl                                          pass    
 test-armhf-armhf-xl                                          starved 
 test-amd64-i386-xl                                           pass    
 test-amd64-coresched-i386-xl                                 pass    
 test-amd64-amd64-libvirt-qemuu-debianhvm-amd64-xsm           pass    
 test-amd64-i386-libvirt-qemuu-debianhvm-amd64-xsm            pass    
 test-amd64-amd64-xl-qemuu-debianhvm-i386-xsm                 pass    
 test-amd64-i386-xl-qemuu-debianhvm-i386-xsm                  pass    
 test-amd64-amd64-libvirt-xsm                                 fail    
 test-arm64-arm64-libvirt-xsm                                 fail    
 test-amd64-i386-libvirt-xsm                                  fail    
 test-amd64-amd64-xl-xsm                                      pass    
 test-arm64-arm64-xl-xsm                                      pass    
 test-amd64-i386-xl-xsm                                       fail    
 test-amd64-amd64-qemuu-nested-amd                            fail    
 test-amd64-amd64-xl-pvhv2-amd                                pass    
 test-amd64-i386-qemuu-rhel6hvm-amd                           fail    
 test-amd64-amd64-dom0pvh-xl-amd                              pass    
 test-amd64-amd64-xl-qemuu-debianhvm-amd64                    pass    
 test-amd64-i386-xl-qemuu-debianhvm-amd64                     pass    
 test-amd64-i386-freebsd10-amd64                              pass    
 test-amd64-amd64-qemuu-freebsd11-amd64                       pass    
 test-amd64-amd64-qemuu-freebsd12-amd64                       pass    
 test-amd64-amd64-xl-qemuu-ovmf-amd64                         pass    
 test-amd64-i386-xl-qemuu-ovmf-amd64                          pass    
 test-amd64-amd64-xl-qemuu-win7-amd64                         fail    
 test-amd64-i386-xl-qemuu-win7-amd64                          fail    
 test-amd64-amd64-xl-qemuu-ws16-amd64                         fail    
 test-amd64-i386-xl-qemuu-ws16-amd64                          fail    
 test-amd64-amd64-xl-credit1                                  pass    
 test-arm64-arm64-xl-credit1                                  pass    
 test-armhf-armhf-xl-credit1                                  starved 
 test-amd64-amd64-xl-credit2                                  pass    
 test-arm64-arm64-xl-credit2                                  pass    
 test-armhf-armhf-xl-credit2                                  starved 
 test-armhf-armhf-xl-cubietruck                               starved 
 test-amd64-amd64-xl-qemuu-dmrestrict-amd64-dmrestrict        fail    
 test-amd64-i386-xl-qemuu-dmrestrict-amd64-dmrestrict         fail    
 test-amd64-i386-freebsd10-i386                               pass    
 test-amd64-amd64-qemuu-nested-intel                          pass    
 test-amd64-amd64-xl-pvhv2-intel                              pass    
 test-amd64-i386-qemuu-rhel6hvm-intel                         pass    
 test-amd64-amd64-dom0pvh-xl-intel                            pass    
 test-amd64-amd64-libvirt                                     fail    
 test-armhf-armhf-libvirt                                     starved 
 test-amd64-i386-libvirt                                      fail    
 test-amd64-amd64-xl-multivcpu                                pass    
 test-armhf-armhf-xl-multivcpu                                starved 
 test-amd64-amd64-pair                                        pass    
 test-amd64-i386-pair                                         pass    
 test-amd64-amd64-libvirt-pair                                fail    
 test-amd64-i386-libvirt-pair                                 fail    
 test-amd64-amd64-xl-pvshim                                   pass    
 test-amd64-i386-xl-pvshim                                    fail    
 test-amd64-amd64-pygrub                                      pass    
 test-armhf-armhf-libvirt-qcow2                               starved 
 test-amd64-amd64-xl-qcow2                                    fail    
 test-arm64-arm64-libvirt-raw                                 fail    
 test-armhf-armhf-libvirt-raw                                 starved 
 test-amd64-i386-libvirt-raw                                  fail    
 test-amd64-amd64-xl-rtds                                     pass    
 test-armhf-armhf-xl-rtds                                     starved 
 test-amd64-amd64-xl-qemuu-debianhvm-amd64-shadow             pass    
 test-amd64-i386-xl-qemuu-debianhvm-amd64-shadow              pass    
 test-amd64-amd64-xl-shadow                                   pass    
 test-amd64-i386-xl-shadow                                    pass    
 test-arm64-arm64-xl-thunderx                                 pass    
 test-amd64-amd64-libvirt-vhd                                 fail    
 test-arm64-arm64-xl-vhd                                      fail    
 test-armhf-armhf-xl-vhd                                      starved 
 test-amd64-i386-xl-vhd                                       fail    


------------------------------------------------------------
sg-report-flight on osstest.test-lab.xenproject.org
logs: /home/logs/logs
images: /home/logs/images

Logs, config files, etc. are available at
    http://logs.test-lab.xenproject.org/osstest/logs

Explanation of these reports, and of osstest in general, is at
    http://xenbits.xen.org/gitweb/?p=osstest.git;a=blob;f=README.email;hb=master
    http://xenbits.xen.org/gitweb/?p=osstest.git;a=blob;f=README;hb=master

Test harness code can be found at
    http://xenbits.xen.org/gitweb?p=osstest.git;a=summary


Not pushing.

(No revision log; it would be 6274 lines long.)

Reply via email to