flight 122722 linux-4.9 real [real] http://logs.test-lab.xenproject.org/osstest/logs/122722/
Failures and problems with tests :-( Tests which did not succeed and are blocking, including tests which could not be run: test-arm64-arm64-libvirt-xsm <job status> broken test-arm64-arm64-xl <job status> broken test-arm64-arm64-xl-credit2 <job status> broken test-arm64-arm64-examine 5 host-install broken REGR. vs. 122564 test-arm64-arm64-xl-xsm <job status> broken in 122670 Tests which are failing intermittently (not blocking): test-arm64-arm64-xl-xsm 4 host-install(4) broken in 122670 pass in 122722 test-arm64-arm64-libvirt-xsm 4 host-install(4) broken pass in 122670 test-arm64-arm64-xl-credit2 4 host-install(4) broken pass in 122670 test-arm64-arm64-xl 4 host-install(4) broken pass in 122670 test-amd64-i386-xl-qemuu-ws16-amd64 15 guest-saverestore.2 fail pass in 122670 Regressions which are regarded as allowable (not blocking): test-armhf-armhf-xl-rtds 16 guest-start/debian.repeat fail REGR. vs. 122564 Tests which did not succeed, but are not blocking: test-arm64-arm64-libvirt-xsm 13 migrate-support-check fail in 122670 never pass test-arm64-arm64-libvirt-xsm 14 saverestore-support-check fail in 122670 never pass test-arm64-arm64-xl-credit2 13 migrate-support-check fail in 122670 never pass test-arm64-arm64-xl-credit2 14 saverestore-support-check fail in 122670 never pass test-arm64-arm64-xl 13 migrate-support-check fail in 122670 never pass test-arm64-arm64-xl 14 saverestore-support-check fail in 122670 never pass test-amd64-i386-xl-qemuu-ws16-amd64 17 guest-stop fail in 122670 never pass test-amd64-amd64-xl-qemut-win7-amd64 17 guest-stop fail like 122564 test-amd64-i386-xl-qemut-win7-amd64 17 guest-stop fail like 122564 test-amd64-amd64-xl-qemuu-win7-amd64 17 guest-stop fail like 122564 test-amd64-i386-xl-qemuu-win7-amd64 17 guest-stop fail like 122564 test-amd64-amd64-xl-qemuu-ws16-amd64 17 guest-stop fail like 122564 test-amd64-amd64-xl-pvhv2-intel 12 guest-start fail never pass test-amd64-amd64-libvirt-xsm 13 migrate-support-check fail never pass test-amd64-amd64-xl-pvhv2-amd 12 guest-start fail never pass test-amd64-i386-libvirt-xsm 13 migrate-support-check fail never pass test-amd64-i386-xl-pvshim 12 guest-start fail never pass test-amd64-i386-libvirt 13 migrate-support-check fail never pass test-amd64-amd64-libvirt 13 migrate-support-check fail never pass test-arm64-arm64-xl-xsm 13 migrate-support-check fail never pass test-arm64-arm64-xl-xsm 14 saverestore-support-check fail never pass test-amd64-amd64-libvirt-qemuu-debianhvm-amd64-xsm 11 migrate-support-check fail never pass test-armhf-armhf-libvirt-xsm 13 migrate-support-check fail never pass test-armhf-armhf-libvirt-xsm 14 saverestore-support-check fail never pass test-amd64-i386-libvirt-qemuu-debianhvm-amd64-xsm 11 migrate-support-check fail never pass test-armhf-armhf-xl-arndale 13 migrate-support-check fail never pass test-armhf-armhf-libvirt 13 migrate-support-check fail never pass test-armhf-armhf-xl-arndale 14 saverestore-support-check fail never pass test-armhf-armhf-libvirt 14 saverestore-support-check fail never pass test-amd64-amd64-qemuu-nested-amd 17 debian-hvm-install/l1/l2 fail never pass test-amd64-amd64-libvirt-vhd 12 migrate-support-check fail never pass test-armhf-armhf-xl 13 migrate-support-check fail never pass test-armhf-armhf-xl 14 saverestore-support-check fail never pass test-armhf-armhf-xl-cubietruck 13 migrate-support-check fail never pass test-armhf-armhf-xl-cubietruck 14 saverestore-support-check fail never pass test-armhf-armhf-xl-rtds 13 migrate-support-check fail never pass test-armhf-armhf-xl-rtds 14 saverestore-support-check fail never pass test-armhf-armhf-xl-xsm 13 migrate-support-check fail never pass test-armhf-armhf-xl-xsm 14 saverestore-support-check fail never pass test-armhf-armhf-xl-multivcpu 13 migrate-support-check fail never pass test-armhf-armhf-xl-multivcpu 14 saverestore-support-check fail never pass test-armhf-armhf-xl-vhd 12 migrate-support-check fail never pass test-armhf-armhf-xl-vhd 13 saverestore-support-check fail never pass test-amd64-amd64-xl-qemut-ws16-amd64 17 guest-stop fail never pass test-amd64-i386-xl-qemut-ws16-amd64 17 guest-stop fail never pass test-armhf-armhf-libvirt-raw 12 migrate-support-check fail never pass test-armhf-armhf-libvirt-raw 13 saverestore-support-check fail never pass test-armhf-armhf-xl-credit2 13 migrate-support-check fail never pass test-armhf-armhf-xl-credit2 14 saverestore-support-check fail never pass test-amd64-amd64-xl-qemut-win10-i386 10 windows-install fail never pass test-amd64-i386-xl-qemuu-win10-i386 10 windows-install fail never pass test-amd64-amd64-xl-qemuu-win10-i386 10 windows-install fail never pass test-amd64-i386-xl-qemut-win10-i386 10 windows-install fail never pass version targeted for testing: linux 04cd74a759bf381f8f2c12e9ddb5fe8d0651c483 baseline version: linux eff40cb1908ba6ba604068d6273584fc28e3bac8 Last test of basis 122564 2018-05-02 15:09:58 Z 12 days Testing same since 122670 2018-05-09 08:12:17 Z 5 days 2 attempts ------------------------------------------------------------ People who touched revisions under test: Alan Stern <[email protected]> Alexei Starovoitov <[email protected]> Ben Hutchings <[email protected]> Bin Liu <[email protected]> Bjørn Mork <[email protected]> Chenbo Feng <[email protected]> Christophe Leroy <[email protected]> Daniel Borkmann <[email protected]> Danit Goldberg <[email protected]> Darren Hart (VMware) <[email protected]> Darrick J. Wong <[email protected]> David S. Miller <[email protected]> Dennis Dalessandro <[email protected]> Dmitry Torokhov <[email protected]> Doug Ledford <[email protected]> Eric Biggers <[email protected]> Greg Kroah-Hartman <[email protected]> Guenter Roeck <[email protected]> Heiko Carstens <[email protected]> Herbert Xu <[email protected]> Horia Geantă <[email protected]> Ingo Molnar <[email protected]> Johan Hovold <[email protected]> João Paulo Rechi Vita <[email protected]> João Paulo Rechi Vita <[email protected]> Kristian Evensen <[email protected]> Leon Romanovsky <[email protected]> LEROY Christophe <[email protected]> Luis R. Rodriguez <[email protected]> Marc Zyngier <[email protected]> Martin Schwidefsky <[email protected]> Mathieu Desnoyers <[email protected]> Mika Penttilä <[email protected]> Peter Zijlstra (Intel) <[email protected]> Raju Rangoju <[email protected]> Robert Rosengren <[email protected]> Roland Dreier <[email protected]> Salvatore Bellizzi <[email protected]> Sean Paul <[email protected]> Sebastian Sanchez <[email protected]> Steve Twiss <[email protected]> Steven Rostedt (VMware) <[email protected]> SZ Lin (林上智) <[email protected]> Takashi Iwai <[email protected]> Tan Xiaojun <[email protected]> Tasos Sahanidis <[email protected]> Tejun Heo <[email protected]> Teng Qin <[email protected]> Thomas Hellstrom <[email protected]> Uwe Kleine-König <[email protected]> Vittorio Gambaletta (VittGam) <[email protected]> Vittorio Gambaletta <[email protected]> jobs: build-amd64-xsm pass build-arm64-xsm pass build-armhf-xsm pass build-i386-xsm pass build-amd64 pass build-arm64 pass build-armhf pass build-i386 pass build-amd64-libvirt pass build-arm64-libvirt pass build-armhf-libvirt pass build-i386-libvirt pass build-amd64-pvops pass build-arm64-pvops pass build-armhf-pvops pass build-i386-pvops pass build-amd64-rumprun pass build-i386-rumprun pass test-amd64-amd64-xl pass test-arm64-arm64-xl broken test-armhf-armhf-xl pass test-amd64-i386-xl pass test-amd64-amd64-xl-qemut-debianhvm-amd64-xsm pass test-amd64-i386-xl-qemut-debianhvm-amd64-xsm pass test-amd64-amd64-libvirt-qemuu-debianhvm-amd64-xsm pass test-amd64-i386-libvirt-qemuu-debianhvm-amd64-xsm pass test-amd64-amd64-xl-qemuu-debianhvm-amd64-xsm pass test-amd64-i386-xl-qemuu-debianhvm-amd64-xsm pass test-amd64-amd64-xl-qemut-stubdom-debianhvm-amd64-xsm pass test-amd64-i386-xl-qemut-stubdom-debianhvm-amd64-xsm pass test-amd64-amd64-libvirt-xsm pass test-arm64-arm64-libvirt-xsm broken test-armhf-armhf-libvirt-xsm pass test-amd64-i386-libvirt-xsm pass test-amd64-amd64-xl-xsm pass test-arm64-arm64-xl-xsm pass test-armhf-armhf-xl-xsm pass test-amd64-i386-xl-xsm pass test-amd64-amd64-qemuu-nested-amd fail test-amd64-amd64-xl-pvhv2-amd fail test-amd64-i386-qemut-rhel6hvm-amd pass test-amd64-i386-qemuu-rhel6hvm-amd pass test-amd64-amd64-xl-qemut-debianhvm-amd64 pass test-amd64-i386-xl-qemut-debianhvm-amd64 pass test-amd64-amd64-xl-qemuu-debianhvm-amd64 pass test-amd64-i386-xl-qemuu-debianhvm-amd64 pass test-amd64-i386-freebsd10-amd64 pass test-amd64-amd64-xl-qemuu-ovmf-amd64 pass test-amd64-i386-xl-qemuu-ovmf-amd64 pass test-amd64-amd64-rumprun-amd64 pass test-amd64-amd64-xl-qemut-win7-amd64 fail test-amd64-i386-xl-qemut-win7-amd64 fail test-amd64-amd64-xl-qemuu-win7-amd64 fail test-amd64-i386-xl-qemuu-win7-amd64 fail test-amd64-amd64-xl-qemut-ws16-amd64 fail test-amd64-i386-xl-qemut-ws16-amd64 fail test-amd64-amd64-xl-qemuu-ws16-amd64 fail test-amd64-i386-xl-qemuu-ws16-amd64 fail test-armhf-armhf-xl-arndale pass test-amd64-amd64-xl-credit2 pass test-arm64-arm64-xl-credit2 broken test-armhf-armhf-xl-credit2 pass test-armhf-armhf-xl-cubietruck pass test-amd64-amd64-examine pass test-arm64-arm64-examine fail test-armhf-armhf-examine pass test-amd64-i386-examine pass test-amd64-i386-freebsd10-i386 pass test-amd64-i386-rumprun-i386 pass test-amd64-amd64-xl-qemut-win10-i386 fail test-amd64-i386-xl-qemut-win10-i386 fail test-amd64-amd64-xl-qemuu-win10-i386 fail test-amd64-i386-xl-qemuu-win10-i386 fail test-amd64-amd64-qemuu-nested-intel pass test-amd64-amd64-xl-pvhv2-intel fail test-amd64-i386-qemut-rhel6hvm-intel pass test-amd64-i386-qemuu-rhel6hvm-intel pass test-amd64-amd64-libvirt pass test-armhf-armhf-libvirt pass test-amd64-i386-libvirt pass test-amd64-amd64-xl-multivcpu pass test-armhf-armhf-xl-multivcpu pass test-amd64-amd64-pair pass test-amd64-i386-pair pass test-amd64-amd64-libvirt-pair pass test-amd64-i386-libvirt-pair pass test-amd64-amd64-amd64-pvgrub pass test-amd64-amd64-i386-pvgrub pass test-amd64-amd64-xl-pvshim pass test-amd64-i386-xl-pvshim fail test-amd64-amd64-pygrub pass test-amd64-amd64-xl-qcow2 pass test-armhf-armhf-libvirt-raw pass test-amd64-i386-xl-raw pass test-amd64-amd64-xl-rtds pass test-armhf-armhf-xl-rtds fail test-amd64-amd64-xl-qemuu-debianhvm-amd64-shadow pass test-amd64-i386-xl-qemuu-debianhvm-amd64-shadow pass test-amd64-amd64-xl-shadow pass test-amd64-i386-xl-shadow pass test-amd64-amd64-libvirt-vhd pass test-armhf-armhf-xl-vhd pass ------------------------------------------------------------ sg-report-flight on osstest.test-lab.xenproject.org logs: /home/logs/logs images: /home/logs/images Logs, config files, etc. are available at http://logs.test-lab.xenproject.org/osstest/logs Explanation of these reports, and of osstest in general, is at http://xenbits.xen.org/gitweb/?p=osstest.git;a=blob;f=README.email;hb=master http://xenbits.xen.org/gitweb/?p=osstest.git;a=blob;f=README;hb=master Test harness code can be found at http://xenbits.xen.org/gitweb?p=osstest.git;a=summary broken-job test-arm64-arm64-libvirt-xsm broken broken-job test-arm64-arm64-xl broken broken-job test-arm64-arm64-xl-credit2 broken broken-step test-arm64-arm64-libvirt-xsm host-install(4) broken-step test-arm64-arm64-xl-credit2 host-install(4) broken-step test-arm64-arm64-xl host-install(4) broken-step test-arm64-arm64-examine host-install broken-job test-arm64-arm64-xl-xsm broken Not pushing. (No revision log; it would be 870 lines long.) _______________________________________________ Xen-devel mailing list [email protected] https://lists.xenproject.org/mailman/listinfo/xen-devel
