flight 180983 qemu-mainline real [real]
http://logs.test-lab.xenproject.org/osstest/logs/180983/

Regressions :-(

Tests which did not succeed and are blocking,
including tests which could not be run:
 build-armhf                     <job status>                 broken  in 180981
 build-arm64                   6 xen-build                fail REGR. vs. 180691
 build-arm64-xsm               6 xen-build                fail REGR. vs. 180691
 build-armhf                  5 host-build-prep fail in 180981 REGR. vs. 180691

Tests which are failing intermittently (not blocking):
 test-amd64-i386-qemuu-rhel6hvm-amd 7 xen-install fail in 180981 pass in 180983
 test-amd64-i386-xl-vhd       21 guest-start/debian.repeat  fail pass in 180977
 test-amd64-i386-pair         10 xen-install/src_host       fail pass in 180981

Tests which did not succeed, but are not blocking:
 test-armhf-armhf-libvirt-raw  1 build-check(1)           blocked in 180981 n/a
 test-armhf-armhf-xl-rtds      1 build-check(1)           blocked in 180981 n/a
 test-armhf-armhf-xl-vhd       1 build-check(1)           blocked in 180981 n/a
 test-armhf-armhf-xl           1 build-check(1)           blocked in 180981 n/a
 test-armhf-armhf-xl-multivcpu  1 build-check(1)          blocked in 180981 n/a
 test-armhf-armhf-xl-credit1   1 build-check(1)           blocked in 180981 n/a
 build-armhf-libvirt           1 build-check(1)           blocked in 180981 n/a
 test-armhf-armhf-xl-arndale   1 build-check(1)           blocked in 180981 n/a
 test-armhf-armhf-libvirt-qcow2  1 build-check(1)         blocked in 180981 n/a
 test-armhf-armhf-xl-credit2   1 build-check(1)           blocked in 180981 n/a
 test-armhf-armhf-libvirt      1 build-check(1)           blocked in 180981 n/a
 test-arm64-arm64-libvirt-raw  1 build-check(1)               blocked  n/a
 test-arm64-arm64-libvirt-xsm  1 build-check(1)               blocked  n/a
 test-arm64-arm64-xl           1 build-check(1)               blocked  n/a
 test-arm64-arm64-xl-credit1   1 build-check(1)               blocked  n/a
 test-arm64-arm64-xl-credit2   1 build-check(1)               blocked  n/a
 test-arm64-arm64-xl-thunderx  1 build-check(1)               blocked  n/a
 test-arm64-arm64-xl-vhd       1 build-check(1)               blocked  n/a
 test-arm64-arm64-xl-xsm       1 build-check(1)               blocked  n/a
 build-arm64-libvirt           1 build-check(1)               blocked  n/a
 test-armhf-armhf-libvirt     16 saverestore-support-check    fail  like 180691
 test-amd64-amd64-xl-qemuu-win7-amd64 19 guest-stop            fail like 180691
 test-amd64-amd64-xl-qemuu-ws16-amd64 19 guest-stop            fail like 180691
 test-armhf-armhf-libvirt-qcow2 15 saverestore-support-check   fail like 180691
 test-armhf-armhf-libvirt-raw 15 saverestore-support-check    fail  like 180691
 test-amd64-i386-xl-qemuu-ws16-amd64 19 guest-stop             fail like 180691
 test-amd64-amd64-qemuu-nested-amd 20 debian-hvm-install/l1/l2 fail like 180691
 test-amd64-i386-xl-qemuu-win7-amd64 19 guest-stop             fail like 180691
 test-amd64-i386-xl-pvshim    14 guest-start                  fail   never pass
 test-amd64-amd64-libvirt     15 migrate-support-check        fail   never pass
 test-amd64-i386-libvirt      15 migrate-support-check        fail   never pass
 test-amd64-i386-libvirt-xsm  15 migrate-support-check        fail   never pass
 test-amd64-amd64-libvirt-qemuu-debianhvm-amd64-xsm 13 migrate-support-check 
fail never pass
 test-amd64-i386-libvirt-qemuu-debianhvm-amd64-xsm 13 migrate-support-check 
fail never pass
 test-armhf-armhf-xl          15 migrate-support-check        fail   never pass
 test-armhf-armhf-xl          16 saverestore-support-check    fail   never pass
 test-armhf-armhf-xl-multivcpu 15 migrate-support-check        fail  never pass
 test-armhf-armhf-xl-multivcpu 16 saverestore-support-check    fail  never pass
 test-armhf-armhf-xl-credit2  15 migrate-support-check        fail   never pass
 test-armhf-armhf-xl-credit2  16 saverestore-support-check    fail   never pass
 test-armhf-armhf-xl-credit1  15 migrate-support-check        fail   never pass
 test-armhf-armhf-xl-credit1  16 saverestore-support-check    fail   never pass
 test-armhf-armhf-libvirt     15 migrate-support-check        fail   never pass
 test-armhf-armhf-xl-arndale  15 migrate-support-check        fail   never pass
 test-armhf-armhf-xl-arndale  16 saverestore-support-check    fail   never pass
 test-amd64-amd64-libvirt-vhd 14 migrate-support-check        fail   never pass
 test-amd64-i386-libvirt-raw  14 migrate-support-check        fail   never pass
 test-amd64-amd64-libvirt-xsm 15 migrate-support-check        fail   never pass
 test-armhf-armhf-libvirt-qcow2 14 migrate-support-check        fail never pass
 test-armhf-armhf-libvirt-raw 14 migrate-support-check        fail   never pass
 test-armhf-armhf-xl-vhd      14 migrate-support-check        fail   never pass
 test-armhf-armhf-xl-vhd      15 saverestore-support-check    fail   never pass
 test-armhf-armhf-xl-rtds     15 migrate-support-check        fail   never pass
 test-armhf-armhf-xl-rtds     16 saverestore-support-check    fail   never pass

version targeted for testing:
 qemuu                ac84b57b4d74606f7f83667a0606deef32b2049d
baseline version:
 qemuu                6972ef1440a9d685482d78672620a7482f2bd09a

Last test of basis   180691  2023-05-17 10:45:22 Z   11 days
Failing since        180699  2023-05-18 07:21:24 Z   10 days   43 attempts
Testing same since   180972  2023-05-27 03:59:19 Z    1 days    5 attempts

------------------------------------------------------------
People who touched revisions under test:
  Afonso Bordado <[email protected]>
  Akihiko Odaki <[email protected]>
  Akihiro Suda <[email protected]>
  Alex Bennée <[email protected]>
  Alex Williamson <[email protected]>
  Alexander Bulekov <[email protected]>
  Alexander Graf <[email protected]>
  Alistair Francis <[email protected]>
  Ani Sinha <[email protected]>
  Ani Sinha <[email protected]>
  Anton Johansson <[email protected]>
  Bernhard Beschow <[email protected]>
  Brian Cain <[email protected]>
  Brice Goglin <[email protected]>
  Camilla Conte <[email protected]>
  Cindy Lu <[email protected]>
  Cornelia Huck <[email protected]>
  Cédric Le Goater <[email protected]>
  Daniel P. Berrangé <[email protected]>
  Daniil Kovalev <[email protected]>
  David Hildenbrand <[email protected]>
  Emanuele Giuseppe Esposito <[email protected]>
  Eric Blake <[email protected]>
  Eric DeVolder <[email protected]>
  Eugenio Pérez <[email protected]>
  Fabiano Rosas <[email protected]>
  Fan Ni <[email protected]>
  Fiona Ebner <[email protected]>
  Gavin Shan <[email protected]>
  Gregory Price <[email protected]>
  Gregory Price <[email protected]>
  Hao Zeng <[email protected]>
  Hawkins Jiawei <[email protected]>
  Igor Mammedov <[email protected]>
  Ira Weiny <[email protected]>
  Jason Wang <[email protected]>
  John Snow <[email protected]>
  Jonathan Cameron <[email protected]>
  Juan Quintela <[email protected]>
  Kevin Wolf <[email protected]>
  Laurent Vivier <[email protected]>
  Lei Yang <[email protected]>
  Leonardo Bras <[email protected]>
  Maksim Davydov <[email protected]>
  Marcin Juszkiewicz <[email protected]>
  Marco Liebel <[email protected]>
  Mark Cave-Ayland <[email protected]>
  Markus Armbruster <[email protected]>
  Matheus Tavares Bernardino <[email protected]>
  Mauro Matteo Cascella <[email protected]>
  Michael S. Tsirkin <[email protected]>
  Michael Tokarev <[email protected]>
  Nicolas Saenz Julienne <[email protected]>
  Palmer Dabbelt <[email protected]>
  Paolo Bonzini <[email protected]>
  Peter Maydell <[email protected]>
  Peter Xu <[email protected]>
  Philippe Mathieu-Daudé <[email protected]>
  Raghu H <[email protected]>
  Richard Henderson <[email protected]>
  Ricky Zhou <[email protected]>
  Ryan Wendland <[email protected]>
  Sebastian Ott <[email protected]>
  Sid Manning <[email protected]>
  Song Gao <[email protected]>
  Stefan Hajnoczi <[email protected]>
  Steve Sistare <[email protected]>
  Taylor Simpson <[email protected]>
  Thomas Huth <[email protected]>
  Thomas Weißschuh <[email protected]>
  [email protected] <[email protected]>
  Timothée Cocault <[email protected]>
  Viktor Prutyanov <[email protected]>
  Vladimir Sementsov-Ogievskiy <[email protected]>
  Volker Rümelin <[email protected]>
  Xinyu Li <[email protected]>
  Zeng Hao <[email protected]>
  Zhenyu Zhang <[email protected]>
  Zhenzhong Duan <[email protected]>

jobs:
 build-amd64-xsm                                              pass    
 build-arm64-xsm                                              fail    
 build-i386-xsm                                               pass    
 build-amd64                                                  pass    
 build-arm64                                                  fail    
 build-armhf                                                  pass    
 build-i386                                                   pass    
 build-amd64-libvirt                                          pass    
 build-arm64-libvirt                                          blocked 
 build-armhf-libvirt                                          pass    
 build-i386-libvirt                                           pass    
 build-amd64-pvops                                            pass    
 build-arm64-pvops                                            pass    
 build-armhf-pvops                                            pass    
 build-i386-pvops                                             pass    
 test-amd64-amd64-xl                                          pass    
 test-amd64-coresched-amd64-xl                                pass    
 test-arm64-arm64-xl                                          blocked 
 test-armhf-armhf-xl                                          pass    
 test-amd64-i386-xl                                           pass    
 test-amd64-coresched-i386-xl                                 pass    
 test-amd64-amd64-libvirt-qemuu-debianhvm-amd64-xsm           pass    
 test-amd64-i386-libvirt-qemuu-debianhvm-amd64-xsm            pass    
 test-amd64-amd64-xl-qemuu-debianhvm-i386-xsm                 pass    
 test-amd64-i386-xl-qemuu-debianhvm-i386-xsm                  pass    
 test-amd64-amd64-libvirt-xsm                                 pass    
 test-arm64-arm64-libvirt-xsm                                 blocked 
 test-amd64-i386-libvirt-xsm                                  pass    
 test-amd64-amd64-xl-xsm                                      pass    
 test-arm64-arm64-xl-xsm                                      blocked 
 test-amd64-i386-xl-xsm                                       pass    
 test-amd64-amd64-qemuu-nested-amd                            fail    
 test-amd64-amd64-xl-pvhv2-amd                                pass    
 test-amd64-i386-qemuu-rhel6hvm-amd                           pass    
 test-amd64-amd64-dom0pvh-xl-amd                              pass    
 test-amd64-amd64-xl-qemuu-debianhvm-amd64                    pass    
 test-amd64-i386-xl-qemuu-debianhvm-amd64                     pass    
 test-amd64-i386-freebsd10-amd64                              pass    
 test-amd64-amd64-qemuu-freebsd11-amd64                       pass    
 test-amd64-amd64-qemuu-freebsd12-amd64                       pass    
 test-amd64-amd64-xl-qemuu-ovmf-amd64                         pass    
 test-amd64-i386-xl-qemuu-ovmf-amd64                          pass    
 test-amd64-amd64-xl-qemuu-win7-amd64                         fail    
 test-amd64-i386-xl-qemuu-win7-amd64                          fail    
 test-amd64-amd64-xl-qemuu-ws16-amd64                         fail    
 test-amd64-i386-xl-qemuu-ws16-amd64                          fail    
 test-armhf-armhf-xl-arndale                                  pass    
 test-amd64-amd64-xl-credit1                                  pass    
 test-arm64-arm64-xl-credit1                                  blocked 
 test-armhf-armhf-xl-credit1                                  pass    
 test-amd64-amd64-xl-credit2                                  pass    
 test-arm64-arm64-xl-credit2                                  blocked 
 test-armhf-armhf-xl-credit2                                  pass    
 test-amd64-amd64-xl-qemuu-dmrestrict-amd64-dmrestrict        pass    
 test-amd64-i386-xl-qemuu-dmrestrict-amd64-dmrestrict         pass    
 test-amd64-i386-freebsd10-i386                               pass    
 test-amd64-amd64-qemuu-nested-intel                          pass    
 test-amd64-amd64-xl-pvhv2-intel                              pass    
 test-amd64-i386-qemuu-rhel6hvm-intel                         pass    
 test-amd64-amd64-dom0pvh-xl-intel                            pass    
 test-amd64-amd64-libvirt                                     pass    
 test-armhf-armhf-libvirt                                     pass    
 test-amd64-i386-libvirt                                      pass    
 test-amd64-amd64-xl-multivcpu                                pass    
 test-armhf-armhf-xl-multivcpu                                pass    
 test-amd64-amd64-pair                                        pass    
 test-amd64-i386-pair                                         fail    
 test-amd64-amd64-libvirt-pair                                pass    
 test-amd64-i386-libvirt-pair                                 pass    
 test-amd64-amd64-xl-pvshim                                   pass    
 test-amd64-i386-xl-pvshim                                    fail    
 test-amd64-amd64-pygrub                                      pass    
 test-armhf-armhf-libvirt-qcow2                               pass    
 test-amd64-amd64-xl-qcow2                                    pass    
 test-arm64-arm64-libvirt-raw                                 blocked 
 test-armhf-armhf-libvirt-raw                                 pass    
 test-amd64-i386-libvirt-raw                                  pass    
 test-amd64-amd64-xl-rtds                                     pass    
 test-armhf-armhf-xl-rtds                                     pass    
 test-amd64-amd64-xl-qemuu-debianhvm-amd64-shadow             pass    
 test-amd64-i386-xl-qemuu-debianhvm-amd64-shadow              pass    
 test-amd64-amd64-xl-shadow                                   pass    
 test-amd64-i386-xl-shadow                                    pass    
 test-arm64-arm64-xl-thunderx                                 blocked 
 test-amd64-amd64-libvirt-vhd                                 pass    
 test-arm64-arm64-xl-vhd                                      blocked 
 test-armhf-armhf-xl-vhd                                      pass    
 test-amd64-i386-xl-vhd                                       fail    


------------------------------------------------------------
sg-report-flight on osstest.test-lab.xenproject.org
logs: /home/logs/logs
images: /home/logs/images

Logs, config files, etc. are available at
    http://logs.test-lab.xenproject.org/osstest/logs

Explanation of these reports, and of osstest in general, is at
    http://xenbits.xen.org/gitweb/?p=osstest.git;a=blob;f=README.email;hb=master
    http://xenbits.xen.org/gitweb/?p=osstest.git;a=blob;f=README;hb=master

Test harness code can be found at
    http://xenbits.xen.org/gitweb?p=osstest.git;a=summary

broken-job build-armhf broken

Not pushing.

(No revision log; it would be 8318 lines long.)

Reply via email to