flight 181407 xen-unstable-smoke real [real] http://logs.test-lab.xenproject.org/osstest/logs/181407/
Failures :-/ but no regressions. Tests which did not succeed, but are not blocking: test-amd64-amd64-libvirt 15 migrate-support-check fail never pass test-arm64-arm64-xl-xsm 15 migrate-support-check fail never pass test-arm64-arm64-xl-xsm 16 saverestore-support-check fail never pass test-armhf-armhf-xl 15 migrate-support-check fail never pass test-armhf-armhf-xl 16 saverestore-support-check fail never pass version targeted for testing: xen 2f69ef96801f0d2b9646abf6396e60f99c56e3a0 baseline version: xen 128557e3a44d79f0c9360dc88e42c3d0ef728edf Last test of basis 181402 2023-06-13 05:00:30 Z 0 days Testing same since 181407 2023-06-13 14:00:28 Z 0 days 1 attempts ------------------------------------------------------------ People who touched revisions under test: Alistair Francis <[email protected]> Andrew Cooper <[email protected]> Jan Beulich <[email protected]> Olaf Hering <[email protected]> Oleksii Kurochko <[email protected]> Roger Pau Monné <[email protected]> Viresh Kumar <[email protected]> jobs: build-arm64-xsm pass build-amd64 pass build-armhf pass build-amd64-libvirt pass test-armhf-armhf-xl pass test-arm64-arm64-xl-xsm pass test-amd64-amd64-xl-qemuu-debianhvm-amd64 pass test-amd64-amd64-libvirt pass ------------------------------------------------------------ sg-report-flight on osstest.test-lab.xenproject.org logs: /home/logs/logs images: /home/logs/images Logs, config files, etc. are available at http://logs.test-lab.xenproject.org/osstest/logs Explanation of these reports, and of osstest in general, is at http://xenbits.xen.org/gitweb/?p=osstest.git;a=blob;f=README.email;hb=master http://xenbits.xen.org/gitweb/?p=osstest.git;a=blob;f=README;hb=master Test harness code can be found at http://xenbits.xen.org/gitweb?p=osstest.git;a=summary Pushing revision : To xenbits.xen.org:/home/xen/git/xen.git 128557e3a4..2f69ef9680 2f69ef96801f0d2b9646abf6396e60f99c56e3a0 -> smoke
