flight 181571 linux-5.4 real [real]
http://logs.test-lab.xenproject.org/osstest/logs/181571/

Regressions :-(

Tests which did not succeed and are blocking,
including tests which could not be run:
 test-amd64-amd64-libvirt        <job status>                 broken
 build-amd64                   6 xen-build      fail in 181563 REGR. vs. 181363

Tests which are failing intermittently (not blocking):
 test-amd64-amd64-libvirt      5 host-install(5)          broken pass in 181553
 test-amd64-i386-libvirt-qemuu-debianhvm-amd64-xsm 7 xen-install fail in 181553 
pass in 181571
 test-armhf-armhf-xl          18 guest-start/debian.repeat  fail pass in 181563

Tests which did not succeed, but are not blocking:
 build-amd64-libvirt           1 build-check(1)           blocked in 181563 n/a
 test-amd64-amd64-dom0pvh-xl-amd  1 build-check(1)        blocked in 181563 n/a
 test-amd64-amd64-examine      1 build-check(1)           blocked in 181563 n/a
 test-amd64-amd64-dom0pvh-xl-intel  1 build-check(1)      blocked in 181563 n/a
 test-amd64-amd64-examine-uefi  1 build-check(1)          blocked in 181563 n/a
 test-amd64-amd64-examine-bios  1 build-check(1)          blocked in 181563 n/a
 test-amd64-amd64-libvirt-pair  1 build-check(1)          blocked in 181563 n/a
 test-amd64-amd64-libvirt      1 build-check(1)           blocked in 181563 n/a
 test-amd64-amd64-libvirt-vhd  1 build-check(1)           blocked in 181563 n/a
 test-amd64-amd64-libvirt-qemuu-debianhvm-amd64-xsm 1 build-check(1) blocked in 
181563 n/a
 test-amd64-amd64-pair         1 build-check(1)           blocked in 181563 n/a
 test-amd64-amd64-libvirt-xsm  1 build-check(1)           blocked in 181563 n/a
 test-amd64-amd64-pygrub       1 build-check(1)           blocked in 181563 n/a
 test-amd64-amd64-qemuu-freebsd11-amd64  1 build-check(1) blocked in 181563 n/a
 test-amd64-amd64-qemuu-freebsd12-amd64  1 build-check(1) blocked in 181563 n/a
 test-amd64-amd64-qemuu-nested-amd  1 build-check(1)      blocked in 181563 n/a
 test-amd64-amd64-qemuu-nested-intel  1 build-check(1)    blocked in 181563 n/a
 test-amd64-amd64-xl           1 build-check(1)           blocked in 181563 n/a
 test-amd64-amd64-xl-credit1   1 build-check(1)           blocked in 181563 n/a
 test-amd64-amd64-xl-credit2   1 build-check(1)           blocked in 181563 n/a
 test-amd64-amd64-xl-multivcpu  1 build-check(1)          blocked in 181563 n/a
 test-amd64-amd64-xl-pvhv2-amd  1 build-check(1)          blocked in 181563 n/a
 test-amd64-amd64-xl-pvhv2-intel  1 build-check(1)        blocked in 181563 n/a
 test-amd64-amd64-xl-pvshim    1 build-check(1)           blocked in 181563 n/a
 test-amd64-amd64-xl-qcow2     1 build-check(1)           blocked in 181563 n/a
 test-amd64-amd64-xl-qemut-debianhvm-amd64 1 build-check(1) blocked in 181563 
n/a
 test-amd64-amd64-xl-qemut-win7-amd64  1 build-check(1)   blocked in 181563 n/a
 test-amd64-amd64-xl-qemut-ws16-amd64  1 build-check(1)   blocked in 181563 n/a
 test-amd64-amd64-xl-qemuu-debianhvm-amd64 1 build-check(1) blocked in 181563 
n/a
 test-amd64-amd64-xl-qemuu-debianhvm-amd64-shadow 1 build-check(1) blocked in 
181563 n/a
 test-amd64-amd64-xl-qemuu-dmrestrict-amd64-dmrestrict 1 build-check(1) blocked 
in 181563 n/a
 test-amd64-amd64-xl-qemuu-ovmf-amd64  1 build-check(1)   blocked in 181563 n/a
 test-amd64-amd64-xl-qemuu-win7-amd64  1 build-check(1)   blocked in 181563 n/a
 test-amd64-amd64-xl-qemuu-ws16-amd64  1 build-check(1)   blocked in 181563 n/a
 test-amd64-amd64-xl-rtds      1 build-check(1)           blocked in 181563 n/a
 test-amd64-amd64-xl-shadow    1 build-check(1)           blocked in 181563 n/a
 test-amd64-coresched-amd64-xl  1 build-check(1)          blocked in 181563 n/a
 test-amd64-coresched-i386-xl  1 build-check(1)           blocked in 181563 n/a
 test-amd64-i386-examine       1 build-check(1)           blocked in 181563 n/a
 test-amd64-i386-examine-bios  1 build-check(1)           blocked in 181563 n/a
 test-amd64-i386-examine-uefi  1 build-check(1)           blocked in 181563 n/a
 test-amd64-i386-freebsd10-amd64  1 build-check(1)        blocked in 181563 n/a
 test-amd64-i386-freebsd10-i386  1 build-check(1)         blocked in 181563 n/a
 test-amd64-i386-libvirt       1 build-check(1)           blocked in 181563 n/a
 test-amd64-i386-libvirt-pair  1 build-check(1)           blocked in 181563 n/a
 test-amd64-i386-libvirt-raw   1 build-check(1)           blocked in 181563 n/a
 test-amd64-i386-pair          1 build-check(1)           blocked in 181563 n/a
 test-amd64-i386-qemut-rhel6hvm-amd  1 build-check(1)     blocked in 181563 n/a
 test-amd64-i386-qemut-rhel6hvm-intel  1 build-check(1)   blocked in 181563 n/a
 test-amd64-i386-qemuu-rhel6hvm-amd  1 build-check(1)     blocked in 181563 n/a
 test-amd64-i386-qemuu-rhel6hvm-intel  1 build-check(1)   blocked in 181563 n/a
 test-amd64-i386-xl            1 build-check(1)           blocked in 181563 n/a
 test-amd64-i386-xl-pvshim     1 build-check(1)           blocked in 181563 n/a
 test-amd64-i386-xl-qemut-debianhvm-amd64 1 build-check(1) blocked in 181563 n/a
 test-amd64-i386-xl-qemut-win7-amd64  1 build-check(1)    blocked in 181563 n/a
 test-amd64-i386-xl-qemut-ws16-amd64  1 build-check(1)    blocked in 181563 n/a
 test-amd64-i386-xl-qemuu-debianhvm-amd64 1 build-check(1) blocked in 181563 n/a
 test-amd64-i386-xl-qemuu-debianhvm-amd64-shadow 1 build-check(1) blocked in 
181563 n/a
 test-amd64-i386-xl-qemuu-dmrestrict-amd64-dmrestrict 1 build-check(1) blocked 
in 181563 n/a
 test-amd64-i386-xl-qemuu-ovmf-amd64  1 build-check(1)    blocked in 181563 n/a
 test-amd64-i386-xl-qemuu-win7-amd64  1 build-check(1)    blocked in 181563 n/a
 test-amd64-i386-xl-qemuu-ws16-amd64  1 build-check(1)    blocked in 181563 n/a
 test-amd64-i386-xl-shadow     1 build-check(1)           blocked in 181563 n/a
 test-amd64-i386-xl-vhd        1 build-check(1)           blocked in 181563 n/a
 test-armhf-armhf-xl-credit1 18 guest-start/debian.repeat fail in 181553 like 
181363
 test-amd64-amd64-xl-qcow2 21 guest-start/debian.repeat fail in 181553 like 
181363
 test-amd64-amd64-libvirt    15 migrate-support-check fail in 181553 never pass
 test-armhf-armhf-xl-multivcpu 14 guest-start        fail in 181563 like 181336
 test-armhf-armhf-xl-credit2  18 guest-start/debian.repeat    fail  like 181336
 test-amd64-i386-xl-vhd       21 guest-start/debian.repeat    fail  like 181354
 test-amd64-amd64-xl-qemuu-win7-amd64 19 guest-stop            fail like 181363
 test-amd64-i386-xl-qemut-win7-amd64 19 guest-stop             fail like 181363
 test-amd64-i386-xl-qemuu-win7-amd64 19 guest-stop             fail like 181363
 test-amd64-amd64-xl-qemut-win7-amd64 19 guest-stop            fail like 181363
 test-amd64-amd64-xl-qemuu-ws16-amd64 19 guest-stop            fail like 181363
 test-armhf-armhf-xl-multivcpu 18 guest-start/debian.repeat    fail like 181363
 test-amd64-amd64-xl-qemut-ws16-amd64 19 guest-stop            fail like 181363
 test-armhf-armhf-xl-rtds     18 guest-start/debian.repeat    fail  like 181363
 test-amd64-i386-xl-qemut-ws16-amd64 19 guest-stop             fail like 181363
 test-armhf-armhf-libvirt-qcow2 15 saverestore-support-check   fail like 181363
 test-armhf-armhf-libvirt     16 saverestore-support-check    fail  like 181363
 test-armhf-armhf-libvirt-raw 15 saverestore-support-check    fail  like 181363
 test-amd64-i386-xl-qemuu-ws16-amd64 19 guest-stop             fail like 181363
 test-amd64-amd64-qemuu-nested-amd 20 debian-hvm-install/l1/l2 fail like 181363
 test-amd64-i386-xl-pvshim    14 guest-start                  fail   never pass
 test-amd64-amd64-libvirt-xsm 15 migrate-support-check        fail   never pass
 test-amd64-i386-libvirt      15 migrate-support-check        fail   never pass
 test-amd64-i386-libvirt-xsm  15 migrate-support-check        fail   never pass
 test-arm64-arm64-xl-thunderx 15 migrate-support-check        fail   never pass
 test-arm64-arm64-xl-thunderx 16 saverestore-support-check    fail   never pass
 test-arm64-arm64-libvirt-xsm 15 migrate-support-check        fail   never pass
 test-arm64-arm64-libvirt-xsm 16 saverestore-support-check    fail   never pass
 test-arm64-arm64-xl          15 migrate-support-check        fail   never pass
 test-arm64-arm64-xl          16 saverestore-support-check    fail   never pass
 test-arm64-arm64-xl-credit1  15 migrate-support-check        fail   never pass
 test-arm64-arm64-xl-credit1  16 saverestore-support-check    fail   never pass
 test-arm64-arm64-xl-credit2  15 migrate-support-check        fail   never pass
 test-arm64-arm64-xl-credit2  16 saverestore-support-check    fail   never pass
 test-arm64-arm64-xl-xsm      15 migrate-support-check        fail   never pass
 test-arm64-arm64-xl-xsm      16 saverestore-support-check    fail   never pass
 test-amd64-i386-libvirt-qemuu-debianhvm-amd64-xsm 13 migrate-support-check 
fail never pass
 test-armhf-armhf-xl-credit2  15 migrate-support-check        fail   never pass
 test-armhf-armhf-xl-credit2  16 saverestore-support-check    fail   never pass
 test-armhf-armhf-xl-arndale  15 migrate-support-check        fail   never pass
 test-armhf-armhf-xl-arndale  16 saverestore-support-check    fail   never pass
 test-armhf-armhf-xl-multivcpu 15 migrate-support-check        fail  never pass
 test-armhf-armhf-xl-multivcpu 16 saverestore-support-check    fail  never pass
 test-amd64-i386-libvirt-raw  14 migrate-support-check        fail   never pass
 test-amd64-amd64-libvirt-vhd 14 migrate-support-check        fail   never pass
 test-amd64-amd64-libvirt-qemuu-debianhvm-amd64-xsm 13 migrate-support-check 
fail never pass
 test-arm64-arm64-libvirt-raw 14 migrate-support-check        fail   never pass
 test-arm64-arm64-libvirt-raw 15 saverestore-support-check    fail   never pass
 test-armhf-armhf-xl-credit1  15 migrate-support-check        fail   never pass
 test-armhf-armhf-xl-credit1  16 saverestore-support-check    fail   never pass
 test-armhf-armhf-xl-rtds     15 migrate-support-check        fail   never pass
 test-armhf-armhf-xl-rtds     16 saverestore-support-check    fail   never pass
 test-arm64-arm64-xl-vhd      14 migrate-support-check        fail   never pass
 test-arm64-arm64-xl-vhd      15 saverestore-support-check    fail   never pass
 test-armhf-armhf-xl          15 migrate-support-check        fail   never pass
 test-armhf-armhf-xl          16 saverestore-support-check    fail   never pass
 test-armhf-armhf-libvirt-qcow2 14 migrate-support-check        fail never pass
 test-armhf-armhf-libvirt     15 migrate-support-check        fail   never pass
 test-armhf-armhf-libvirt-raw 14 migrate-support-check        fail   never pass
 test-armhf-armhf-xl-vhd      14 migrate-support-check        fail   never pass
 test-armhf-armhf-xl-vhd      15 saverestore-support-check    fail   never pass

version targeted for testing:
 linux                f2b499c27a959d062db9ea5c3036052d90110ee4
baseline version:
 linux                f568a20f058fa1e37069cff4aac4187c1650a0e9

Last test of basis   181363  2023-06-10 15:39:59 Z   13 days
Failing since        181425  2023-06-14 10:50:49 Z    9 days   18 attempts
Testing same since   181542  2023-06-21 23:13:50 Z    2 days    5 attempts

------------------------------------------------------------
People who touched revisions under test:
  Adrian Hunter <[email protected]>
  Ahmed Zaki <[email protected]>
  Ai Chao <[email protected]>
  Alan Stern <[email protected]>
  Aleksandr Loktionov <[email protected]>
  Alex Deucher <[email protected]>
  Alex Maftei <[email protected]>
  Alexander Kapshuk <[email protected]>
  Alexander Sverdlin <[email protected]>
  Alexandru Sorodoc <[email protected]>
  Andrew Morton <[email protected]>
  Arnd Bergmann <[email protected]>
  Bartosz Golaszewski <[email protected]>
  Ben Hutchings <[email protected]>
  Ben Skeggs <[email protected]>
  Bernhard Seibold <[email protected]>
  Bjørn Mork <[email protected]>
  Bob Pearson <[email protected]>
  Chia-I Wu <[email protected]>
  Chris Paterson (CIP) <[email protected]>
  Christian Loehle <[email protected]>
  Christoph Hellwig <[email protected]>
  Dan Carpenter <[email protected]>
  Dave Airlie <[email protected]>
  David Ahern <[email protected]>
  David Howells <[email protected]>
  David Jander <[email protected]>
  David S. Miller <[email protected]>
  David Sterba <[email protected]>
  Dinh Nguyen <[email protected]>
  Dmitry Torokhov <[email protected]>
  Edson Juliano Drosdeck <[email protected]>
  Edward Srouji <[email protected]>
  Elson Roy Serrao <[email protected]>
  Eric Dumazet <[email protected]>
  Fedor Pchelkin <[email protected]>
  Florian Fainelli <[email protected]>
  Florian Westphal <[email protected]>
  Gaosheng Cui <[email protected]>
  Greg Kroah-Hartman <[email protected]>
  Guenter Roeck <[email protected]>
  Guillaume Nault <[email protected]>
  Gustavo A. R. Silva <[email protected]>
  Hangbin Liu <[email protected]>
  Hangyu Hua <[email protected]>
  Hans de Goede <[email protected]>
  Harshit Mogalapalli <[email protected]>
  Helge Deller <[email protected]>
  Ian Ziemba <[email protected]>
  Ilya Dryomov <[email protected]>
  Ismael Ferreras Morezuelas <[email protected]>
  JaimeLiao <[email protected]>
  Jakub Kicinski <[email protected]>
  Jamal Hadi Salim <[email protected]>
  Jan Höppner <[email protected]>
  Janne Grunau <[email protected]>
  Jason Gunthorpe <[email protected]>
  Jens Axboe <[email protected]>
  Jerry Meng <[email protected]>
  Jiri Slaby (SUSE) <[email protected]>
  Johan Hovold <[email protected]>
  Johannes Thumshirn <[email protected]>
  Jon Hunter <[email protected]>
  Josef Bacik <[email protected]>
  Joseph Qi <[email protected]>
  Jozsef Kadlecsik <[email protected]>
  Juergen Gross <[email protected]>
  Krzysztof Kozlowski <[email protected]>
  Kuniyuki Iwashima <[email protected]>
  Lee Jones <[email protected]>
  Leon Romanovsky <[email protected]>
  Leon Romanovsky <[email protected]>
  Lin Ma <[email protected]>
  Linus Torvalds <[email protected]>
  Linus Walleij <[email protected]>
  Linux Kernel Functional Testing <[email protected]>
  Lisa Chen (陈敏捷) <[email protected]>
  Liviu Dudau <[email protected]>
  Luis Chamberlain <[email protected]>
  Luiz Augusto von Dentz <[email protected]>
  Luís Henriques <[email protected]>
  Luís Henriques <[email protected]>
  Lyude Paul <[email protected]>
  Manuel Lauss <[email protected]>
  Marc Dionne <[email protected]>
  Marc Kleine-Budde <[email protected]>
  Marc Zyngier <[email protected]>
  Marek Vasut <[email protected]>
  Mario Limonciello <[email protected]>
  Mark Brown <[email protected]
  Mark Brown <[email protected]>
  Martin Blumenstingl <[email protected]>
  Martin Hundebøll <[email protected]>
  Maxime Ripard <[email protected]>
  Michael Chan <[email protected]>
  Min Li <[email protected]>
  Miquel Raynal <[email protected]>
  Mirsad Goran Todorovac <[email protected]>
  Mirsad Todorovac <[email protected]>
  Natalia Petrova <[email protected]>
  Nikolay Aleksandrov <[email protected]>
  Oleksij Rempel <[email protected]>
  Osama Muhammad <[email protected]
  Osama Muhammad <[email protected]>
  Pablo Neira Ayuso <[email protected]>
  Paolo Abeni <[email protected]>
  Paulo Alcantara (SUSE) <[email protected]>
  Paulo Alcantara <[email protected]>
  Qingfang DENG <[email protected]>
  Rafal Romanowski <[email protected]>
  Randy Dunlap <[email protected]>
  RenHai <[email protected]>
  Ricardo Ribalda <[email protected]>
  Richard Cochran <[email protected]>
  Rishabh Bhatnagar <[email protected]>
  Roberto Sassu <[email protected]>
  Ross Lagerwall <[email protected]>
  Ruihan Li <[email protected]>
  Ryusuke Konishi <[email protected]>
  Saravanan Vajravel <[email protected]>
  Sasha Levin <[email protected]>
  Sebastian Reichel <[email protected]>
  Selvin Xavier <[email protected]>
  Shuah Khan <[email protected]>
  Simon Wunderlich <[email protected]>
  Somnath Kotur <[email protected]>
  Stefan Berger <[email protected]>
  Stefan Ghinea <[email protected]>
  Stefan Haberland <[email protected]>
  Stephan Gerhold <[email protected]>
  Stephen Hemminger <[email protected]>
  Steve French <[email protected]>
  Sudeep Holla <[email protected]>
  Sudip Mukherjee <[email protected]>
  Sukrut Bellary <[email protected]>
  Sungwoo Kim <[email protected]>
  Sven Eckelmann <[email protected]>
  Takashi Iwai <[email protected]>
  Tejun Heo <[email protected]>
  Theodore Ts'o <[email protected]>
  Thinh Nguyen <[email protected]>
  Thomas Bogendoerfer <[email protected]>
  Tijs Van Buggenhout <[email protected]>
  Tony Nguyen <[email protected]>
  Ulf Hansson <[email protected]>
  Uwe Kleine-König <[email protected]>
  Ville Syrjälä <[email protected]>
  Vlad Buslov <[email protected]>
  Vladimir Oltean <[email protected]>
  Vladislav Efanov <[email protected]>
  Wes Huang <[email protected]>
  Wolfram Sang <[email protected]>
  Xin Long <[email protected]>
  Xiubo Li <[email protected]>
  Ying Hsu <[email protected]>
  Yishai Hadas <[email protected]>
  YouChing Lin <[email protected]>
  Zhu Yanjun <[email protected]>
  Zixuan Fu <[email protected]>

jobs:
 build-amd64-xsm                                              pass    
 build-arm64-xsm                                              pass    
 build-i386-xsm                                               pass    
 build-amd64                                                  pass    
 build-arm64                                                  pass    
 build-armhf                                                  pass    
 build-i386                                                   pass    
 build-amd64-libvirt                                          pass    
 build-arm64-libvirt                                          pass    
 build-armhf-libvirt                                          pass    
 build-i386-libvirt                                           pass    
 build-amd64-pvops                                            pass    
 build-arm64-pvops                                            pass    
 build-armhf-pvops                                            pass    
 build-i386-pvops                                             pass    
 test-amd64-amd64-xl                                          pass    
 test-amd64-coresched-amd64-xl                                pass    
 test-arm64-arm64-xl                                          pass    
 test-armhf-armhf-xl                                          fail    
 test-amd64-i386-xl                                           pass    
 test-amd64-coresched-i386-xl                                 pass    
 test-amd64-amd64-libvirt-qemuu-debianhvm-amd64-xsm           pass    
 test-amd64-i386-libvirt-qemuu-debianhvm-amd64-xsm            pass    
 test-amd64-amd64-xl-qemut-stubdom-debianhvm-amd64-xsm        pass    
 test-amd64-i386-xl-qemut-stubdom-debianhvm-amd64-xsm         pass    
 test-amd64-amd64-xl-qemut-debianhvm-i386-xsm                 pass    
 test-amd64-i386-xl-qemut-debianhvm-i386-xsm                  pass    
 test-amd64-amd64-xl-qemuu-debianhvm-i386-xsm                 pass    
 test-amd64-i386-xl-qemuu-debianhvm-i386-xsm                  pass    
 test-amd64-amd64-libvirt-xsm                                 pass    
 test-arm64-arm64-libvirt-xsm                                 pass    
 test-amd64-i386-libvirt-xsm                                  pass    
 test-amd64-amd64-xl-xsm                                      pass    
 test-arm64-arm64-xl-xsm                                      pass    
 test-amd64-i386-xl-xsm                                       pass    
 test-amd64-amd64-qemuu-nested-amd                            fail    
 test-amd64-amd64-xl-pvhv2-amd                                pass    
 test-amd64-i386-qemut-rhel6hvm-amd                           pass    
 test-amd64-i386-qemuu-rhel6hvm-amd                           pass    
 test-amd64-amd64-dom0pvh-xl-amd                              pass    
 test-amd64-amd64-xl-qemut-debianhvm-amd64                    pass    
 test-amd64-i386-xl-qemut-debianhvm-amd64                     pass    
 test-amd64-amd64-xl-qemuu-debianhvm-amd64                    pass    
 test-amd64-i386-xl-qemuu-debianhvm-amd64                     pass    
 test-amd64-i386-freebsd10-amd64                              pass    
 test-amd64-amd64-qemuu-freebsd11-amd64                       pass    
 test-amd64-amd64-qemuu-freebsd12-amd64                       pass    
 test-amd64-amd64-xl-qemuu-ovmf-amd64                         pass    
 test-amd64-i386-xl-qemuu-ovmf-amd64                          pass    
 test-amd64-amd64-xl-qemut-win7-amd64                         fail    
 test-amd64-i386-xl-qemut-win7-amd64                          fail    
 test-amd64-amd64-xl-qemuu-win7-amd64                         fail    
 test-amd64-i386-xl-qemuu-win7-amd64                          fail    
 test-amd64-amd64-xl-qemut-ws16-amd64                         fail    
 test-amd64-i386-xl-qemut-ws16-amd64                          fail    
 test-amd64-amd64-xl-qemuu-ws16-amd64                         fail    
 test-amd64-i386-xl-qemuu-ws16-amd64                          fail    
 test-armhf-armhf-xl-arndale                                  pass    
 test-amd64-amd64-examine-bios                                pass    
 test-amd64-i386-examine-bios                                 pass    
 test-amd64-amd64-xl-credit1                                  pass    
 test-arm64-arm64-xl-credit1                                  pass    
 test-armhf-armhf-xl-credit1                                  pass    
 test-amd64-amd64-xl-credit2                                  pass    
 test-arm64-arm64-xl-credit2                                  pass    
 test-armhf-armhf-xl-credit2                                  fail    
 test-amd64-amd64-xl-qemuu-dmrestrict-amd64-dmrestrict        pass    
 test-amd64-i386-xl-qemuu-dmrestrict-amd64-dmrestrict         pass    
 test-amd64-amd64-examine                                     pass    
 test-arm64-arm64-examine                                     pass    
 test-armhf-armhf-examine                                     pass    
 test-amd64-i386-examine                                      pass    
 test-amd64-i386-freebsd10-i386                               pass    
 test-amd64-amd64-qemuu-nested-intel                          pass    
 test-amd64-amd64-xl-pvhv2-intel                              pass    
 test-amd64-i386-qemut-rhel6hvm-intel                         pass    
 test-amd64-i386-qemuu-rhel6hvm-intel                         pass    
 test-amd64-amd64-dom0pvh-xl-intel                            pass    
 test-amd64-amd64-libvirt                                     broken  
 test-armhf-armhf-libvirt                                     pass    
 test-amd64-i386-libvirt                                      pass    
 test-amd64-amd64-xl-multivcpu                                pass    
 test-armhf-armhf-xl-multivcpu                                fail    
 test-amd64-amd64-pair                                        pass    
 test-amd64-i386-pair                                         pass    
 test-amd64-amd64-libvirt-pair                                pass    
 test-amd64-i386-libvirt-pair                                 pass    
 test-amd64-amd64-xl-pvshim                                   pass    
 test-amd64-i386-xl-pvshim                                    fail    
 test-amd64-amd64-pygrub                                      pass    
 test-armhf-armhf-libvirt-qcow2                               pass    
 test-amd64-amd64-xl-qcow2                                    pass    
 test-arm64-arm64-libvirt-raw                                 pass    
 test-armhf-armhf-libvirt-raw                                 pass    
 test-amd64-i386-libvirt-raw                                  pass    
 test-amd64-amd64-xl-rtds                                     pass    
 test-armhf-armhf-xl-rtds                                     fail    
 test-amd64-amd64-xl-qemuu-debianhvm-amd64-shadow             pass    
 test-amd64-i386-xl-qemuu-debianhvm-amd64-shadow              pass    
 test-amd64-amd64-xl-shadow                                   pass    
 test-amd64-i386-xl-shadow                                    pass    
 test-arm64-arm64-xl-thunderx                                 pass    
 test-amd64-amd64-examine-uefi                                pass    
 test-amd64-i386-examine-uefi                                 pass    
 test-amd64-amd64-libvirt-vhd                                 pass    
 test-arm64-arm64-xl-vhd                                      pass    
 test-armhf-armhf-xl-vhd                                      pass    
 test-amd64-i386-xl-vhd                                       fail    


------------------------------------------------------------
sg-report-flight on osstest.test-lab.xenproject.org
logs: /home/logs/logs
images: /home/logs/images

Logs, config files, etc. are available at
    http://logs.test-lab.xenproject.org/osstest/logs

Explanation of these reports, and of osstest in general, is at
    http://xenbits.xen.org/gitweb/?p=osstest.git;a=blob;f=README.email;hb=master
    http://xenbits.xen.org/gitweb/?p=osstest.git;a=blob;f=README;hb=master

Test harness code can be found at
    http://xenbits.xen.org/gitweb?p=osstest.git;a=summary

broken-job test-amd64-amd64-libvirt broken
broken-step test-amd64-amd64-libvirt host-install(5)

Not pushing.

(No revision log; it would be 3426 lines long.)


Reply via email to