flight 181918 qemu-mainline real [real]
flight 181942 qemu-mainline real-retest [real]
http://logs.test-lab.xenproject.org/osstest/logs/181918/
http://logs.test-lab.xenproject.org/osstest/logs/181942/

Failures :-/ but no regressions.

Tests which are failing intermittently (not blocking):
 test-armhf-armhf-xl-vhd      13 guest-start         fail pass in 181942-retest

Tests which did not succeed, but are not blocking:
 test-armhf-armhf-xl-vhd     14 migrate-support-check fail in 181942 never pass
 test-armhf-armhf-xl-vhd 15 saverestore-support-check fail in 181942 never pass
 test-armhf-armhf-libvirt     16 saverestore-support-check    fail  like 180691
 test-armhf-armhf-libvirt-raw 15 saverestore-support-check    fail  like 180691
 test-armhf-armhf-libvirt-qcow2 15 saverestore-support-check   fail like 180691
 test-amd64-amd64-xl-qemuu-win7-amd64 19 guest-stop            fail like 180691
 test-amd64-i386-xl-qemuu-ws16-amd64 19 guest-stop             fail like 180691
 test-amd64-i386-xl-qemuu-win7-amd64 19 guest-stop             fail like 180691
 test-amd64-amd64-xl-qemuu-ws16-amd64 19 guest-stop            fail like 180691
 test-amd64-amd64-qemuu-nested-amd 20 debian-hvm-install/l1/l2 fail like 180691
 test-amd64-i386-xl-pvshim    14 guest-start                  fail   never pass
 test-amd64-i386-libvirt      15 migrate-support-check        fail   never pass
 test-amd64-amd64-libvirt     15 migrate-support-check        fail   never pass
 test-amd64-i386-libvirt-xsm  15 migrate-support-check        fail   never pass
 test-amd64-amd64-libvirt-xsm 15 migrate-support-check        fail   never pass
 test-amd64-i386-libvirt-qemuu-debianhvm-amd64-xsm 13 migrate-support-check 
fail never pass
 test-amd64-amd64-libvirt-qemuu-debianhvm-amd64-xsm 13 migrate-support-check 
fail never pass
 test-arm64-arm64-xl-thunderx 15 migrate-support-check        fail   never pass
 test-arm64-arm64-xl-thunderx 16 saverestore-support-check    fail   never pass
 test-arm64-arm64-xl          15 migrate-support-check        fail   never pass
 test-arm64-arm64-xl          16 saverestore-support-check    fail   never pass
 test-arm64-arm64-xl-credit2  15 migrate-support-check        fail   never pass
 test-arm64-arm64-xl-credit2  16 saverestore-support-check    fail   never pass
 test-arm64-arm64-xl-xsm      15 migrate-support-check        fail   never pass
 test-arm64-arm64-xl-xsm      16 saverestore-support-check    fail   never pass
 test-arm64-arm64-libvirt-xsm 15 migrate-support-check        fail   never pass
 test-arm64-arm64-libvirt-xsm 16 saverestore-support-check    fail   never pass
 test-armhf-armhf-xl-rtds     15 migrate-support-check        fail   never pass
 test-armhf-armhf-xl-rtds     16 saverestore-support-check    fail   never pass
 test-armhf-armhf-xl-multivcpu 15 migrate-support-check        fail  never pass
 test-armhf-armhf-xl-multivcpu 16 saverestore-support-check    fail  never pass
 test-armhf-armhf-xl-arndale  15 migrate-support-check        fail   never pass
 test-armhf-armhf-xl-arndale  16 saverestore-support-check    fail   never pass
 test-armhf-armhf-xl-credit2  15 migrate-support-check        fail   never pass
 test-armhf-armhf-xl-credit1  15 migrate-support-check        fail   never pass
 test-armhf-armhf-xl-credit2  16 saverestore-support-check    fail   never pass
 test-armhf-armhf-xl-credit1  16 saverestore-support-check    fail   never pass
 test-armhf-armhf-xl          15 migrate-support-check        fail   never pass
 test-armhf-armhf-xl          16 saverestore-support-check    fail   never pass
 test-armhf-armhf-libvirt     15 migrate-support-check        fail   never pass
 test-arm64-arm64-xl-credit1  15 migrate-support-check        fail   never pass
 test-arm64-arm64-xl-credit1  16 saverestore-support-check    fail   never pass
 test-amd64-i386-libvirt-raw  14 migrate-support-check        fail   never pass
 test-amd64-amd64-libvirt-vhd 14 migrate-support-check        fail   never pass
 test-arm64-arm64-libvirt-raw 14 migrate-support-check        fail   never pass
 test-arm64-arm64-libvirt-raw 15 saverestore-support-check    fail   never pass
 test-arm64-arm64-xl-vhd      14 migrate-support-check        fail   never pass
 test-arm64-arm64-xl-vhd      15 saverestore-support-check    fail   never pass
 test-armhf-armhf-libvirt-raw 14 migrate-support-check        fail   never pass
 test-armhf-armhf-libvirt-qcow2 14 migrate-support-check        fail never pass

version targeted for testing:
 qemuu                2c27fdc7a626408ee2cf30d791aa0b63027c7404
baseline version:
 qemuu                6972ef1440a9d685482d78672620a7482f2bd09a

Last test of basis   180691  2023-05-17 10:45:22 Z   64 days
Failing since        180699  2023-05-18 07:21:24 Z   63 days  127 attempts
Testing same since   181918  2023-07-20 06:54:14 Z    0 days    1 attempts

------------------------------------------------------------
People who touched revisions under test:
  Afonso Bordado <[email protected]>
  Akihiko Odaki <[email protected]>
  Akihiro Suda <[email protected]>
  Alex Bennée <[email protected]>
  Alex Williamson <[email protected]>
  Alexander Bulekov <[email protected]>
  Alexander Graf <[email protected]>
  Alexander Ivanov <[email protected]>
  Alistair Francis <[email protected]>
  Anastasia Belova <[email protected]>
  Andrea Bolognani <[email protected]>
  Andreas Schwab <[email protected]>
  Andrew Jeffery <[email protected]>
  Andrew Melnychenko <[email protected]>
  Ani Sinha <[email protected]>
  Ani Sinha <[email protected]>
  Anthony PERARD <[email protected]>
  Anton Johansson <[email protected]>
  Antonio Caggiano <[email protected]>
  Avihai Horon <[email protected]>
  BALATON Zoltan <[email protected]>
  Bastian Koppelmann <[email protected]>
  Bernhard Beschow <[email protected]>
  Bilal Elmoussaoui <[email protected]>
  Bin Meng <[email protected]>
  Bin Meng <[email protected]>
  Brian Cain <[email protected]>
  Brice Goglin <[email protected]>
  Camilla Conte <[email protected]>
  Carlos Santos <[email protected]>
  Chen Baozi <[email protected]>
  Christian Borntraeger <[email protected]>
  Christian Schoenebeck <[email protected]>
  Christoph Muellner <[email protected]>
  Christoph Müllner <[email protected]>
  Chuck Zmudzinski <[email protected]>
  Cindy Lu <[email protected]>
  Clément Chigot <[email protected]>
  Conor Dooley <[email protected]>
  Corey Minyard <[email protected]>
  Cornelia Huck <[email protected]>
  Cédric Le Goater <[email protected]>
  Cédric Le Goater <[email protected]>
  Daniel Bertalan <[email protected]>
  Daniel Henrique Barboza <[email protected]>
  Daniel Henrique Barboza <[email protected]>
  Daniel P. Berrangé <[email protected]>
  Daniil Kovalev <[email protected]>
  David Hildenbrand <[email protected]>
  David Woodhouse <[email protected]>
  Dongwon Kim <[email protected]>
  Emanuele Giuseppe Esposito <[email protected]>
  Emmanouil Pitsidianakis <[email protected]>
  Enze Li <[email protected]>
  Eric Auger <[email protected]>
  Eric Blake <[email protected]>
  Eric DeVolder <[email protected]>
  Erico Nunes <[email protected]>
  Erik Skultety <[email protected]>
  Eugenio Pérez <[email protected]>
  Fabiano Rosas <[email protected]>
  Fan Ni <[email protected]>
  Fei Wu <[email protected]>
  Fiona Ebner <[email protected]>
  Francesco Cagnin <[email protected]>
  Francisco Iglesias <[email protected]>
  Frederic Barrat <[email protected]>
  Gavin Shan <[email protected]>
  Gowrishankar Muthukrishnan <[email protected]>
  Gregory Price <[email protected]>
  Gregory Price <[email protected]>
  Guenter Roeck <[email protected]>
  Hanna Czenczek <[email protected]>
  Hao Zeng <[email protected]>
  Hawkins Jiawei <[email protected]>
  Helge Deller <[email protected]>
  Henrik Carlqvist <[email protected]>
  Henrik Carlqvist <[email protected]>
  Himanshu Chauhan <[email protected]>
  Igor Mammedov <[email protected]>
  Ilya Leoshkevich <[email protected]>
  Ira Weiny <[email protected]>
  Isaku Yamahata <[email protected]>
  Ivan Klokov <[email protected]>
  Jagannathan Raman <[email protected]>
  Jan Kratochvil <[email protected]>
  Jason Chien <[email protected]>
  Jason Wang <[email protected]>
  Jean-Louis Dupond <[email protected]>
  Jean-Philippe Brucker <[email protected]>
  Jiajie Chen <[email protected]>
  Jiaxun Yang <[email protected]>
  Joao Martins <[email protected]>
  Joel Stanley <[email protected]>
  John Högberg <[email protected]>
  John Snow <[email protected]>
  Jonathan Cameron <[email protected]>
  Juan Quintela <[email protected]>
  Junqiang Wang <[email protected]>
  Keqian Zhu <[email protected]>
  Kevin Wolf <[email protected]>
  Klaus Jensen <[email protected]>
  Konstantin Kostiuk <[email protected]>
  Lakshmi Bai Raja Subramanian <[email protected]>
  Laszlo Ersek <[email protected]>
  Laurent Vivier <[email protected]>
  Laurent Vivier <[email protected]>
  Lei Wang <[email protected]>
  Lei Yang <[email protected]>
  Leonardo Bras <[email protected]>
  LIU Zhiwei <[email protected]>
  Lucas Dietrich <[email protected]>
  Lukas Doktor <[email protected]>
  Mads Ynddal <[email protected]>
  Maksim Davydov <[email protected]>
  Manos Pitsidianakis <[email protected]>
  Marc-André Lureau <[email protected]>
  Marcelo Tosatti <[email protected]>
  Marcin Juszkiewicz <[email protected]>
  Marcin Nowakowski <[email protected]>
  Marco Liebel <[email protected]>
  Mario Casquero <[email protected]>
  Mark Cave-Ayland <[email protected]>
  Markus Armbruster <[email protected]>
  Martin Kaiser <[email protected]>
  Matheus Tavares Bernardino <[email protected]>
  Mattias Nissler <[email protected]>
  Mauro Matteo Cascella <[email protected]>
  Max Chou <[email protected]>
  Max Filippov <[email protected]>
  Max Fritz <[email protected]>
  Mayuresh Chitale <[email protected]>
  Michael S. Tsirkin <[email protected]>
  Michael Tokarev <[email protected]>
  Michal Privoznik <[email protected]>
  Milan Zamazal <[email protected]>
  Minwoo Im <[email protected]>
  Mostafa Saleh <[email protected]>
  Narayana Murty N <[email protected]>
  Nicholas Piggin <[email protected]>
  Nicolas Saenz Julienne <[email protected]>
  Niek Linnenbank <[email protected]>
  Niklas Cassel <[email protected]>
  Ninad Palsule <[email protected]>
  Olaf Hering <[email protected]>
  Palmer Dabbelt <[email protected]>
  Paolo Bonzini <[email protected]>
  Patrick Venture <[email protected]>
  Pawan Gupta <[email protected]>
  Peng Liang <[email protected]>
  Peter Maydell <[email protected]>
  Peter Xu <[email protected]>
  Philippe Mathieu-Daudé <[email protected]>
  Philippe Mathieu-Daudé <[email protected]>
  Pierrick Bouvier <[email protected]>
  Prasad Pandit <[email protected]>
  qianfan Zhao <[email protected]>
  Raghu H <[email protected]>
  Rene Engel <[email protected]>
  Richard Henderson <[email protected]>
  Richard Purdie <[email protected]>
  Richard W.M. Jones <[email protected]>
  Ricky Zhou <[email protected]>
  Rob Bradford <[email protected]>
  Robbin Ehn <[email protected]>
  Robin Voetter <[email protected]>
  Ryan Wendland <[email protected]>
  Sebastian Ott <[email protected]>
  Sergey Kambalin <[email protected]>
  Sergio Lopez <[email protected]>
  Shameer Kolothum <[email protected]>
  Shashi Mallela <[email protected]>
  Siarhei Volkau <[email protected]>
  Sid Manning <[email protected]>
  Siqi Chen <[email protected]>
  Song Gao <[email protected]>
  Stefan Berger <[email protected]>
  Stefan Hajnoczi <[email protected]>
  Stefano Garzarella <[email protected]>
  Stefano Stabellini <[email protected]>
  Stefano Stabellini <[email protected]>
  Steve Sistare <[email protected]>
  Sunil V L <[email protected]>
  Suravee Suthikulpanit <[email protected]>
  Tao Su <[email protected]>
  Taylor Simpson <[email protected]>
  Tested-By: Solra Bizna <[email protected]>
  Thomas Huth <[email protected]>
  Thomas Weißschuh <[email protected]>
  Tianrui Zhao <[email protected]>
  [email protected] <[email protected]>
  Timothée Cocault <[email protected]>
  Tom Lonergan <[email protected]>
  Tommy Wu <[email protected]>
  Tong Ho <[email protected]>
  Tony Krowiak <[email protected]>
  Vanderson M. do Rosario <[email protected]>
  Vikram Garhwal <[email protected]>
  Viktor Prutyanov <[email protected]>
  Vitaly Cheptsov <[email protected]>
  Vivek Kasireddy <[email protected]>
  Vladimir Sementsov-Ogievskiy <[email protected]>
  Volker Rümelin <[email protected]>
  Wang Yuquan <[email protected]>
  Weiwei Li <[email protected]>
  Xiao Wang <[email protected]>
  Xinyu Li <[email protected]>
  Xuelian Guo <[email protected]>
  Yang Zhang <[email protected]>
  yang.zhang <[email protected]>
  YangHang Liu <[email protected]>
  Yin Wang <[email protected]>
  Yuquan Wang <[email protected]>
  Zeng Hao <[email protected]>
  Zhang Huasen <[email protected]>
  Zhao Liu <[email protected]>
  zhenwei pi <[email protected]>
  Zhenyu Zhang <[email protected]>
  Zhenzhong Duan <[email protected]>
  Zhuojia Shen <[email protected]>

jobs:
 build-amd64-xsm                                              pass    
 build-arm64-xsm                                              pass    
 build-i386-xsm                                               pass    
 build-amd64                                                  pass    
 build-arm64                                                  pass    
 build-armhf                                                  pass    
 build-i386                                                   pass    
 build-amd64-libvirt                                          pass    
 build-arm64-libvirt                                          pass    
 build-armhf-libvirt                                          pass    
 build-i386-libvirt                                           pass    
 build-amd64-pvops                                            pass    
 build-arm64-pvops                                            pass    
 build-armhf-pvops                                            pass    
 build-i386-pvops                                             pass    
 test-amd64-amd64-xl                                          pass    
 test-amd64-coresched-amd64-xl                                pass    
 test-arm64-arm64-xl                                          pass    
 test-armhf-armhf-xl                                          pass    
 test-amd64-i386-xl                                           pass    
 test-amd64-coresched-i386-xl                                 pass    
 test-amd64-amd64-libvirt-qemuu-debianhvm-amd64-xsm           pass    
 test-amd64-i386-libvirt-qemuu-debianhvm-amd64-xsm            pass    
 test-amd64-amd64-xl-qemuu-debianhvm-i386-xsm                 pass    
 test-amd64-i386-xl-qemuu-debianhvm-i386-xsm                  pass    
 test-amd64-amd64-libvirt-xsm                                 pass    
 test-arm64-arm64-libvirt-xsm                                 pass    
 test-amd64-i386-libvirt-xsm                                  pass    
 test-amd64-amd64-xl-xsm                                      pass    
 test-arm64-arm64-xl-xsm                                      pass    
 test-amd64-i386-xl-xsm                                       pass    
 test-amd64-amd64-qemuu-nested-amd                            fail    
 test-amd64-amd64-xl-pvhv2-amd                                pass    
 test-amd64-i386-qemuu-rhel6hvm-amd                           pass    
 test-amd64-amd64-dom0pvh-xl-amd                              pass    
 test-amd64-amd64-xl-qemuu-debianhvm-amd64                    pass    
 test-amd64-i386-xl-qemuu-debianhvm-amd64                     pass    
 test-amd64-i386-freebsd10-amd64                              pass    
 test-amd64-amd64-qemuu-freebsd11-amd64                       pass    
 test-amd64-amd64-qemuu-freebsd12-amd64                       pass    
 test-amd64-amd64-xl-qemuu-ovmf-amd64                         pass    
 test-amd64-i386-xl-qemuu-ovmf-amd64                          pass    
 test-amd64-amd64-xl-qemuu-win7-amd64                         fail    
 test-amd64-i386-xl-qemuu-win7-amd64                          fail    
 test-amd64-amd64-xl-qemuu-ws16-amd64                         fail    
 test-amd64-i386-xl-qemuu-ws16-amd64                          fail    
 test-armhf-armhf-xl-arndale                                  pass    
 test-amd64-amd64-xl-credit1                                  pass    
 test-arm64-arm64-xl-credit1                                  pass    
 test-armhf-armhf-xl-credit1                                  pass    
 test-amd64-amd64-xl-credit2                                  pass    
 test-arm64-arm64-xl-credit2                                  pass    
 test-armhf-armhf-xl-credit2                                  pass    
 test-amd64-amd64-xl-qemuu-dmrestrict-amd64-dmrestrict        pass    
 test-amd64-i386-xl-qemuu-dmrestrict-amd64-dmrestrict         pass    
 test-amd64-i386-freebsd10-i386                               pass    
 test-amd64-amd64-qemuu-nested-intel                          pass    
 test-amd64-amd64-xl-pvhv2-intel                              pass    
 test-amd64-i386-qemuu-rhel6hvm-intel                         pass    
 test-amd64-amd64-dom0pvh-xl-intel                            pass    
 test-amd64-amd64-libvirt                                     pass    
 test-armhf-armhf-libvirt                                     pass    
 test-amd64-i386-libvirt                                      pass    
 test-amd64-amd64-xl-multivcpu                                pass    
 test-armhf-armhf-xl-multivcpu                                pass    
 test-amd64-amd64-pair                                        pass    
 test-amd64-i386-pair                                         pass    
 test-amd64-amd64-libvirt-pair                                pass    
 test-amd64-i386-libvirt-pair                                 pass    
 test-amd64-amd64-xl-pvshim                                   pass    
 test-amd64-i386-xl-pvshim                                    fail    
 test-amd64-amd64-pygrub                                      pass    
 test-armhf-armhf-libvirt-qcow2                               pass    
 test-amd64-amd64-xl-qcow2                                    pass    
 test-arm64-arm64-libvirt-raw                                 pass    
 test-armhf-armhf-libvirt-raw                                 pass    
 test-amd64-i386-libvirt-raw                                  pass    
 test-amd64-amd64-xl-rtds                                     pass    
 test-armhf-armhf-xl-rtds                                     pass    
 test-amd64-amd64-xl-qemuu-debianhvm-amd64-shadow             pass    
 test-amd64-i386-xl-qemuu-debianhvm-amd64-shadow              pass    
 test-amd64-amd64-xl-shadow                                   pass    
 test-amd64-i386-xl-shadow                                    pass    
 test-arm64-arm64-xl-thunderx                                 pass    
 test-amd64-amd64-libvirt-vhd                                 pass    
 test-arm64-arm64-xl-vhd                                      pass    
 test-armhf-armhf-xl-vhd                                      fail    
 test-amd64-i386-xl-vhd                                       pass    


------------------------------------------------------------
sg-report-flight on osstest.test-lab.xenproject.org
logs: /home/logs/logs
images: /home/logs/images

Logs, config files, etc. are available at
    http://logs.test-lab.xenproject.org/osstest/logs

Explanation of these reports, and of osstest in general, is at
    http://xenbits.xen.org/gitweb/?p=osstest.git;a=blob;f=README.email;hb=master
    http://xenbits.xen.org/gitweb/?p=osstest.git;a=blob;f=README;hb=master

Test harness code can be found at
    http://xenbits.xen.org/gitweb?p=osstest.git;a=summary


Pushing revision :

To xenbits.xen.org:/home/xen/git/qemu-xen.git
   6972ef1440..2c27fdc7a6  2c27fdc7a626408ee2cf30d791aa0b63027c7404 -> 
upstream-tested

Reply via email to