flight 122969 linux-4.9 real [real] http://logs.test-lab.xenproject.org/osstest/logs/122969/
Failures :-/ but no regressions. Tests which did not succeed, but are not blocking: test-amd64-amd64-xl-qemut-win7-amd64 17 guest-stop fail like 122564 test-amd64-i386-xl-qemut-win7-amd64 17 guest-stop fail like 122564 test-amd64-amd64-xl-qemuu-win7-amd64 17 guest-stop fail like 122564 test-amd64-i386-xl-qemuu-win7-amd64 17 guest-stop fail like 122564 test-amd64-amd64-xl-qemuu-ws16-amd64 17 guest-stop fail like 122564 test-amd64-amd64-xl-pvhv2-intel 12 guest-start fail never pass test-amd64-amd64-xl-pvhv2-amd 12 guest-start fail never pass test-amd64-i386-xl-pvshim 12 guest-start fail never pass test-amd64-amd64-libvirt-xsm 13 migrate-support-check fail never pass test-amd64-i386-libvirt 13 migrate-support-check fail never pass test-amd64-i386-libvirt-xsm 13 migrate-support-check fail never pass test-amd64-amd64-libvirt 13 migrate-support-check fail never pass test-arm64-arm64-xl-xsm 13 migrate-support-check fail never pass test-arm64-arm64-libvirt-xsm 13 migrate-support-check fail never pass test-arm64-arm64-libvirt-xsm 14 saverestore-support-check fail never pass test-arm64-arm64-xl-xsm 14 saverestore-support-check fail never pass test-arm64-arm64-xl-credit2 13 migrate-support-check fail never pass test-arm64-arm64-xl-credit2 14 saverestore-support-check fail never pass test-arm64-arm64-xl 13 migrate-support-check fail never pass test-arm64-arm64-xl 14 saverestore-support-check fail never pass test-amd64-amd64-libvirt-qemuu-debianhvm-amd64-xsm 11 migrate-support-check fail never pass test-amd64-i386-libvirt-qemuu-debianhvm-amd64-xsm 11 migrate-support-check fail never pass test-armhf-armhf-xl-arndale 13 migrate-support-check fail never pass test-armhf-armhf-xl-arndale 14 saverestore-support-check fail never pass test-amd64-amd64-qemuu-nested-amd 17 debian-hvm-install/l1/l2 fail never pass test-amd64-amd64-libvirt-vhd 12 migrate-support-check fail never pass test-armhf-armhf-xl-credit2 13 migrate-support-check fail never pass test-armhf-armhf-xl-credit2 14 saverestore-support-check fail never pass test-armhf-armhf-xl-multivcpu 13 migrate-support-check fail never pass test-armhf-armhf-xl-multivcpu 14 saverestore-support-check fail never pass test-armhf-armhf-xl-cubietruck 13 migrate-support-check fail never pass test-armhf-armhf-xl-cubietruck 14 saverestore-support-check fail never pass test-armhf-armhf-libvirt-xsm 13 migrate-support-check fail never pass test-armhf-armhf-xl-rtds 13 migrate-support-check fail never pass test-armhf-armhf-xl-rtds 14 saverestore-support-check fail never pass test-armhf-armhf-libvirt-xsm 14 saverestore-support-check fail never pass test-armhf-armhf-xl 13 migrate-support-check fail never pass test-armhf-armhf-xl 14 saverestore-support-check fail never pass test-armhf-armhf-xl-xsm 13 migrate-support-check fail never pass test-armhf-armhf-libvirt 13 migrate-support-check fail never pass test-armhf-armhf-xl-xsm 14 saverestore-support-check fail never pass test-armhf-armhf-libvirt 14 saverestore-support-check fail never pass test-amd64-amd64-xl-qemut-ws16-amd64 17 guest-stop fail never pass test-amd64-i386-xl-qemut-ws16-amd64 17 guest-stop fail never pass test-amd64-i386-xl-qemuu-ws16-amd64 17 guest-stop fail never pass test-armhf-armhf-libvirt-raw 12 migrate-support-check fail never pass test-armhf-armhf-libvirt-raw 13 saverestore-support-check fail never pass test-armhf-armhf-xl-vhd 12 migrate-support-check fail never pass test-armhf-armhf-xl-vhd 13 saverestore-support-check fail never pass test-amd64-amd64-xl-qemuu-win10-i386 10 windows-install fail never pass test-amd64-amd64-xl-qemut-win10-i386 10 windows-install fail never pass test-amd64-i386-xl-qemuu-win10-i386 10 windows-install fail never pass test-amd64-i386-xl-qemut-win10-i386 10 windows-install fail never pass version targeted for testing: linux 6ba89b52ba6916bc7a3d390d70951e992c0ca39e baseline version: linux eff40cb1908ba6ba604068d6273584fc28e3bac8 Last test of basis 122564 2018-05-02 15:09:58 Z 19 days Failing since 122670 2018-05-09 08:12:17 Z 12 days 5 attempts Testing same since 122969 2018-05-19 16:39:59 Z 2 days 1 attempts ------------------------------------------------------------ People who touched revisions under test: Adi Nissim <[email protected]> Alan Stern <[email protected]> Alexei Starovoitov <[email protected]> Alexey Khoroshilov <[email protected]> Andrew Morton <[email protected]> Andrey Ignatov <[email protected]> Antony Antony <[email protected]> Arnaldo Carvalho de Melo <[email protected]> Bartlomiej Zolnierkiewicz <[email protected]> Ben Hutchings <[email protected]> Bin Liu <[email protected]> Bjørn Mork <[email protected]> Boris Brezillon <[email protected]> Chao Yu <[email protected]> Chenbo Feng <[email protected]> Chris Metcalf <[email protected]> [for tile] Christophe Leroy <[email protected]> Daniel Borkmann <[email protected]> Danit Goldberg <[email protected]> Darren Hart (VMware) <[email protected]> Darrick J. Wong <[email protected]> David S. Miller <[email protected]> Debabrata Banerjee <[email protected]> Dennis Dalessandro <[email protected]> Dmitry Torokhov <[email protected]> Doug Ledford <[email protected]> Eduardo Valentin <[email protected]> Eric Biggers <[email protected]> Eric Dumazet <[email protected]> Florent Flament <[email protected]> Govert Overgaauw <[email protected]> Greg Kroah-Hartman <[email protected]> Grygorii Strashko <[email protected]> Guenter Roeck <[email protected]> Gustavo A. R. Silva <[email protected]> Hangbin Liu <[email protected]> Hans de Goede <[email protected]> Heiko Carstens <[email protected]> Heiko Carstens <[email protected]> [s390] Heiner Kallweit <[email protected]> Herbert Xu <[email protected]> Horia Geantă <[email protected]> Ingo Molnar <[email protected]> Ingo Molnar <[email protected]> J. Bruce Fields <[email protected]> Jaegeuk Kim <[email protected]> Jakub Kicinski <[email protected]> James Chapman <[email protected]> Jan Kara <[email protected]> Jens Axboe <[email protected]> Jimmy Assarsson <[email protected]> Jiri Olsa <[email protected]> Jiri Slaby <[email protected]> Johan Hovold <[email protected]> Johannes Berg <[email protected]> Joonas Lahtinen <[email protected]> João Paulo Rechi Vita <[email protected]> João Paulo Rechi Vita <[email protected]> Julian Anastasov <[email protected]> Kristian Evensen <[email protected]> Lance Richardson <[email protected]> Leon Romanovsky <[email protected]> LEROY Christophe <[email protected]> Linus Torvalds <[email protected]> Linus Walleij <[email protected]> Luis R. Rodriguez <[email protected]> Marc Kleine-Budde <[email protected]> Marc Zyngier <[email protected]> Marcel Holtmann <[email protected]> Marcelo Ricardo Leitner <[email protected]> Marek Szyprowski <[email protected]> Martin Schwidefsky <[email protected]> Masami Hiramatsu <[email protected]> Mathieu Desnoyers <[email protected]> Michael Chan <[email protected]> Michael Ellerman <[email protected]> (powerpc) Mika Penttilä <[email protected]> Moshe Shemesh <[email protected]> Neal Cardwell <[email protected]> Neil Horman <[email protected]> Nikolay Aleksandrov <[email protected]> Pablo Neira Ayuso <[email protected]> Paul Mackerras <[email protected]> Peter Zijlstra (Intel) <[email protected]> Peter Zijlstra <[email protected]> Priyaranjan Jha <[email protected]> Raju Rangoju <[email protected]> Rob Taglang <[email protected]> Robert Rosengren <[email protected]> Roland Dreier <[email protected]> Russell King <[email protected]> Saeed Mahameed <[email protected]> Sagi Grimberg <[email protected]> Salvatore Bellizzi <[email protected]> Sean Paul <[email protected]> Sebastian Andrzej Siewior <[email protected]> Sebastian Sanchez <[email protected]> Simon Horman <[email protected]> Slava Kardakov <[email protected]> Soheil Hassas Yeganeh <[email protected]> Stefano Brivio <[email protected]> Steffen Klassert <[email protected]> Steve Twiss <[email protected]> Steven Rostedt (VMware) <[email protected]> Suzuki K Poulose <[email protected]> SZ Lin (林上智) <[email protected]> Takashi Iwai <[email protected]> Talat Batheesh <[email protected]> Tan Xiaojun <[email protected]> Tariq Toukan <[email protected]> Tasos Sahanidis <[email protected]> Tejun Heo <[email protected]> Teng Qin <[email protected]> Thomas Gleixner <[email protected]> Thomas Hellstrom <[email protected]> Timur Tabi <[email protected]> Tom Herbert <[email protected]> Uwe Kleine-König <[email protected]> Vasily Averin <[email protected]> Ville Syrjälä <[email protected]> Vittorio Gambaletta (VittGam) <[email protected]> Vittorio Gambaletta <[email protected]> Wei Fang <[email protected]> Will Deacon <[email protected]> Willy Tarreau <[email protected]> Xin Long <[email protected]> Yousuk Seung <[email protected]> Yuchung Cheng <[email protected]> zhongjiang <[email protected]> jobs: build-amd64-xsm pass build-arm64-xsm pass build-armhf-xsm pass build-i386-xsm pass build-amd64 pass build-arm64 pass build-armhf pass build-i386 pass build-amd64-libvirt pass build-arm64-libvirt pass build-armhf-libvirt pass build-i386-libvirt pass build-amd64-pvops pass build-arm64-pvops pass build-armhf-pvops pass build-i386-pvops pass build-amd64-rumprun pass build-i386-rumprun pass test-amd64-amd64-xl pass test-arm64-arm64-xl pass test-armhf-armhf-xl pass test-amd64-i386-xl pass test-amd64-amd64-xl-qemut-debianhvm-amd64-xsm pass test-amd64-i386-xl-qemut-debianhvm-amd64-xsm pass test-amd64-amd64-libvirt-qemuu-debianhvm-amd64-xsm pass test-amd64-i386-libvirt-qemuu-debianhvm-amd64-xsm pass test-amd64-amd64-xl-qemuu-debianhvm-amd64-xsm pass test-amd64-i386-xl-qemuu-debianhvm-amd64-xsm pass test-amd64-amd64-xl-qemut-stubdom-debianhvm-amd64-xsm pass test-amd64-i386-xl-qemut-stubdom-debianhvm-amd64-xsm pass test-amd64-amd64-libvirt-xsm pass test-arm64-arm64-libvirt-xsm pass test-armhf-armhf-libvirt-xsm pass test-amd64-i386-libvirt-xsm pass test-amd64-amd64-xl-xsm pass test-arm64-arm64-xl-xsm pass test-armhf-armhf-xl-xsm pass test-amd64-i386-xl-xsm pass test-amd64-amd64-qemuu-nested-amd fail test-amd64-amd64-xl-pvhv2-amd fail test-amd64-i386-qemut-rhel6hvm-amd pass test-amd64-i386-qemuu-rhel6hvm-amd pass test-amd64-amd64-xl-qemut-debianhvm-amd64 pass test-amd64-i386-xl-qemut-debianhvm-amd64 pass test-amd64-amd64-xl-qemuu-debianhvm-amd64 pass test-amd64-i386-xl-qemuu-debianhvm-amd64 pass test-amd64-i386-freebsd10-amd64 pass test-amd64-amd64-xl-qemuu-ovmf-amd64 pass test-amd64-i386-xl-qemuu-ovmf-amd64 pass test-amd64-amd64-rumprun-amd64 pass test-amd64-amd64-xl-qemut-win7-amd64 fail test-amd64-i386-xl-qemut-win7-amd64 fail test-amd64-amd64-xl-qemuu-win7-amd64 fail test-amd64-i386-xl-qemuu-win7-amd64 fail test-amd64-amd64-xl-qemut-ws16-amd64 fail test-amd64-i386-xl-qemut-ws16-amd64 fail test-amd64-amd64-xl-qemuu-ws16-amd64 fail test-amd64-i386-xl-qemuu-ws16-amd64 fail test-armhf-armhf-xl-arndale pass test-amd64-amd64-xl-credit2 pass test-arm64-arm64-xl-credit2 pass test-armhf-armhf-xl-credit2 pass test-armhf-armhf-xl-cubietruck pass test-amd64-amd64-examine pass test-arm64-arm64-examine pass test-armhf-armhf-examine pass test-amd64-i386-examine pass test-amd64-i386-freebsd10-i386 pass test-amd64-i386-rumprun-i386 pass test-amd64-amd64-xl-qemut-win10-i386 fail test-amd64-i386-xl-qemut-win10-i386 fail test-amd64-amd64-xl-qemuu-win10-i386 fail test-amd64-i386-xl-qemuu-win10-i386 fail test-amd64-amd64-qemuu-nested-intel pass test-amd64-amd64-xl-pvhv2-intel fail test-amd64-i386-qemut-rhel6hvm-intel pass test-amd64-i386-qemuu-rhel6hvm-intel pass test-amd64-amd64-libvirt pass test-armhf-armhf-libvirt pass test-amd64-i386-libvirt pass test-amd64-amd64-xl-multivcpu pass test-armhf-armhf-xl-multivcpu pass test-amd64-amd64-pair pass test-amd64-i386-pair pass test-amd64-amd64-libvirt-pair pass test-amd64-i386-libvirt-pair pass test-amd64-amd64-amd64-pvgrub pass test-amd64-amd64-i386-pvgrub pass test-amd64-amd64-xl-pvshim pass test-amd64-i386-xl-pvshim fail test-amd64-amd64-pygrub pass test-amd64-amd64-xl-qcow2 pass test-armhf-armhf-libvirt-raw pass test-amd64-i386-xl-raw pass test-amd64-amd64-xl-rtds pass test-armhf-armhf-xl-rtds pass test-amd64-amd64-xl-qemuu-debianhvm-amd64-shadow pass test-amd64-i386-xl-qemuu-debianhvm-amd64-shadow pass test-amd64-amd64-xl-shadow pass test-amd64-i386-xl-shadow pass test-amd64-amd64-libvirt-vhd pass test-armhf-armhf-xl-vhd pass ------------------------------------------------------------ sg-report-flight on osstest.test-lab.xenproject.org logs: /home/logs/logs images: /home/logs/images Logs, config files, etc. are available at http://logs.test-lab.xenproject.org/osstest/logs Explanation of these reports, and of osstest in general, is at http://xenbits.xen.org/gitweb/?p=osstest.git;a=blob;f=README.email;hb=master http://xenbits.xen.org/gitweb/?p=osstest.git;a=blob;f=README;hb=master Test harness code can be found at http://xenbits.xen.org/gitweb?p=osstest.git;a=summary Pushing revision : To xenbits.xen.org:/home/xen/git/linux-pvops.git eff40cb1908b..6ba89b52ba69 6ba89b52ba6916bc7a3d390d70951e992c0ca39e -> tested/linux-4.9 _______________________________________________ Xen-devel mailing list [email protected] https://lists.xenproject.org/mailman/listinfo/xen-devel
