flight 182524 linux-linus real [real]
flight 182525 linux-linus real-retest [real]
http://logs.test-lab.xenproject.org/osstest/logs/182524/
http://logs.test-lab.xenproject.org/osstest/logs/182525/

Regressions :-(

Tests which did not succeed and are blocking,
including tests which could not be run:
 test-amd64-amd64-freebsd11-amd64 19 guest-localmigrate/x10 fail REGR. vs. 
182424
 test-amd64-amd64-xl-qemut-debianhvm-amd64 18 guest-localmigrate/x10 fail in 
182525 REGR. vs. 182424

Tests which are failing intermittently (not blocking):
 test-amd64-amd64-freebsd11-amd64  8 xen-boot     fail in 182525 pass in 182524
 test-amd64-amd64-xl-qemuu-dmrestrict-amd64-dmrestrict 8 xen-boot fail pass in 
182525-retest
 test-amd64-amd64-xl-qemut-debianhvm-amd64 16 guest-localmigrate fail pass in 
182525-retest
 test-amd64-amd64-xl-credit1 20 guest-localmigrate/x10 fail pass in 
182525-retest
 test-armhf-armhf-libvirt      8 xen-boot            fail pass in 182525-retest
 test-amd64-amd64-xl-qemut-debianhvm-i386-xsm 20 guest-start/debianhvm.repeat 
fail pass in 182525-retest

Tests which did not succeed, but are not blocking:
 test-armhf-armhf-libvirt 16 saverestore-support-check fail in 182525 like 
182424
 test-armhf-armhf-libvirt    15 migrate-support-check fail in 182525 never pass
 test-amd64-amd64-xl-qemut-win7-amd64 19 guest-stop            fail like 182424
 test-amd64-amd64-xl-qemuu-win7-amd64 19 guest-stop            fail like 182424
 test-amd64-amd64-xl-qemuu-ws16-amd64 19 guest-stop            fail like 182424
 test-armhf-armhf-libvirt-raw 15 saverestore-support-check    fail  like 182424
 test-amd64-amd64-xl-qemut-ws16-amd64 19 guest-stop            fail like 182424
 test-armhf-armhf-libvirt-qcow2 15 saverestore-support-check   fail like 182424
 test-amd64-amd64-qemuu-nested-amd 20 debian-hvm-install/l1/l2 fail like 182424
 test-amd64-amd64-libvirt-xsm 15 migrate-support-check        fail   never pass
 test-amd64-amd64-libvirt     15 migrate-support-check        fail   never pass
 test-arm64-arm64-xl          15 migrate-support-check        fail   never pass
 test-arm64-arm64-xl          16 saverestore-support-check    fail   never pass
 test-arm64-arm64-libvirt-xsm 15 migrate-support-check        fail   never pass
 test-arm64-arm64-libvirt-xsm 16 saverestore-support-check    fail   never pass
 test-arm64-arm64-xl-thunderx 15 migrate-support-check        fail   never pass
 test-arm64-arm64-xl-thunderx 16 saverestore-support-check    fail   never pass
 test-arm64-arm64-xl-credit1  15 migrate-support-check        fail   never pass
 test-arm64-arm64-xl-credit1  16 saverestore-support-check    fail   never pass
 test-arm64-arm64-xl-credit2  15 migrate-support-check        fail   never pass
 test-arm64-arm64-xl-credit2  16 saverestore-support-check    fail   never pass
 test-arm64-arm64-xl-xsm      15 migrate-support-check        fail   never pass
 test-arm64-arm64-xl-xsm      16 saverestore-support-check    fail   never pass
 test-amd64-amd64-libvirt-qemuu-debianhvm-amd64-xsm 13 migrate-support-check 
fail never pass
 test-armhf-armhf-xl-arndale  15 migrate-support-check        fail   never pass
 test-armhf-armhf-xl-arndale  16 saverestore-support-check    fail   never pass
 test-armhf-armhf-xl-credit1  15 migrate-support-check        fail   never pass
 test-armhf-armhf-xl-credit1  16 saverestore-support-check    fail   never pass
 test-amd64-amd64-libvirt-qcow2 14 migrate-support-check        fail never pass
 test-armhf-armhf-xl          15 migrate-support-check        fail   never pass
 test-armhf-armhf-xl          16 saverestore-support-check    fail   never pass
 test-armhf-armhf-xl-multivcpu 15 migrate-support-check        fail  never pass
 test-armhf-armhf-xl-multivcpu 16 saverestore-support-check    fail  never pass
 test-amd64-amd64-libvirt-raw 14 migrate-support-check        fail   never pass
 test-arm64-arm64-libvirt-raw 14 migrate-support-check        fail   never pass
 test-arm64-arm64-libvirt-raw 15 saverestore-support-check    fail   never pass
 test-arm64-arm64-xl-vhd      14 migrate-support-check        fail   never pass
 test-arm64-arm64-xl-vhd      15 saverestore-support-check    fail   never pass
 test-armhf-armhf-libvirt-raw 14 migrate-support-check        fail   never pass
 test-armhf-armhf-xl-vhd      14 migrate-support-check        fail   never pass
 test-armhf-armhf-xl-vhd      15 saverestore-support-check    fail   never pass
 test-armhf-armhf-xl-credit2  15 migrate-support-check        fail   never pass
 test-armhf-armhf-xl-credit2  16 saverestore-support-check    fail   never pass
 test-armhf-armhf-xl-rtds     15 migrate-support-check        fail   never pass
 test-armhf-armhf-xl-rtds     16 saverestore-support-check    fail   never pass
 test-armhf-armhf-libvirt-qcow2 14 migrate-support-check        fail never pass

version targeted for testing:
 linux                7d2f353b2682dcfe5f9bc71e5b61d5b61770d98e
baseline version:
 linux                53663f4103ff6738e4697004d6f84864d052333d

Last test of basis   182424  2023-08-22 18:10:18 Z    4 days
Failing since        182452  2023-08-23 10:10:33 Z    3 days    6 attempts
Testing same since   182524  2023-08-26 04:30:17 Z    0 days    1 attempts

------------------------------------------------------------
People who touched revisions under test:
  Aaron Ma <[email protected]>
  Abdul Haleem <[email protected]>
  Aleksandr Loktionov <[email protected]>
  Alessio Igor Bogani <[email protected]>
  Alexandre Ghiti <[email protected]>
  Amit Cohen <[email protected]>
  Andre Przywara <[email protected]>
  Andrew Morton <[email protected]>
  Andrey Skvortsov <[email protected]>
  Andrii Staikov <[email protected]>
  André Apitzsch <[email protected]>
  Andy Chiu <[email protected]>
  Anh Tuan Phan <[email protected]>
  Ankit Nautiyal <[email protected]>
  Anshuman Gupta <[email protected]>
  Arnd Bergmann <[email protected]>
  Arpana Arland <[email protected]> (A Contingent worker at Intel)
  Arınç ÜNAL <[email protected]>
  Ayush Jain <[email protected]>
  Bartosz Golaszewski <[email protected]>
  Benjamin Coddington <[email protected]>
  Biju Das <[email protected]>
  BrenoRCBrito <[email protected]>
  Chao Song <[email protected]>
  Charles Keepax <[email protected]>
  Chris Paterson <[email protected]>
  Christian König <[email protected]>
  Chuck Lever <[email protected]>
  Conor Dooley <[email protected]>
  Daniel Golle <[email protected]>
  Danielle Ratson <[email protected]>
  Dave Airlie <[email protected]>
  David Christensen <[email protected]>
  David Hildenbrand <[email protected]>
  David Michael <[email protected]>
  David S. Miller <[email protected]>
  Doug Berger <[email protected]>
  Edward Cree <[email protected]>
  Eric Dumazet <[email protected]>
  Florian Westphal <[email protected]>
  Francesco Dolcini <[email protected]>
  Frieder Schrempf <[email protected]>
  Geert Uytterhoeven <[email protected]>
  GONG, Ruiqi <[email protected]>
  Gregory Greenman <[email protected]>
  Hangbin Liu <[email protected]>
  Hans de Goede <[email protected]>
  Hans Verkuil <[email protected]>
  Hariprasad Kelam <[email protected]>
  Helge Deller <[email protected]>
  Hugh Dickins <[email protected]>
  Ido Schimmel <[email protected]>
  Imre Deak <[email protected]>
  Jakub Kicinski <[email protected]>
  Jamal Hadi Salim <[email protected]>
  Jani Nikula <[email protected]>
  Jay Vosburgh <[email protected]>
  Jesse Brandeburg <[email protected]>
  Jianshui Yu <[email protected]>
  Jiri Pirko <[email protected]>
  Johannes Berg <[email protected]>
  Josua Mayer <[email protected]>
  Kees Cook <[email protected]>
  Kevin-Lu <[email protected]>
  Leonard Göhrs <[email protected]>
  Liam R. Howlett <[email protected]>
  Linus Torvalds <[email protected]>
  Linus Walleij <[email protected]>
  Lorenzo Bianconi <[email protected]>
  Lu Wei <[email protected]>
  Lucas Karpinski <[email protected]>
  Maciej Strozek <[email protected]>
  Marek Behún <[email protected]>
  Mario Limonciello <[email protected]
  Mario Limonciello <[email protected]>
  Mark Brown <[email protected]
  Mark Brown <[email protected]>
  Mark Rutland <[email protected]>
  Maxime Ripard <[email protected]>
  Mel Gorman <[email protected]>
  Miaohe Lin <[email protected]>
  Michael Ellerman <[email protected]>
  Mingzheng Xing <[email protected]>
  Naama Meir <[email protected]>
  Naoya Horiguchi <[email protected]>
  Neil Armstrong <[email protected]>
  Nhat Pham <[email protected]>
  Oliver Hartkopp <[email protected]>
  Pablo Neira Ayuso <[email protected]>
  Palmer Dabbelt <[email protected]>
  Paolo Abeni <[email protected]>
  Peng Fan <[email protected]>
  Peter Ujfalusi <[email protected]>
  Peter Xu <[email protected]>
  Petr Machata <[email protected]>
  Petr Oros <[email protected]>
  Ping-Ke Shih <[email protected]>
  Pucha Himasekhar Reddy <[email protected]> (A Contingent 
worker at Intel)
  Rafael J. Wysocki <[email protected]>
  Rafal Romanowski <[email protected]>
  Randy Dunlap <[email protected]>
  Remi Pommarel <[email protected]>
  Richard Cochran <[email protected]>
  Richard Fitzgerald <[email protected]>
  Rik van Riel <[email protected]>
  Rob Clark <[email protected]>
  Rob Herring <[email protected]>
  Rodrigo Vivi <[email protected]>
  Ruan Jinjie <[email protected]>
  Ryan Roberts <[email protected]>
  Ryusuke Konishi <[email protected]>
  Sabrina Dubroca <[email protected]>
  Sasha Neftin <[email protected]>
  Serge Semin <[email protected]>
  Shenghao Ding <[email protected]>
  Shih-Yi Chen <[email protected]>
  Simon Horman <[email protected]> # build-tested
  Simon Trimmer <[email protected]>
  Simon Wunderlich <[email protected]>
  Srinivas Goud <[email protected]>
  Stephen Boyd <[email protected]>
  Steven Price <[email protected]>
  Steven Rostedt (Google) <[email protected]>
  Sunil Goutham <[email protected]>
  Suren Baghdasaryan <[email protected]>
  Sven Eckelmann <[email protected]>
  Sven Schnelle <[email protected]>
  Swapnil Devesh <[email protected]>
  T.J. Mercier <[email protected]>
  Takashi Iwai <[email protected]>
  Thinh Tran <[email protected]>
  Tim Harvey <[email protected]>
  Tony Nguyen <[email protected]>
  Venkata Sai Duggi <[email protected]>
  Victor Nogueira <[email protected]>
  Vladimir Oltean <[email protected]>
  Wei Chen <[email protected]>
  Yin Fengwei <[email protected]>
  Yu Zhao <[email protected]>
  Zack Rusin <[email protected]>
  Zheng Yejian <[email protected]>

jobs:
 build-amd64-xsm                                              pass    
 build-arm64-xsm                                              pass    
 build-i386-xsm                                               pass    
 build-amd64                                                  pass    
 build-arm64                                                  pass    
 build-armhf                                                  pass    
 build-i386                                                   pass    
 build-amd64-libvirt                                          pass    
 build-arm64-libvirt                                          pass    
 build-armhf-libvirt                                          pass    
 build-i386-libvirt                                           pass    
 build-amd64-pvops                                            pass    
 build-arm64-pvops                                            pass    
 build-armhf-pvops                                            pass    
 build-i386-pvops                                             pass    
 test-amd64-amd64-xl                                          pass    
 test-amd64-coresched-amd64-xl                                pass    
 test-arm64-arm64-xl                                          pass    
 test-armhf-armhf-xl                                          pass    
 test-amd64-amd64-libvirt-qemuu-debianhvm-amd64-xsm           pass    
 test-amd64-amd64-xl-qemut-stubdom-debianhvm-amd64-xsm        pass    
 test-amd64-amd64-xl-qemut-debianhvm-i386-xsm                 fail    
 test-amd64-amd64-xl-qemuu-debianhvm-i386-xsm                 pass    
 test-amd64-amd64-libvirt-xsm                                 pass    
 test-arm64-arm64-libvirt-xsm                                 pass    
 test-amd64-amd64-xl-xsm                                      pass    
 test-arm64-arm64-xl-xsm                                      pass    
 test-amd64-amd64-qemuu-nested-amd                            fail    
 test-amd64-amd64-xl-pvhv2-amd                                pass    
 test-amd64-amd64-dom0pvh-xl-amd                              pass    
 test-amd64-amd64-xl-qemut-debianhvm-amd64                    fail    
 test-amd64-amd64-xl-qemuu-debianhvm-amd64                    pass    
 test-amd64-amd64-freebsd11-amd64                             fail    
 test-amd64-amd64-freebsd12-amd64                             pass    
 test-amd64-amd64-xl-qemuu-ovmf-amd64                         pass    
 test-amd64-amd64-xl-qemut-win7-amd64                         fail    
 test-amd64-amd64-xl-qemuu-win7-amd64                         fail    
 test-amd64-amd64-xl-qemut-ws16-amd64                         fail    
 test-amd64-amd64-xl-qemuu-ws16-amd64                         fail    
 test-armhf-armhf-xl-arndale                                  pass    
 test-amd64-amd64-examine-bios                                pass    
 test-amd64-amd64-xl-credit1                                  fail    
 test-arm64-arm64-xl-credit1                                  pass    
 test-armhf-armhf-xl-credit1                                  pass    
 test-amd64-amd64-xl-credit2                                  pass    
 test-arm64-arm64-xl-credit2                                  pass    
 test-armhf-armhf-xl-credit2                                  pass    
 test-amd64-amd64-xl-qemuu-dmrestrict-amd64-dmrestrict        fail    
 test-amd64-amd64-examine                                     pass    
 test-arm64-arm64-examine                                     pass    
 test-armhf-armhf-examine                                     pass    
 test-amd64-amd64-qemuu-nested-intel                          pass    
 test-amd64-amd64-xl-pvhv2-intel                              pass    
 test-amd64-amd64-dom0pvh-xl-intel                            pass    
 test-amd64-amd64-libvirt                                     pass    
 test-armhf-armhf-libvirt                                     fail    
 test-amd64-amd64-xl-multivcpu                                pass    
 test-armhf-armhf-xl-multivcpu                                pass    
 test-amd64-amd64-pair                                        pass    
 test-amd64-amd64-libvirt-pair                                pass    
 test-amd64-amd64-xl-pvshim                                   pass    
 test-amd64-amd64-pygrub                                      pass    
 test-amd64-amd64-libvirt-qcow2                               pass    
 test-armhf-armhf-libvirt-qcow2                               pass    
 test-amd64-amd64-libvirt-raw                                 pass    
 test-arm64-arm64-libvirt-raw                                 pass    
 test-armhf-armhf-libvirt-raw                                 pass    
 test-amd64-amd64-xl-rtds                                     pass    
 test-armhf-armhf-xl-rtds                                     pass    
 test-amd64-amd64-xl-qemuu-debianhvm-amd64-shadow             pass    
 test-amd64-amd64-xl-shadow                                   pass    
 test-arm64-arm64-xl-thunderx                                 pass    
 test-amd64-amd64-examine-uefi                                pass    
 test-amd64-amd64-xl-vhd                                      pass    
 test-arm64-arm64-xl-vhd                                      pass    
 test-armhf-armhf-xl-vhd                                      pass    


------------------------------------------------------------
sg-report-flight on osstest.test-lab.xenproject.org
logs: /home/logs/logs
images: /home/logs/images

Logs, config files, etc. are available at
    http://logs.test-lab.xenproject.org/osstest/logs

Explanation of these reports, and of osstest in general, is at
    http://xenbits.xen.org/gitweb/?p=osstest.git;a=blob;f=README.email;hb=master
    http://xenbits.xen.org/gitweb/?p=osstest.git;a=blob;f=README;hb=master

Test harness code can be found at
    http://xenbits.xen.org/gitweb?p=osstest.git;a=summary


Not pushing.

(No revision log; it would be 4659 lines long.)

Reply via email to