flight 182569 linux-5.4 real [real]
flight 182572 linux-5.4 real-retest [real]
http://logs.test-lab.xenproject.org/osstest/logs/182569/
http://logs.test-lab.xenproject.org/osstest/logs/182572/

Regressions :-(

Tests which did not succeed and are blocking,
including tests which could not be run:
 test-armhf-armhf-xl-multivcpu 18 guest-start/debian.repeat fail REGR. vs. 
182363
 test-armhf-armhf-xl-credit1 18 guest-start/debian.repeat fail REGR. vs. 182363

Tests which did not succeed, but are not blocking:
 test-armhf-armhf-xl-rtds   18 guest-start/debian.repeat fail blocked in 182363
 test-armhf-armhf-libvirt     16 saverestore-support-check    fail  like 182363
 test-amd64-amd64-xl-qemuu-win7-amd64 19 guest-stop            fail like 182363
 test-amd64-i386-xl-qemut-win7-amd64 19 guest-stop             fail like 182363
 test-amd64-i386-xl-qemuu-win7-amd64 19 guest-stop             fail like 182363
 test-amd64-amd64-xl-qemut-win7-amd64 19 guest-stop            fail like 182363
 test-armhf-armhf-libvirt-raw 15 saverestore-support-check    fail  like 182363
 test-armhf-armhf-libvirt-qcow2 15 saverestore-support-check   fail like 182363
 test-amd64-amd64-xl-qemuu-ws16-amd64 19 guest-stop            fail like 182363
 test-amd64-amd64-xl-qemut-ws16-amd64 19 guest-stop            fail like 182363
 test-amd64-i386-xl-qemut-ws16-amd64 19 guest-stop             fail like 182363
 test-amd64-i386-xl-qemuu-ws16-amd64 19 guest-stop             fail like 182363
 test-amd64-amd64-qemuu-nested-amd 20 debian-hvm-install/l1/l2 fail like 182363
 test-amd64-i386-libvirt-xsm  15 migrate-support-check        fail   never pass
 test-armhf-armhf-xl-multivcpu 15 migrate-support-check        fail  never pass
 test-armhf-armhf-xl-multivcpu 16 saverestore-support-check    fail  never pass
 test-amd64-amd64-libvirt-xsm 15 migrate-support-check        fail   never pass
 test-amd64-i386-xl-pvshim    14 guest-start                  fail   never pass
 test-amd64-amd64-libvirt     15 migrate-support-check        fail   never pass
 test-amd64-i386-libvirt-qemuu-debianhvm-amd64-xsm 13 migrate-support-check 
fail never pass
 test-amd64-amd64-libvirt-qemuu-debianhvm-amd64-xsm 13 migrate-support-check 
fail never pass
 test-amd64-i386-libvirt      15 migrate-support-check        fail   never pass
 test-amd64-i386-libvirt-raw  14 migrate-support-check        fail   never pass
 test-armhf-armhf-xl          15 migrate-support-check        fail   never pass
 test-armhf-armhf-xl          16 saverestore-support-check    fail   never pass
 test-armhf-armhf-xl-credit2  15 migrate-support-check        fail   never pass
 test-armhf-armhf-xl-credit2  16 saverestore-support-check    fail   never pass
 test-armhf-armhf-xl-credit1  15 migrate-support-check        fail   never pass
 test-armhf-armhf-xl-credit1  16 saverestore-support-check    fail   never pass
 test-armhf-armhf-xl-arndale  15 migrate-support-check        fail   never pass
 test-armhf-armhf-xl-arndale  16 saverestore-support-check    fail   never pass
 test-armhf-armhf-libvirt     15 migrate-support-check        fail   never pass
 test-armhf-armhf-xl-rtds     15 migrate-support-check        fail   never pass
 test-armhf-armhf-xl-rtds     16 saverestore-support-check    fail   never pass
 test-amd64-amd64-libvirt-vhd 14 migrate-support-check        fail   never pass
 test-armhf-armhf-libvirt-raw 14 migrate-support-check        fail   never pass
 test-armhf-armhf-libvirt-qcow2 14 migrate-support-check        fail never pass
 test-armhf-armhf-xl-vhd      14 migrate-support-check        fail   never pass
 test-armhf-armhf-xl-vhd      15 saverestore-support-check    fail   never pass
 test-arm64-arm64-libvirt-raw  3 hosts-allocate               starved  n/a
 test-arm64-arm64-xl           3 hosts-allocate               starved  n/a
 test-arm64-arm64-libvirt-xsm  3 hosts-allocate               starved  n/a
 test-arm64-arm64-xl-xsm       3 hosts-allocate               starved  n/a
 test-arm64-arm64-xl-credit1   3 hosts-allocate               starved  n/a
 test-arm64-arm64-xl-credit2   3 hosts-allocate               starved  n/a
 test-arm64-arm64-xl-thunderx  3 hosts-allocate               starved  n/a
 test-arm64-arm64-xl-vhd       3 hosts-allocate               starved  n/a

version targeted for testing:
 linux                5eb967dd50a5a29952ab6e6b1ef4bf216cf1652c
baseline version:
 linux                fd2a1d1f32ea37c57a8b46a0857f06fd7274dd2c

Last test of basis   182363  2023-08-16 16:45:54 Z   14 days
Testing same since   182569  2023-08-30 14:44:38 Z    0 days    1 attempts

------------------------------------------------------------
People who touched revisions under test:
  Abel Wu <[email protected]>
  Adrian Hunter <[email protected]>
  Alan Liu <[email protected]>
  Aleksandr Loktionov <[email protected]>
  Alessio Igor Bogani <[email protected]>
  Alex Deucher <[email protected]>
  Alexander Aring <[email protected]>
  Alfred Lee <[email protected]>
  Amir Goldstein <[email protected]>
  Andreas Gruenbacher <[email protected]>
  Andrew Morton <[email protected]>
  Andrey Skvortsov <[email protected]>
  Andrii Staikov <[email protected]>
  Ankit Nautiyal <[email protected]>
  Armin Wolf <[email protected]>
  Arnd Bergmann <[email protected]>
  Arpana Arland <[email protected]> (A Contingent worker at Intel)
  Atul Dhudase <[email protected]>
  Benjamin Coddington <[email protected]>
  Benjamin Gray <[email protected]>
  Biju Das <[email protected]>
  Bjorn Helgaas <[email protected]>
  Chengfeng Ye <[email protected]>
  Christian Brauner <[email protected]>
  Christian König <[email protected]>
  Christian Marangi <[email protected]>
  Chuck Lever <[email protected]>
  Clayton Yager <[email protected]>
  Colin Ian King <[email protected]>
  Cosmin Tanislav <[email protected]>
  Cosmin Tanislav <[email protected]>
  Daniel Vetter <[email protected]>
  Daniel Wheeler <[email protected]>
  Dave Kleikamp <[email protected]>
  David S. Miller <[email protected]>
  David Sterba <[email protected]>
  David Teigland <[email protected]>
  dengxiang <[email protected]>
  Doug Berger <[email protected]>
  Eric Dumazet <[email protected]>
  Eyal Birger <[email protected]>
  Feng Tang <[email protected]>
  Florian Fainelli <[email protected]>
  Florian Westphal <[email protected]>
  Fred Eckert <[email protected]>
  Geert Uytterhoeven <[email protected]>
  Geert Uytterhoeven <[email protected]>
  Georgi Djakov <[email protected]>
  Greg Kroah-Hartman <[email protected]>
  Guenter Roeck <[email protected]>
  Gustavo A. R. Silva <[email protected]>
  hackyzh002 <[email protected]>
  Hangbin Liu <[email protected]>
  Hans Verkuil <[email protected]>
  Hariprasad Kelam <[email protected]>
  Harshit Mogalapalli <[email protected]>
  Helge Deller <[email protected]>
  Ido Schimmel <[email protected]>
  Igor Mammedov <[email protected]>
  Immad Mir <[email protected]>
  J. Bruce Fields <[email protected]>
  Jakob Koschel <[email protected]>
  Jakub Kicinski <[email protected]>
  Jamal Hadi Salim <[email protected]>
  Jan Kara <[email protected]>
  Jani Nikula <[email protected]>
  Jason Wang <[email protected]>
  Jason Xing <[email protected]>
  Jay Vosburgh <[email protected]>
  Jerome Brunet <[email protected]>
  Jiaxun Yang <[email protected]>
  Jiri Kosina <[email protected]>
  Joel Savitz <[email protected]>
  Joerg Roedel <[email protected]>
  Johan Hovold <[email protected]>
  Jon Hunter <[email protected]>
  Jonathan Cameron <[email protected]>
  Josip Pavic <[email protected]>
  Julian Anastasov <[email protected]>
  Justin Chen <[email protected]>
  Kishon Vijay Abraham I <[email protected]>
  Krishna Kurapati <[email protected]>
  Kunihiko Hayashi <[email protected]>
  Kuniyuki Iwashima <[email protected]>
  Lee Jones <[email protected]>
  Li Jun <[email protected]>
  Lin Ma <[email protected]>
  Linus Torvalds <[email protected]>
  Linux Kernel Functional Testing <[email protected]>
  Lu Wei <[email protected]>
  Luiz Augusto von Dentz <[email protected]>
  Marc Zyngier <[email protected]>
  Marco Morandini <[email protected]>
  Marek Vasut <[email protected]>
  Mark Brown <[email protected]>
  Martin K. Petersen <[email protected]>
  Martin KaFai Lau <[email protected]>
  Masami Hiramatsu (Google) <[email protected]>
  Masami Hiramatsu <[email protected]>
  Matthieu Baerts <[email protected]>
  Matus Gajdos <[email protected]>
  Mauro Carvalho Chehab <[email protected]>
  Maximilian Heyne <[email protected]>
  Michael Ellerman <[email protected]>
  Michael S. Tsirkin <[email protected]>
  Michal Koutný <[email protected]>
  Michał Mirosław <[email protected]>
  Mike Snitzer <[email protected]>
  Mike Snitzer <[email protected]>
  Mikulas Patocka <[email protected]>
  Mimi Zohar <[email protected]>
  Mirsad Todorovac <[email protected]>
  Nathan Lynch <[email protected]>
  Nicolin Chen <[email protected]>
  Nikolay Aleksandrov <[email protected]>
  Oswald Buddenhagen <[email protected]>
  Pablo Neira Ayuso <[email protected]>
  Paolo Abeni <[email protected]>
  Paulo Alcantara (SUSE) <[email protected]>
  Pavle Kotarac <[email protected]>
  Peter Chen <[email protected]>
  Petr Machata <[email protected]>
  Pina Chen <[email protected]>
  Rafael J. Wysocki <[email protected]>
  Rafael J. Wysocki <[email protected]>
  Randy Dunlap <[email protected]>
  Ray Jui <[email protected]>
  Remi Pommarel <[email protected]>
  Rob Clark <[email protected]>
  Ruan Jinjie <[email protected]>
  Russell Harmon <[email protected]>
  Russell Harmon via samba-technical <[email protected]>
  Saeed Mirzamohammadi <[email protected]>
  Sakari Ailus <[email protected]>
  Sam Ravnborg <[email protected]>
  Sandeep Maheswaram <[email protected]>
  Sasha Levin <[email protected]>
  Serge Semin <[email protected]>
  Sergey Shtylyov <[email protected]>
  Shakeel Butt <[email protected]>
  shanzhulig <[email protected]>
  Shawn Guo <[email protected]>
  Shengjiu Wang <[email protected]>
  Shengjiu Wang <[email protected]>
  Sherry Sun <[email protected]>
  Shuah Khan <[email protected]>
  Simon Horman <[email protected]>
  Simon Wunderlich <[email protected]>
  Sishuai Gong <[email protected]>
  Stefan Wahren <[email protected]>
  Steffen Klassert <[email protected]>
  Stephen Boyd <[email protected]>
  Steve French <[email protected]>
  Steven Rostedt (Google) <[email protected]>
  Steven Rostedt (VMware) <[email protected]>
  Sudip Mukherjee <[email protected]>
  Sunil Goutham <[email protected]>
  Sven Eckelmann <[email protected]>
  Taimur Hassan <[email protected]>
  Takashi Iwai <[email protected]>
  Tang Bin <[email protected]>
  Thinh Nguyen <[email protected]>
  Thomas Bogendoerfer <[email protected]>
  Thomas Gleixner <[email protected]>
  Thomas Zimmermann <[email protected]>
  Tony Lindgren <[email protected]>
  Tony Nguyen <[email protected]>
  Trond Myklebust <[email protected]>
  Tuo Li <[email protected]>
  Ulf Hansson <[email protected]>
  Uwe Kleine-König <[email protected]>
  Victor Nogueira <[email protected]>
  Vijay Khemka <[email protected]>
  Vladimir Oltean <[email protected]>
  Wei Chen <[email protected]>
  William Breathitt Gray <[email protected]>
  Wolfram Sang <[email protected]>
  Wolfram Sang <[email protected]>
  Woody Suwalski <[email protected]>
  Xiaolei Wang <[email protected]>
  xiaoshoukui <[email protected]>
  xiaoshoukui <[email protected]>
  Xin Long <[email protected]>
  Xu Yang <[email protected]>
  Yang Yingliang <[email protected]>
  Yangtao Li <[email protected]>
  Yangtao Li <[email protected]>
  Ye Bin <[email protected]>
  Yibin Ding <[email protected]>
  Yogesh <[email protected]>
  Yuanjun Gong <[email protected]>
  Yunfei Dong <[email protected]>
  Zhang Shurong <[email protected]>
  Zheng Yejian <[email protected]>
  Zhengchao Shao <[email protected]>
  Zhengping Jiang <[email protected]>
  Zhu Wang <[email protected]>
  Ziyang Xuan <[email protected]>

jobs:
 build-amd64-xsm                                              pass    
 build-arm64-xsm                                              pass    
 build-i386-xsm                                               pass    
 build-amd64                                                  pass    
 build-arm64                                                  pass    
 build-armhf                                                  pass    
 build-i386                                                   pass    
 build-amd64-libvirt                                          pass    
 build-arm64-libvirt                                          pass    
 build-armhf-libvirt                                          pass    
 build-i386-libvirt                                           pass    
 build-amd64-pvops                                            pass    
 build-arm64-pvops                                            pass    
 build-armhf-pvops                                            pass    
 build-i386-pvops                                             pass    
 test-amd64-amd64-xl                                          pass    
 test-amd64-coresched-amd64-xl                                pass    
 test-arm64-arm64-xl                                          starved 
 test-armhf-armhf-xl                                          pass    
 test-amd64-i386-xl                                           pass    
 test-amd64-coresched-i386-xl                                 pass    
 test-amd64-amd64-libvirt-qemuu-debianhvm-amd64-xsm           pass    
 test-amd64-i386-libvirt-qemuu-debianhvm-amd64-xsm            pass    
 test-amd64-amd64-xl-qemut-stubdom-debianhvm-amd64-xsm        pass    
 test-amd64-i386-xl-qemut-stubdom-debianhvm-amd64-xsm         pass    
 test-amd64-amd64-xl-qemut-debianhvm-i386-xsm                 pass    
 test-amd64-i386-xl-qemut-debianhvm-i386-xsm                  pass    
 test-amd64-amd64-xl-qemuu-debianhvm-i386-xsm                 pass    
 test-amd64-i386-xl-qemuu-debianhvm-i386-xsm                  pass    
 test-amd64-amd64-libvirt-xsm                                 pass    
 test-arm64-arm64-libvirt-xsm                                 starved 
 test-amd64-i386-libvirt-xsm                                  pass    
 test-amd64-amd64-xl-xsm                                      pass    
 test-arm64-arm64-xl-xsm                                      starved 
 test-amd64-i386-xl-xsm                                       pass    
 test-amd64-amd64-qemuu-nested-amd                            fail    
 test-amd64-amd64-xl-pvhv2-amd                                pass    
 test-amd64-i386-qemut-rhel6hvm-amd                           pass    
 test-amd64-i386-qemuu-rhel6hvm-amd                           pass    
 test-amd64-amd64-dom0pvh-xl-amd                              pass    
 test-amd64-amd64-xl-qemut-debianhvm-amd64                    pass    
 test-amd64-i386-xl-qemut-debianhvm-amd64                     pass    
 test-amd64-amd64-xl-qemuu-debianhvm-amd64                    pass    
 test-amd64-i386-xl-qemuu-debianhvm-amd64                     pass    
 test-amd64-i386-freebsd10-amd64                              pass    
 test-amd64-amd64-qemuu-freebsd11-amd64                       pass    
 test-amd64-amd64-qemuu-freebsd12-amd64                       pass    
 test-amd64-amd64-xl-qemuu-ovmf-amd64                         pass    
 test-amd64-i386-xl-qemuu-ovmf-amd64                          pass    
 test-amd64-amd64-xl-qemut-win7-amd64                         fail    
 test-amd64-i386-xl-qemut-win7-amd64                          fail    
 test-amd64-amd64-xl-qemuu-win7-amd64                         fail    
 test-amd64-i386-xl-qemuu-win7-amd64                          fail    
 test-amd64-amd64-xl-qemut-ws16-amd64                         fail    
 test-amd64-i386-xl-qemut-ws16-amd64                          fail    
 test-amd64-amd64-xl-qemuu-ws16-amd64                         fail    
 test-amd64-i386-xl-qemuu-ws16-amd64                          fail    
 test-armhf-armhf-xl-arndale                                  pass    
 test-amd64-amd64-examine-bios                                pass    
 test-amd64-i386-examine-bios                                 pass    
 test-amd64-amd64-xl-credit1                                  pass    
 test-arm64-arm64-xl-credit1                                  starved 
 test-armhf-armhf-xl-credit1                                  fail    
 test-amd64-amd64-xl-credit2                                  pass    
 test-arm64-arm64-xl-credit2                                  starved 
 test-armhf-armhf-xl-credit2                                  pass    
 test-amd64-amd64-xl-qemuu-dmrestrict-amd64-dmrestrict        pass    
 test-amd64-i386-xl-qemuu-dmrestrict-amd64-dmrestrict         pass    
 test-amd64-amd64-examine                                     pass    
 test-arm64-arm64-examine                                     pass    
 test-armhf-armhf-examine                                     pass    
 test-amd64-i386-examine                                      pass    
 test-amd64-i386-freebsd10-i386                               pass    
 test-amd64-amd64-qemuu-nested-intel                          pass    
 test-amd64-amd64-xl-pvhv2-intel                              pass    
 test-amd64-i386-qemut-rhel6hvm-intel                         pass    
 test-amd64-i386-qemuu-rhel6hvm-intel                         pass    
 test-amd64-amd64-dom0pvh-xl-intel                            pass    
 test-amd64-amd64-libvirt                                     pass    
 test-armhf-armhf-libvirt                                     pass    
 test-amd64-i386-libvirt                                      pass    
 test-amd64-amd64-xl-multivcpu                                pass    
 test-armhf-armhf-xl-multivcpu                                fail    
 test-amd64-amd64-pair                                        pass    
 test-amd64-i386-pair                                         pass    
 test-amd64-amd64-libvirt-pair                                pass    
 test-amd64-i386-libvirt-pair                                 pass    
 test-amd64-amd64-xl-pvshim                                   pass    
 test-amd64-i386-xl-pvshim                                    fail    
 test-amd64-amd64-pygrub                                      pass    
 test-armhf-armhf-libvirt-qcow2                               pass    
 test-amd64-amd64-xl-qcow2                                    pass    
 test-arm64-arm64-libvirt-raw                                 starved 
 test-armhf-armhf-libvirt-raw                                 pass    
 test-amd64-i386-libvirt-raw                                  pass    
 test-amd64-amd64-xl-rtds                                     pass    
 test-armhf-armhf-xl-rtds                                     fail    
 test-amd64-amd64-xl-qemuu-debianhvm-amd64-shadow             pass    
 test-amd64-i386-xl-qemuu-debianhvm-amd64-shadow              pass    
 test-amd64-amd64-xl-shadow                                   pass    
 test-amd64-i386-xl-shadow                                    pass    
 test-arm64-arm64-xl-thunderx                                 starved 
 test-amd64-amd64-examine-uefi                                pass    
 test-amd64-i386-examine-uefi                                 pass    
 test-amd64-amd64-libvirt-vhd                                 pass    
 test-arm64-arm64-xl-vhd                                      starved 
 test-armhf-armhf-xl-vhd                                      pass    
 test-amd64-i386-xl-vhd                                       pass    


------------------------------------------------------------
sg-report-flight on osstest.test-lab.xenproject.org
logs: /home/logs/logs
images: /home/logs/images

Logs, config files, etc. are available at
    http://logs.test-lab.xenproject.org/osstest/logs

Explanation of these reports, and of osstest in general, is at
    http://xenbits.xen.org/gitweb/?p=osstest.git;a=blob;f=README.email;hb=master
    http://xenbits.xen.org/gitweb/?p=osstest.git;a=blob;f=README;hb=master

Test harness code can be found at
    http://xenbits.xen.org/gitweb?p=osstest.git;a=summary


Not pushing.

(No revision log; it would be 4971 lines long.)

Reply via email to