flight 182646 xen-unstable-smoke real [real]
http://logs.test-lab.xenproject.org/osstest/logs/182646/

Regressions :-(

Tests which did not succeed and are blocking,
including tests which could not be run:
 build-amd64                   6 xen-build                fail REGR. vs. 182635

Tests which did not succeed, but are not blocking:
 build-amd64-libvirt           1 build-check(1)               blocked  n/a
 test-amd64-amd64-libvirt      1 build-check(1)               blocked  n/a
 test-amd64-amd64-xl-qemuu-debianhvm-amd64  1 build-check(1)        blocked n/a
 test-arm64-arm64-xl-xsm      15 migrate-support-check        fail   never pass
 test-arm64-arm64-xl-xsm      16 saverestore-support-check    fail   never pass
 test-armhf-armhf-xl          15 migrate-support-check        fail   never pass
 test-armhf-armhf-xl          16 saverestore-support-check    fail   never pass

version targeted for testing:
 xen                  61765a07e3d8a4dabbb8323b55f13ee75c80e54a
baseline version:
 xen                  9a216e92de9f9011097e4f1fb55ff67ba0a21704

Last test of basis   182635  2023-09-05 13:00:27 Z    0 days
Testing same since   182641  2023-09-06 02:02:08 Z    0 days    2 attempts

------------------------------------------------------------
People who touched revisions under test:
  David Gibson <[email protected]>
  Henry Wang <[email protected]>
  Julien Grall <[email protected]>
  Juline Grall <[email protected]>
  Stefano Stabellini <[email protected]>
  Vikram Garhwal <[email protected]>
  Vikram Garhwal <[email protected]>

jobs:
 build-arm64-xsm                                              pass    
 build-amd64                                                  fail    
 build-armhf                                                  pass    
 build-amd64-libvirt                                          blocked 
 test-armhf-armhf-xl                                          pass    
 test-arm64-arm64-xl-xsm                                      pass    
 test-amd64-amd64-xl-qemuu-debianhvm-amd64                    blocked 
 test-amd64-amd64-libvirt                                     blocked 


------------------------------------------------------------
sg-report-flight on osstest.test-lab.xenproject.org
logs: /home/logs/logs
images: /home/logs/images

Logs, config files, etc. are available at
    http://logs.test-lab.xenproject.org/osstest/logs

Explanation of these reports, and of osstest in general, is at
    http://xenbits.xen.org/gitweb/?p=osstest.git;a=blob;f=README.email;hb=master
    http://xenbits.xen.org/gitweb/?p=osstest.git;a=blob;f=README;hb=master

Test harness code can be found at
    http://xenbits.xen.org/gitweb?p=osstest.git;a=summary


Not pushing.

(No revision log; it would be 380 lines long.)

Reply via email to