flight 183010 linux-linus real [real]
http://logs.test-lab.xenproject.org/osstest/logs/183010/
Regressions :-(
Tests which did not succeed and are blocking,
including tests which could not be run:
test-amd64-amd64-xl-qemuu-dmrestrict-amd64-dmrestrict 8 xen-boot fail REGR.
vs. 182531
test-amd64-coresched-amd64-xl 8 xen-boot fail REGR. vs. 182531
test-amd64-amd64-libvirt-pair 12 xen-boot/src_host fail REGR. vs. 182531
test-amd64-amd64-libvirt-pair 13 xen-boot/dst_host fail REGR. vs. 182531
test-amd64-amd64-xl-xsm 8 xen-boot fail REGR. vs. 182531
test-amd64-amd64-libvirt-raw 8 xen-boot fail REGR. vs. 182531
test-amd64-amd64-libvirt-qcow2 8 xen-boot fail REGR. vs. 182531
test-amd64-amd64-xl-vhd 8 xen-boot fail REGR. vs. 182531
test-amd64-amd64-xl-pvhv2-intel 8 xen-boot fail REGR. vs. 182531
test-amd64-amd64-xl-pvshim 8 xen-boot fail REGR. vs. 182531
test-amd64-amd64-freebsd12-amd64 8 xen-boot fail REGR. vs. 182531
test-amd64-amd64-xl-qemuu-ws16-amd64 8 xen-boot fail REGR. vs. 182531
test-amd64-amd64-xl-qemut-debianhvm-amd64 8 xen-boot fail REGR. vs. 182531
test-amd64-amd64-xl 8 xen-boot fail REGR. vs. 182531
test-amd64-amd64-libvirt-xsm 8 xen-boot fail REGR. vs. 182531
test-amd64-amd64-xl-qemut-win7-amd64 8 xen-boot fail REGR. vs. 182531
test-amd64-amd64-xl-qemuu-win7-amd64 8 xen-boot fail REGR. vs. 182531
test-amd64-amd64-dom0pvh-xl-amd 14 guest-start fail REGR. vs. 182531
test-amd64-amd64-xl-shadow 8 xen-boot fail REGR. vs. 182531
test-amd64-amd64-xl-qemuu-debianhvm-amd64 8 xen-boot fail REGR. vs. 182531
test-amd64-amd64-xl-credit1 8 xen-boot fail REGR. vs. 182531
test-amd64-amd64-examine-uefi 8 reboot fail REGR. vs. 182531
test-amd64-amd64-pair 12 xen-boot/src_host fail REGR. vs. 182531
test-amd64-amd64-pair 13 xen-boot/dst_host fail REGR. vs. 182531
test-amd64-amd64-xl-multivcpu 8 xen-boot fail REGR. vs. 182531
test-amd64-amd64-qemuu-nested-intel 8 xen-boot fail REGR. vs. 182531
test-amd64-amd64-xl-qemut-ws16-amd64 8 xen-boot fail REGR. vs. 182531
test-amd64-amd64-xl-pvhv2-amd 8 xen-boot fail REGR. vs. 182531
test-amd64-amd64-xl-qemuu-ovmf-amd64 8 xen-boot fail REGR. vs. 182531
test-amd64-amd64-qemuu-nested-amd 8 xen-boot fail REGR. vs. 182531
test-amd64-amd64-dom0pvh-xl-intel 14 guest-start fail REGR. vs. 182531
test-amd64-amd64-libvirt 8 xen-boot fail REGR. vs. 182531
test-amd64-amd64-freebsd11-amd64 8 xen-boot fail REGR. vs. 182531
test-amd64-amd64-pygrub 8 xen-boot fail REGR. vs. 182531
test-amd64-amd64-libvirt-qemuu-debianhvm-amd64-xsm 8 xen-boot fail REGR. vs.
182531
test-amd64-amd64-xl-qemut-debianhvm-i386-xsm 8 xen-boot fail REGR. vs. 182531
test-amd64-amd64-xl-qemut-stubdom-debianhvm-amd64-xsm 8 xen-boot fail REGR.
vs. 182531
test-amd64-amd64-xl-credit2 8 xen-boot fail REGR. vs. 182531
test-amd64-amd64-examine-bios 8 reboot fail REGR. vs. 182531
test-amd64-amd64-xl-qemuu-debianhvm-i386-xsm 8 xen-boot fail REGR. vs. 182531
test-amd64-amd64-examine 8 reboot fail REGR. vs. 182531
test-amd64-amd64-xl-qemuu-debianhvm-amd64-shadow 8 xen-boot fail REGR. vs.
182531
Regressions which are regarded as allowable (not blocking):
test-amd64-amd64-xl-rtds 8 xen-boot fail REGR. vs. 182531
Tests which did not succeed, but are not blocking:
test-armhf-armhf-libvirt 16 saverestore-support-check fail like 182531
test-armhf-armhf-libvirt-qcow2 15 saverestore-support-check fail like 182531
test-armhf-armhf-libvirt-raw 15 saverestore-support-check fail like 182531
test-arm64-arm64-xl-xsm 15 migrate-support-check fail never pass
test-arm64-arm64-xl-xsm 16 saverestore-support-check fail never pass
test-arm64-arm64-xl-thunderx 15 migrate-support-check fail never pass
test-arm64-arm64-xl-credit2 15 migrate-support-check fail never pass
test-arm64-arm64-xl-credit2 16 saverestore-support-check fail never pass
test-arm64-arm64-xl-thunderx 16 saverestore-support-check fail never pass
test-arm64-arm64-xl 15 migrate-support-check fail never pass
test-arm64-arm64-libvirt-xsm 15 migrate-support-check fail never pass
test-arm64-arm64-libvirt-xsm 16 saverestore-support-check fail never pass
test-arm64-arm64-xl 16 saverestore-support-check fail never pass
test-arm64-arm64-xl-credit1 15 migrate-support-check fail never pass
test-arm64-arm64-xl-credit1 16 saverestore-support-check fail never pass
test-armhf-armhf-xl-multivcpu 15 migrate-support-check fail never pass
test-armhf-armhf-xl-multivcpu 16 saverestore-support-check fail never pass
test-armhf-armhf-xl-rtds 15 migrate-support-check fail never pass
test-armhf-armhf-xl-rtds 16 saverestore-support-check fail never pass
test-armhf-armhf-libvirt 15 migrate-support-check fail never pass
test-armhf-armhf-xl-credit2 15 migrate-support-check fail never pass
test-armhf-armhf-xl-credit2 16 saverestore-support-check fail never pass
test-armhf-armhf-xl 15 migrate-support-check fail never pass
test-armhf-armhf-xl 16 saverestore-support-check fail never pass
test-arm64-arm64-libvirt-raw 14 migrate-support-check fail never pass
test-arm64-arm64-libvirt-raw 15 saverestore-support-check fail never pass
test-arm64-arm64-xl-vhd 14 migrate-support-check fail never pass
test-arm64-arm64-xl-vhd 15 saverestore-support-check fail never pass
test-armhf-armhf-libvirt-qcow2 14 migrate-support-check fail never pass
test-armhf-armhf-xl-vhd 14 migrate-support-check fail never pass
test-armhf-armhf-xl-vhd 15 saverestore-support-check fail never pass
test-armhf-armhf-xl-arndale 15 migrate-support-check fail never pass
test-armhf-armhf-xl-arndale 16 saverestore-support-check fail never pass
test-armhf-armhf-xl-credit1 15 migrate-support-check fail never pass
test-armhf-armhf-xl-credit1 16 saverestore-support-check fail never pass
test-armhf-armhf-libvirt-raw 14 migrate-support-check fail never pass
version targeted for testing:
linux 9fdfb15a3dbf818e06be514f4abbfc071004cbe7
baseline version:
linux 2dde18cd1d8fac735875f2e4987f11817cc0bc2c
Last test of basis 182531 2023-08-27 22:41:14 Z 19 days
Failing since 182544 2023-08-28 20:42:13 Z 18 days 34 attempts
Testing same since 183004 2023-09-14 22:43:17 Z 1 days 3 attempts
------------------------------------------------------------
2287 people touched revisions under test,
not listing them all
jobs:
build-amd64-xsm pass
build-arm64-xsm pass
build-i386-xsm pass
build-amd64 pass
build-arm64 pass
build-armhf pass
build-i386 pass
build-amd64-libvirt pass
build-arm64-libvirt pass
build-armhf-libvirt pass
build-i386-libvirt pass
build-amd64-pvops pass
build-arm64-pvops pass
build-armhf-pvops pass
build-i386-pvops pass
test-amd64-amd64-xl fail
test-amd64-coresched-amd64-xl fail
test-arm64-arm64-xl pass
test-armhf-armhf-xl pass
test-amd64-amd64-libvirt-qemuu-debianhvm-amd64-xsm fail
test-amd64-amd64-xl-qemut-stubdom-debianhvm-amd64-xsm fail
test-amd64-amd64-xl-qemut-debianhvm-i386-xsm fail
test-amd64-amd64-xl-qemuu-debianhvm-i386-xsm fail
test-amd64-amd64-libvirt-xsm fail
test-arm64-arm64-libvirt-xsm pass
test-amd64-amd64-xl-xsm fail
test-arm64-arm64-xl-xsm pass
test-amd64-amd64-qemuu-nested-amd fail
test-amd64-amd64-xl-pvhv2-amd fail
test-amd64-amd64-dom0pvh-xl-amd fail
test-amd64-amd64-xl-qemut-debianhvm-amd64 fail
test-amd64-amd64-xl-qemuu-debianhvm-amd64 fail
test-amd64-amd64-freebsd11-amd64 fail
test-amd64-amd64-freebsd12-amd64 fail
test-amd64-amd64-xl-qemuu-ovmf-amd64 fail
test-amd64-amd64-xl-qemut-win7-amd64 fail
test-amd64-amd64-xl-qemuu-win7-amd64 fail
test-amd64-amd64-xl-qemut-ws16-amd64 fail
test-amd64-amd64-xl-qemuu-ws16-amd64 fail
test-armhf-armhf-xl-arndale pass
test-amd64-amd64-examine-bios fail
test-amd64-amd64-xl-credit1 fail
test-arm64-arm64-xl-credit1 pass
test-armhf-armhf-xl-credit1 pass
test-amd64-amd64-xl-credit2 fail
test-arm64-arm64-xl-credit2 pass
test-armhf-armhf-xl-credit2 pass
test-amd64-amd64-xl-qemuu-dmrestrict-amd64-dmrestrict fail
test-amd64-amd64-examine fail
test-arm64-arm64-examine pass
test-armhf-armhf-examine pass
test-amd64-amd64-qemuu-nested-intel fail
test-amd64-amd64-xl-pvhv2-intel fail
test-amd64-amd64-dom0pvh-xl-intel fail
test-amd64-amd64-libvirt fail
test-armhf-armhf-libvirt pass
test-amd64-amd64-xl-multivcpu fail
test-armhf-armhf-xl-multivcpu pass
test-amd64-amd64-pair fail
test-amd64-amd64-libvirt-pair fail
test-amd64-amd64-xl-pvshim fail
test-amd64-amd64-pygrub fail
test-amd64-amd64-libvirt-qcow2 fail
test-armhf-armhf-libvirt-qcow2 pass
test-amd64-amd64-libvirt-raw fail
test-arm64-arm64-libvirt-raw pass
test-armhf-armhf-libvirt-raw pass
test-amd64-amd64-xl-rtds fail
test-armhf-armhf-xl-rtds pass
test-amd64-amd64-xl-qemuu-debianhvm-amd64-shadow fail
test-amd64-amd64-xl-shadow fail
test-arm64-arm64-xl-thunderx pass
test-amd64-amd64-examine-uefi fail
test-amd64-amd64-xl-vhd fail
test-arm64-arm64-xl-vhd pass
test-armhf-armhf-xl-vhd pass
------------------------------------------------------------
sg-report-flight on osstest.test-lab.xenproject.org
logs: /home/logs/logs
images: /home/logs/images
Logs, config files, etc. are available at
http://logs.test-lab.xenproject.org/osstest/logs
Explanation of these reports, and of osstest in general, is at
http://xenbits.xen.org/gitweb/?p=osstest.git;a=blob;f=README.email;hb=master
http://xenbits.xen.org/gitweb/?p=osstest.git;a=blob;f=README;hb=master
Test harness code can be found at
http://xenbits.xen.org/gitweb?p=osstest.git;a=summary
Not pushing.
(No revision log; it would be 278620 lines long.)