flight 183123 linux-linus real [real] http://logs.test-lab.xenproject.org/osstest/logs/183123/
Failures :-/ but no regressions. Tests which did not succeed, but are not blocking: test-armhf-armhf-libvirt 16 saverestore-support-check fail like 183109 test-amd64-amd64-xl-qemut-win7-amd64 19 guest-stop fail like 183109 test-amd64-amd64-xl-qemuu-win7-amd64 19 guest-stop fail like 183109 test-armhf-armhf-libvirt-qcow2 15 saverestore-support-check fail like 183109 test-amd64-amd64-xl-qemuu-ws16-amd64 19 guest-stop fail like 183109 test-armhf-armhf-libvirt-raw 15 saverestore-support-check fail like 183109 test-amd64-amd64-xl-qemut-ws16-amd64 19 guest-stop fail like 183109 test-amd64-amd64-qemuu-nested-amd 20 debian-hvm-install/l1/l2 fail like 183109 test-amd64-amd64-libvirt-xsm 15 migrate-support-check fail never pass test-amd64-amd64-libvirt 15 migrate-support-check fail never pass test-amd64-amd64-libvirt-qcow2 14 migrate-support-check fail never pass test-amd64-amd64-libvirt-raw 14 migrate-support-check fail never pass test-amd64-amd64-libvirt-qemuu-debianhvm-amd64-xsm 13 migrate-support-check fail never pass test-arm64-arm64-xl 15 migrate-support-check fail never pass test-arm64-arm64-xl 16 saverestore-support-check fail never pass test-arm64-arm64-xl-xsm 15 migrate-support-check fail never pass test-arm64-arm64-xl-xsm 16 saverestore-support-check fail never pass test-arm64-arm64-xl-credit2 15 migrate-support-check fail never pass test-arm64-arm64-xl-credit2 16 saverestore-support-check fail never pass test-arm64-arm64-libvirt-xsm 15 migrate-support-check fail never pass test-arm64-arm64-libvirt-xsm 16 saverestore-support-check fail never pass test-arm64-arm64-xl-thunderx 15 migrate-support-check fail never pass test-arm64-arm64-xl-thunderx 16 saverestore-support-check fail never pass test-arm64-arm64-xl-credit1 15 migrate-support-check fail never pass test-arm64-arm64-xl-credit1 16 saverestore-support-check fail never pass test-armhf-armhf-xl 15 migrate-support-check fail never pass test-armhf-armhf-xl 16 saverestore-support-check fail never pass test-armhf-armhf-xl-multivcpu 15 migrate-support-check fail never pass test-armhf-armhf-xl-multivcpu 16 saverestore-support-check fail never pass test-armhf-armhf-libvirt 15 migrate-support-check fail never pass test-armhf-armhf-xl-rtds 15 migrate-support-check fail never pass test-armhf-armhf-xl-rtds 16 saverestore-support-check fail never pass test-armhf-armhf-xl-credit2 15 migrate-support-check fail never pass test-armhf-armhf-xl-credit2 16 saverestore-support-check fail never pass test-arm64-arm64-libvirt-raw 14 migrate-support-check fail never pass test-arm64-arm64-libvirt-raw 15 saverestore-support-check fail never pass test-arm64-arm64-xl-vhd 14 migrate-support-check fail never pass test-arm64-arm64-xl-vhd 15 saverestore-support-check fail never pass test-armhf-armhf-libvirt-qcow2 14 migrate-support-check fail never pass test-armhf-armhf-libvirt-raw 14 migrate-support-check fail never pass test-armhf-armhf-xl-arndale 15 migrate-support-check fail never pass test-armhf-armhf-xl-arndale 16 saverestore-support-check fail never pass test-armhf-armhf-xl-credit1 15 migrate-support-check fail never pass test-armhf-armhf-xl-credit1 16 saverestore-support-check fail never pass test-armhf-armhf-xl-vhd 14 migrate-support-check fail never pass test-armhf-armhf-xl-vhd 15 saverestore-support-check fail never pass version targeted for testing: linux d90b0276af8f25a0b8ae081a30d1b2a61263393b baseline version: linux 27bbf45eae9ca98877a2d52a92a188147cd61b07 Last test of basis 183109 2023-09-21 21:16:19 Z 1 days Testing same since 183123 2023-09-23 00:25:15 Z 0 days 1 attempts ------------------------------------------------------------ People who touched revisions under test: Alex Deucher <[email protected]> Alexey Dobriyan <[email protected]> Andi Shyti <[email protected]> Andy Shevchenko <[email protected]> Ard Biesheuvel <[email protected]> Arnd Bergmann <[email protected]> Baokun Li <[email protected]> Ben Skeggs <[email protected]> Borislav Petkov (AMD) <[email protected]> Chandan Babu R <[email protected]> Cong Liu <[email protected]> Dan Carpenter <[email protected]> Daniel Wheeler <[email protected]> Danilo Krummrich <[email protected]> Darrick J. Wong <[email protected]> Dave Airlie <[email protected]> Dave Hansen <[email protected]> Dennis Bonke <[email protected]> Dmitry Osipenko <[email protected]> H.J. Lu <[email protected]> Hamza Mahfooz <[email protected]> Hans de Goede <[email protected]> Herbert Xu <[email protected]> Ilpo Järvinen <[email protected]> Ingo Molnar <[email protected]> Jani Nikula <[email protected]> Janusz Krzysztofik <[email protected]> Javier Martinez Canillas <[email protected]> John Paul Adrian Glaubitz <[email protected]> Josh Poimboeuf <[email protected]> José Pekkarinen <[email protected]> Karol Wachowski <[email protected]> Kees Cook <[email protected]> Kirill A. Shutemov <[email protected]> Kristina Martsenko <[email protected]> Liam R. Howlett <[email protected]> Lijo Lazar <[email protected]> Linus Torvalds <[email protected]> Lukas Bulwahn <[email protected]> Mark Broadworth <[email protected]> Mark Brown <[email protected]> Mark Rutland <[email protected]> Maíra Canal <[email protected]> Michal Wilczynski <[email protected]> Muhammad Ahmed <[email protected]> Neil Armstrong <[email protected]> Oliver Upton <[email protected]> Peter Zijlstra (Intel) <[email protected]> Peter Zijlstra <[email protected]> Rafael J. Wysocki <[email protected]> Rick Edgecombe <[email protected]> Rik van Riel <[email protected]> Rodrigo Vivi <[email protected]> Sebastian Andrzej Siewior <[email protected]> Stanislaw Gruszka <[email protected]> Stephen Boyd <[email protected]> Stylon Wang <[email protected]> Thomas Zimmermann <[email protected]> Tianjia Zhang <[email protected]> Umesh Nerlige Ramappa <[email protected]> Vincent Whitchurch <[email protected]> Wang Jianchao <[email protected]> Wang Jianchao <[email protected]> Will Deacon <[email protected]> YuBiao Wang <[email protected]> jobs: build-amd64-xsm pass build-arm64-xsm pass build-i386-xsm pass build-amd64 pass build-arm64 pass build-armhf pass build-i386 pass build-amd64-libvirt pass build-arm64-libvirt pass build-armhf-libvirt pass build-i386-libvirt pass build-amd64-pvops pass build-arm64-pvops pass build-armhf-pvops pass build-i386-pvops pass test-amd64-amd64-xl pass test-amd64-coresched-amd64-xl pass test-arm64-arm64-xl pass test-armhf-armhf-xl pass test-amd64-amd64-libvirt-qemuu-debianhvm-amd64-xsm pass test-amd64-amd64-xl-qemut-stubdom-debianhvm-amd64-xsm pass test-amd64-amd64-xl-qemut-debianhvm-i386-xsm pass test-amd64-amd64-xl-qemuu-debianhvm-i386-xsm pass test-amd64-amd64-libvirt-xsm pass test-arm64-arm64-libvirt-xsm pass test-amd64-amd64-xl-xsm pass test-arm64-arm64-xl-xsm pass test-amd64-amd64-qemuu-nested-amd fail test-amd64-amd64-xl-pvhv2-amd pass test-amd64-amd64-dom0pvh-xl-amd pass test-amd64-amd64-xl-qemut-debianhvm-amd64 pass test-amd64-amd64-xl-qemuu-debianhvm-amd64 pass test-amd64-amd64-freebsd11-amd64 pass test-amd64-amd64-freebsd12-amd64 pass test-amd64-amd64-xl-qemuu-ovmf-amd64 pass test-amd64-amd64-xl-qemut-win7-amd64 fail test-amd64-amd64-xl-qemuu-win7-amd64 fail test-amd64-amd64-xl-qemut-ws16-amd64 fail test-amd64-amd64-xl-qemuu-ws16-amd64 fail test-armhf-armhf-xl-arndale pass test-amd64-amd64-examine-bios pass test-amd64-amd64-xl-credit1 pass test-arm64-arm64-xl-credit1 pass test-armhf-armhf-xl-credit1 pass test-amd64-amd64-xl-credit2 pass test-arm64-arm64-xl-credit2 pass test-armhf-armhf-xl-credit2 pass test-amd64-amd64-xl-qemuu-dmrestrict-amd64-dmrestrict pass test-amd64-amd64-examine pass test-arm64-arm64-examine pass test-armhf-armhf-examine pass test-amd64-amd64-qemuu-nested-intel pass test-amd64-amd64-xl-pvhv2-intel pass test-amd64-amd64-dom0pvh-xl-intel pass test-amd64-amd64-libvirt pass test-armhf-armhf-libvirt pass test-amd64-amd64-xl-multivcpu pass test-armhf-armhf-xl-multivcpu pass test-amd64-amd64-pair pass test-amd64-amd64-libvirt-pair pass test-amd64-amd64-xl-pvshim pass test-amd64-amd64-pygrub pass test-amd64-amd64-libvirt-qcow2 pass test-armhf-armhf-libvirt-qcow2 pass test-amd64-amd64-libvirt-raw pass test-arm64-arm64-libvirt-raw pass test-armhf-armhf-libvirt-raw pass test-amd64-amd64-xl-rtds pass test-armhf-armhf-xl-rtds pass test-amd64-amd64-xl-qemuu-debianhvm-amd64-shadow pass test-amd64-amd64-xl-shadow pass test-arm64-arm64-xl-thunderx pass test-amd64-amd64-examine-uefi pass test-amd64-amd64-xl-vhd pass test-arm64-arm64-xl-vhd pass test-armhf-armhf-xl-vhd pass ------------------------------------------------------------ sg-report-flight on osstest.test-lab.xenproject.org logs: /home/logs/logs images: /home/logs/images Logs, config files, etc. are available at http://logs.test-lab.xenproject.org/osstest/logs Explanation of these reports, and of osstest in general, is at http://xenbits.xen.org/gitweb/?p=osstest.git;a=blob;f=README.email;hb=master http://xenbits.xen.org/gitweb/?p=osstest.git;a=blob;f=README;hb=master Test harness code can be found at http://xenbits.xen.org/gitweb?p=osstest.git;a=summary Pushing revision : hint: The 'hooks/update' hook was ignored because it's not set as executable. hint: You can disable this warning with `git config advice.ignoredHook false`. hint: The 'hooks/post-receive' hook was ignored because it's not set as executable. hint: You can disable this warning with `git config advice.ignoredHook false`. hint: The 'hooks/post-update' hook was ignored because it's not set as executable. hint: You can disable this warning with `git config advice.ignoredHook false`. To xenbits.xen.org:/home/xen/git/linux-pvops.git 27bbf45eae9c..d90b0276af8f d90b0276af8f25a0b8ae081a30d1b2a61263393b -> tested/linux-linus
