flight 183273 linux-linus real [real]
flight 183280 linux-linus real-retest [real]
http://logs.test-lab.xenproject.org/osstest/logs/183273/
http://logs.test-lab.xenproject.org/osstest/logs/183280/

Failures :-/ but no regressions.

Tests which are failing intermittently (not blocking):
 test-amd64-amd64-xl-qemut-debianhvm-i386-xsm 12 debian-hvm-install fail pass 
in 183280-retest
 test-armhf-armhf-xl           8 xen-boot            fail pass in 183280-retest

Tests which did not succeed, but are not blocking:
 test-armhf-armhf-xl         15 migrate-support-check fail in 183280 never pass
 test-armhf-armhf-xl     16 saverestore-support-check fail in 183280 never pass
 test-amd64-amd64-xl-qemut-win7-amd64 19 guest-stop            fail like 183268
 test-amd64-amd64-xl-qemuu-win7-amd64 19 guest-stop            fail like 183268
 test-amd64-amd64-xl-qemuu-ws16-amd64 19 guest-stop            fail like 183268
 test-armhf-armhf-libvirt-raw 15 saverestore-support-check    fail  like 183268
 test-armhf-armhf-libvirt     16 saverestore-support-check    fail  like 183268
 test-amd64-amd64-xl-qemut-ws16-amd64 19 guest-stop            fail like 183268
 test-armhf-armhf-libvirt-qcow2 15 saverestore-support-check   fail like 183268
 test-amd64-amd64-qemuu-nested-amd 20 debian-hvm-install/l1/l2 fail like 183268
 test-amd64-amd64-libvirt-xsm 15 migrate-support-check        fail   never pass
 test-arm64-arm64-xl-thunderx 15 migrate-support-check        fail   never pass
 test-arm64-arm64-xl-thunderx 16 saverestore-support-check    fail   never pass
 test-arm64-arm64-xl-xsm      15 migrate-support-check        fail   never pass
 test-arm64-arm64-xl-xsm      16 saverestore-support-check    fail   never pass
 test-arm64-arm64-xl          15 migrate-support-check        fail   never pass
 test-arm64-arm64-xl          16 saverestore-support-check    fail   never pass
 test-arm64-arm64-libvirt-xsm 15 migrate-support-check        fail   never pass
 test-arm64-arm64-libvirt-xsm 16 saverestore-support-check    fail   never pass
 test-arm64-arm64-xl-credit2  15 migrate-support-check        fail   never pass
 test-arm64-arm64-xl-credit2  16 saverestore-support-check    fail   never pass
 test-amd64-amd64-libvirt-qemuu-debianhvm-amd64-xsm 13 migrate-support-check 
fail never pass
 test-armhf-armhf-xl-arndale  15 migrate-support-check        fail   never pass
 test-armhf-armhf-xl-arndale  16 saverestore-support-check    fail   never pass
 test-armhf-armhf-xl-multivcpu 15 migrate-support-check        fail  never pass
 test-armhf-armhf-xl-multivcpu 16 saverestore-support-check    fail  never pass
 test-arm64-arm64-xl-credit1  15 migrate-support-check        fail   never pass
 test-arm64-arm64-xl-credit1  16 saverestore-support-check    fail   never pass
 test-amd64-amd64-libvirt-qcow2 14 migrate-support-check        fail never pass
 test-amd64-amd64-libvirt-raw 14 migrate-support-check        fail   never pass
 test-arm64-arm64-libvirt-raw 14 migrate-support-check        fail   never pass
 test-arm64-arm64-libvirt-raw 15 saverestore-support-check    fail   never pass
 test-arm64-arm64-xl-vhd      14 migrate-support-check        fail   never pass
 test-arm64-arm64-xl-vhd      15 saverestore-support-check    fail   never pass
 test-amd64-amd64-libvirt     15 migrate-support-check        fail   never pass
 test-armhf-armhf-libvirt-raw 14 migrate-support-check        fail   never pass
 test-armhf-armhf-xl-vhd      14 migrate-support-check        fail   never pass
 test-armhf-armhf-xl-vhd      15 saverestore-support-check    fail   never pass
 test-armhf-armhf-xl-rtds     15 migrate-support-check        fail   never pass
 test-armhf-armhf-xl-credit2  15 migrate-support-check        fail   never pass
 test-armhf-armhf-xl-rtds     16 saverestore-support-check    fail   never pass
 test-armhf-armhf-xl-credit2  16 saverestore-support-check    fail   never pass
 test-armhf-armhf-libvirt     15 migrate-support-check        fail   never pass
 test-armhf-armhf-xl-credit1  15 migrate-support-check        fail   never pass
 test-armhf-armhf-xl-credit1  16 saverestore-support-check    fail   never pass
 test-armhf-armhf-libvirt-qcow2 14 migrate-support-check        fail never pass

version targeted for testing:
 linux                f291209eca5eba0b4704fa0832af57b12dbc1a02
baseline version:
 linux                3006adf3be79cde4d14b1800b963b82b6e5572e0

Last test of basis   183268  2023-10-05 03:37:07 Z    1 days
Testing same since   183273  2023-10-05 18:42:30 Z    0 days    1 attempts

------------------------------------------------------------
People who touched revisions under test:
  Aditya Kumar Singh <[email protected]>
  Al Viro <[email protected]>
  Alexandra Diupina <[email protected]>
  Alexei Starovoitov <[email protected]>
  Amir Goldstein <[email protected]>
  Andrii Nakryiko <[email protected]>
  Arnd Bergmann <[email protected]>
  Ben Greear <[email protected]>
  Ben Wolsieffer <[email protected]>
  Benjamin Berg <[email protected]>
  Benjamin Poirier <[email protected]>
  Brian Norris <[email protected]>
  Charles Keepax <[email protected]>
  Chengfeng Ye <[email protected]>
  Christian Marangi <[email protected]>
  Christophe JAILLET <[email protected]>
  Clark Wang <[email protected]>
  Dan Carpenter <[email protected]>
  Daniel Borkmann <[email protected]>
  Daniel Golle <[email protected]>
  David Howells <[email protected]>
  David S. Miller <[email protected]>
  David Wilder <[email protected]>
  Dinghao Liu <[email protected]>
  Emil Renner Berthing <[email protected]>
  Eric Dumazet <[email protected]>
  Fabio Estevam <[email protected]>
  Felix Fietkau <[email protected]>
  Florian Westphal <[email protected]>
  Geliang Tang <[email protected]>
  Gregory Greenman <[email protected]>
  Gustavo A. R. Silva <[email protected]>
  Haiyang Zhang <[email protected]>
  Hangbin Liu <[email protected]>
  Hou Tao <[email protected]>
  Ilan Peer <[email protected]>
  Ilias Apalodimas <[email protected]>
  Ilya Leoshkevich <[email protected]>
  Ilya Maximets <[email protected]>
  Jakub Kicinski <[email protected]>
  Jakub Sitnicki <[email protected]>
  Jason Wang <[email protected]>
  Jeff Johnson <[email protected]>
  Jeremy Cline <[email protected]>
  Johannes Berg <[email protected]>
  John Fastabend <[email protected]>
  Jon Maloy <[email protected]>
  Jordan Rife <[email protected]>
  Juerg Haefliger <[email protected]>
  Kalle Valo <[email protected]>
  Kees Cook <[email protected]>
  Krzysztof Kozlowski <[email protected]>
  Kuninori Morimoto <[email protected]>
  Lee Jones <[email protected]>
  Leon Hwang <[email protected]>
  Linus Torvalds <[email protected]>
  Lorenzo Bianconi <[email protected]>
  Luiz Augusto von Dentz <[email protected]>
  Marek BehĂșn <[email protected]>
  Mat Martineau <[email protected]>
  Matthieu Baerts <[email protected]>
  Michal Schmidt <[email protected]>
  Miklos Szeredi <[email protected]>
  Mimi Zohar <[email protected]>
  Neal Cardwell <[email protected]>
  Nicolas Dichtel <[email protected]>
  Nikolay Aleksandrov <[email protected]>
  Oleksandr Tymoshenko <[email protected]>
  Paolo Abeni <[email protected]>
  Parthiban Veerasooran <[email protected]>
  Paul Moore <[email protected]> (Audit)
  Phil Sutter <[email protected]>
  Pin-yen Lin <[email protected]>
  Ping-Ke Shih <[email protected]>
  Randy Dunlap <[email protected]>
  Remi Pommarel <[email protected]>
  Rocky Liao <[email protected]>
  Sascha Hauer <[email protected]>
  Shigeru Yoshida <[email protected]>
  Simon Horman <[email protected]> # build-tested
  Song Liu <[email protected]>
  Stefano Garzarella <[email protected]>
  [email protected]
  [email protected]
  Vinod Koul <[email protected]>
  Wen Gong <[email protected]>
  Woody Zhang <[email protected]>
  Xin Long <[email protected]>
  Yao Xiao <[email protected]>
  Ying Hsu <[email protected]>
  Yoshihiro Shimoda <[email protected]>

jobs:
 build-amd64-xsm                                              pass    
 build-arm64-xsm                                              pass    
 build-i386-xsm                                               pass    
 build-amd64                                                  pass    
 build-arm64                                                  pass    
 build-armhf                                                  pass    
 build-i386                                                   pass    
 build-amd64-libvirt                                          pass    
 build-arm64-libvirt                                          pass    
 build-armhf-libvirt                                          pass    
 build-i386-libvirt                                           pass    
 build-amd64-pvops                                            pass    
 build-arm64-pvops                                            pass    
 build-armhf-pvops                                            pass    
 build-i386-pvops                                             pass    
 test-amd64-amd64-xl                                          pass    
 test-amd64-coresched-amd64-xl                                pass    
 test-arm64-arm64-xl                                          pass    
 test-armhf-armhf-xl                                          fail    
 test-amd64-amd64-libvirt-qemuu-debianhvm-amd64-xsm           pass    
 test-amd64-amd64-xl-qemut-stubdom-debianhvm-amd64-xsm        pass    
 test-amd64-amd64-xl-qemut-debianhvm-i386-xsm                 fail    
 test-amd64-amd64-xl-qemuu-debianhvm-i386-xsm                 pass    
 test-amd64-amd64-libvirt-xsm                                 pass    
 test-arm64-arm64-libvirt-xsm                                 pass    
 test-amd64-amd64-xl-xsm                                      pass    
 test-arm64-arm64-xl-xsm                                      pass    
 test-amd64-amd64-qemuu-nested-amd                            fail    
 test-amd64-amd64-xl-pvhv2-amd                                pass    
 test-amd64-amd64-dom0pvh-xl-amd                              pass    
 test-amd64-amd64-xl-qemut-debianhvm-amd64                    pass    
 test-amd64-amd64-xl-qemuu-debianhvm-amd64                    pass    
 test-amd64-amd64-freebsd11-amd64                             pass    
 test-amd64-amd64-freebsd12-amd64                             pass    
 test-amd64-amd64-xl-qemuu-ovmf-amd64                         pass    
 test-amd64-amd64-xl-qemut-win7-amd64                         fail    
 test-amd64-amd64-xl-qemuu-win7-amd64                         fail    
 test-amd64-amd64-xl-qemut-ws16-amd64                         fail    
 test-amd64-amd64-xl-qemuu-ws16-amd64                         fail    
 test-armhf-armhf-xl-arndale                                  pass    
 test-amd64-amd64-examine-bios                                pass    
 test-amd64-amd64-xl-credit1                                  pass    
 test-arm64-arm64-xl-credit1                                  pass    
 test-armhf-armhf-xl-credit1                                  pass    
 test-amd64-amd64-xl-credit2                                  pass    
 test-arm64-arm64-xl-credit2                                  pass    
 test-armhf-armhf-xl-credit2                                  pass    
 test-amd64-amd64-xl-qemuu-dmrestrict-amd64-dmrestrict        pass    
 test-amd64-amd64-examine                                     pass    
 test-arm64-arm64-examine                                     pass    
 test-armhf-armhf-examine                                     pass    
 test-amd64-amd64-qemuu-nested-intel                          pass    
 test-amd64-amd64-xl-pvhv2-intel                              pass    
 test-amd64-amd64-dom0pvh-xl-intel                            pass    
 test-amd64-amd64-libvirt                                     pass    
 test-armhf-armhf-libvirt                                     pass    
 test-amd64-amd64-xl-multivcpu                                pass    
 test-armhf-armhf-xl-multivcpu                                pass    
 test-amd64-amd64-pair                                        pass    
 test-amd64-amd64-libvirt-pair                                pass    
 test-amd64-amd64-xl-pvshim                                   pass    
 test-amd64-amd64-pygrub                                      pass    
 test-amd64-amd64-libvirt-qcow2                               pass    
 test-armhf-armhf-libvirt-qcow2                               pass    
 test-amd64-amd64-libvirt-raw                                 pass    
 test-arm64-arm64-libvirt-raw                                 pass    
 test-armhf-armhf-libvirt-raw                                 pass    
 test-amd64-amd64-xl-rtds                                     pass    
 test-armhf-armhf-xl-rtds                                     pass    
 test-amd64-amd64-xl-qemuu-debianhvm-amd64-shadow             pass    
 test-amd64-amd64-xl-shadow                                   pass    
 test-arm64-arm64-xl-thunderx                                 pass    
 test-amd64-amd64-examine-uefi                                pass    
 test-amd64-amd64-xl-vhd                                      pass    
 test-arm64-arm64-xl-vhd                                      pass    
 test-armhf-armhf-xl-vhd                                      pass    


------------------------------------------------------------
sg-report-flight on osstest.test-lab.xenproject.org
logs: /home/logs/logs
images: /home/logs/images

Logs, config files, etc. are available at
    http://logs.test-lab.xenproject.org/osstest/logs

Explanation of these reports, and of osstest in general, is at
    http://xenbits.xen.org/gitweb/?p=osstest.git;a=blob;f=README.email;hb=master
    http://xenbits.xen.org/gitweb/?p=osstest.git;a=blob;f=README;hb=master

Test harness code can be found at
    http://xenbits.xen.org/gitweb?p=osstest.git;a=summary


Pushing revision :

hint: The 'hooks/update' hook was ignored because it's not set as executable.
hint: You can disable this warning with `git config advice.ignoredHook false`.
hint: The 'hooks/post-receive' hook was ignored because it's not set as 
executable.
hint: You can disable this warning with `git config advice.ignoredHook false`.
hint: The 'hooks/post-update' hook was ignored because it's not set as 
executable.
hint: You can disable this warning with `git config advice.ignoredHook false`.
To xenbits.xen.org:/home/xen/git/linux-pvops.git
   3006adf3be79..f291209eca5e  f291209eca5eba0b4704fa0832af57b12dbc1a02 -> 
tested/linux-linus

Reply via email to