flight 123209 linux-4.9 real [real]
http://logs.test-lab.xenproject.org/osstest/logs/123209/

Regressions :-(

Tests which did not succeed and are blocking,
including tests which could not be run:
 test-arm64-arm64-libvirt-xsm  6 xen-install              fail REGR. vs. 122969
 test-arm64-arm64-xl-xsm       6 xen-install              fail REGR. vs. 122969
 test-amd64-amd64-xl-qcow2     7 xen-boot                 fail REGR. vs. 122969
 test-amd64-amd64-qemuu-nested-amd  7 xen-boot            fail REGR. vs. 122969
 test-amd64-amd64-xl-pvhv2-amd  7 xen-boot                fail REGR. vs. 122969
 test-amd64-amd64-pygrub       7 xen-boot                 fail REGR. vs. 122969
 test-amd64-amd64-xl-xsm       7 xen-boot                 fail REGR. vs. 122969
 test-armhf-armhf-xl-arndale   7 xen-boot                 fail REGR. vs. 122969
 test-amd64-amd64-xl-qemuu-debianhvm-amd64-xsm 7 xen-boot fail REGR. vs. 122969
 test-amd64-amd64-xl           7 xen-boot                 fail REGR. vs. 122969
 test-amd64-amd64-pair        10 xen-boot/src_host        fail REGR. vs. 122969
 test-amd64-amd64-pair        11 xen-boot/dst_host        fail REGR. vs. 122969
 test-amd64-amd64-xl-multivcpu  7 xen-boot                fail REGR. vs. 122969
 test-amd64-amd64-libvirt-qemuu-debianhvm-amd64-xsm 7 xen-boot fail REGR. vs. 
122969

Regressions which are regarded as allowable (not blocking):
 test-amd64-amd64-xl-rtds      7 xen-boot                 fail REGR. vs. 122969

Tests which did not succeed, but are not blocking:
 test-amd64-amd64-xl-qemut-win7-amd64 17 guest-stop            fail like 122969
 test-amd64-i386-xl-qemut-win7-amd64 17 guest-stop             fail like 122969
 test-amd64-amd64-xl-qemuu-win7-amd64 17 guest-stop            fail like 122969
 test-amd64-i386-xl-qemuu-win7-amd64 17 guest-stop             fail like 122969
 test-amd64-amd64-xl-qemuu-ws16-amd64 17 guest-stop            fail like 122969
 test-amd64-amd64-xl-pvhv2-intel 12 guest-start                 fail never pass
 test-amd64-amd64-libvirt     13 migrate-support-check        fail   never pass
 test-amd64-i386-xl-pvshim    12 guest-start                  fail   never pass
 test-amd64-amd64-libvirt-xsm 13 migrate-support-check        fail   never pass
 test-amd64-i386-libvirt-xsm  13 migrate-support-check        fail   never pass
 test-amd64-i386-libvirt      13 migrate-support-check        fail   never pass
 test-arm64-arm64-xl-credit2  13 migrate-support-check        fail   never pass
 test-arm64-arm64-xl-credit2  14 saverestore-support-check    fail   never pass
 test-arm64-arm64-xl          13 migrate-support-check        fail   never pass
 test-arm64-arm64-xl          14 saverestore-support-check    fail   never pass
 test-amd64-i386-libvirt-qemuu-debianhvm-amd64-xsm 11 migrate-support-check 
fail never pass
 test-amd64-amd64-libvirt-vhd 12 migrate-support-check        fail   never pass
 test-armhf-armhf-xl-cubietruck 13 migrate-support-check        fail never pass
 test-armhf-armhf-xl-cubietruck 14 saverestore-support-check    fail never pass
 test-armhf-armhf-xl-rtds     13 migrate-support-check        fail   never pass
 test-armhf-armhf-libvirt-xsm 13 migrate-support-check        fail   never pass
 test-armhf-armhf-xl-rtds     14 saverestore-support-check    fail   never pass
 test-armhf-armhf-libvirt-xsm 14 saverestore-support-check    fail   never pass
 test-armhf-armhf-xl          13 migrate-support-check        fail   never pass
 test-armhf-armhf-xl          14 saverestore-support-check    fail   never pass
 test-armhf-armhf-libvirt     13 migrate-support-check        fail   never pass
 test-armhf-armhf-xl-multivcpu 13 migrate-support-check        fail  never pass
 test-armhf-armhf-libvirt     14 saverestore-support-check    fail   never pass
 test-armhf-armhf-xl-multivcpu 14 saverestore-support-check    fail  never pass
 test-armhf-armhf-xl-xsm      13 migrate-support-check        fail   never pass
 test-armhf-armhf-xl-xsm      14 saverestore-support-check    fail   never pass
 test-armhf-armhf-xl-credit2  13 migrate-support-check        fail   never pass
 test-armhf-armhf-xl-credit2  14 saverestore-support-check    fail   never pass
 test-amd64-amd64-xl-qemut-ws16-amd64 17 guest-stop             fail never pass
 test-amd64-i386-xl-qemut-ws16-amd64 17 guest-stop              fail never pass
 test-amd64-i386-xl-qemuu-ws16-amd64 17 guest-stop              fail never pass
 test-armhf-armhf-libvirt-raw 12 migrate-support-check        fail   never pass
 test-armhf-armhf-libvirt-raw 13 saverestore-support-check    fail   never pass
 test-armhf-armhf-xl-vhd      12 migrate-support-check        fail   never pass
 test-armhf-armhf-xl-vhd      13 saverestore-support-check    fail   never pass
 test-amd64-amd64-xl-qemut-win10-i386 10 windows-install        fail never pass
 test-amd64-amd64-xl-qemuu-win10-i386 10 windows-install        fail never pass
 test-amd64-i386-xl-qemuu-win10-i386 10 windows-install         fail never pass
 test-amd64-i386-xl-qemut-win10-i386 10 windows-install         fail never pass

version targeted for testing:
 linux                aa4b4ace9ce02cf164e0982739e9565d6214cfa9
baseline version:
 linux                6ba89b52ba6916bc7a3d390d70951e992c0ca39e

Last test of basis   122969  2018-05-19 16:39:59 Z    7 days
Failing since        123074  2018-05-22 17:10:08 Z    4 days    3 attempts
Testing same since   123209  2018-05-26 06:22:44 Z    1 days    1 attempts

------------------------------------------------------------
People who touched revisions under test:
  Al Viro <[email protected]>
  Alan Stern <[email protected]>
  Alexander Monakov <[email protected]>
  Alexander Potapenko <[email protected]>
  Alexandre Belloni <[email protected]>
  Anand Jain <[email protected]>
  Andre Przywara <[email protected]>
  Andrew Morton <[email protected]>
  Andrzej Hajda <[email protected]>
  Andy Shevchenko <[email protected]>
  Ard Biesheuvel <[email protected]>
  Arnd Bergmann <[email protected]>
  Asutosh Das <[email protected]>
  Baoquan He <[email protected]>
  Bart Van Assche <[email protected]>
  Ben Gardner <[email protected]>
  Benjamin Herrenschmidt <[email protected]>
  Borislav Petkov <[email protected]>
  Brad Love <[email protected]>
  Brian Norris <[email protected]>
  Bryan O'Donoghue <[email protected]>
  Chad Dupuis <[email protected]>
  Chanwoo Choi <[email protected]>
  Chris Dickens <[email protected]>
  Christoffer Dall <[email protected]>
  Colin Ian King <[email protected]>
  Dan Carpenter <[email protected]>
  Dave Carroll <[email protected]>
  Dave Hansen <[email protected]>
  David S. Miller <[email protected]>
  David Sterba <[email protected]>
  David Woodhouse <[email protected]>
  Dexuan Cui <[email protected]>
  Dick Kennedy <[email protected]>
  Dominik Bozek <[email protected]>
  Douglas Gilbert <[email protected]>
  Eric Dumazet <[email protected]>
  Federico Cuello <[email protected]>
  Felipe Balbi <[email protected]>
  Filipe Manana <[email protected]>
  Florian Westphal <[email protected]>
  Fredrik Noring <[email protected]>
  Geert Uytterhoeven <[email protected]>
  Giuseppe Lippolis <[email protected]>
  Greg Kroah-Hartman <[email protected]>
  Grigor Tovmasyan <[email protected]>
  Grigor Tovmasyan <[email protected]>
  Hannes Reinecke <[email protected]>
  Hannes Reinecke <[email protected]>
  Hans de Goede <[email protected]>
  Hans Verkuil <[email protected]>
  Hans Verkuil <[email protected]>
  Heiko Stuebner <[email protected]>
  Hendrik Brueckner <[email protected]>
  Herbert Xu <[email protected]>
  Himanshu Madhani <[email protected]>
  Hon Weng Chong <[email protected]>
  [email protected] <[email protected]>
  Ingo Molnar <[email protected]>
  James Smart <[email protected]>
  James Smart <[email protected]>
  Jarkko Nikula <[email protected]>
  Jason Yan <[email protected]>
  Jens Remus <[email protected]>
  Jeremy Cline <[email protected]>
  Jerome Brunet <[email protected]>
  Jim Mattson <[email protected]>
  Jiri Kosina <[email protected]>
  Johannes Berg <[email protected]>
  John Keeping <[email protected]>
  John Youn <[email protected]>
  Jon Hunter <[email protected]>
  Juergen Gross <[email protected]>
  Julian Wiedmann <[email protected]>
  Jörg Otte <[email protected]>
  K. Y. Srinivasan <[email protected]>
  Kamal Dasu <[email protected]>
  Kees Cook <[email protected]>
  Konrad Rzeszutek Wilk <[email protected]>
  Krzysztof Kozlowski <[email protected]>
  Kuppuswamy Sathyanarayanan <[email protected]>
  Kyle Huey <[email protected]>
  Kyle Huey <[email protected]>
  Larry Finger <[email protected]>
  Lars-Peter Clausen <[email protected]>
  Laurence Oberman <[email protected]>
  Linus Torvalds <[email protected]>
  Liu Bo <[email protected]>
  Manish Rangankar <[email protected]>
  Manu Gautam <[email protected]>
  Marcel Holtmann <[email protected]>
  Marcel Ziswiler <[email protected]>
  Marcel Ziswiler <[email protected]>
  Mark Brown <[email protected]>
  Martin K. Petersen <[email protected]>
  Martin Schwidefsky <[email protected]>
  Masami Hiramatsu <[email protected]>
  Mathias Nyman <[email protected]>
  Matthew Wilcox <[email protected]>
  Mauro Carvalho Chehab <[email protected]>
  Meelis Roos <[email protected]>
  Mel Gorman <[email protected]>
  Michael Ellerman <[email protected]>
  Michael Kelley (EOSG) <[email protected]>
  Michael Kelley <[email protected]>
  Michal Hocko <[email protected]>
  Michal Suchanek <[email protected]>
  Minas Harutyunyan <[email protected]>
  Neal Cardwell <[email protected]>
  NeilBrown <[email protected]>
  Nicholas Piggin <[email protected]>
  Nikolay Borisov <[email protected]>
  Nobutaka Okabe <[email protected]>
  Oleg Nesterov <[email protected]>
  Oliver Neukum <[email protected]>
  Pablo Neira Ayuso <[email protected]>
  Paolo Bonzini <[email protected]>
  Pavel Tatashin <[email protected]>
  Peter Robinson <[email protected]>
  Ranjani Sridharan <[email protected]>
  Regis Duchesne <[email protected]>
  Roger Quadros <[email protected]>
  Ronak Doshi <[email protected]>
  Russell King <[email protected]>
  Sakari Ailus <[email protected]>
  Sasha Levin <[email protected]>
  Shawn Guo <[email protected]>
  Shawn Lin <[email protected]>
  Shuah Khan (Samsung OSG) <[email protected]>
  Shuah Khan <[email protected]>
  Sreekanth Reddy <[email protected]>
  Stefan Agner <[email protected]>
  Steffen Maier <[email protected]>
  Stephen Boyd <[email protected]>
  Steven Rostedt (VMware) <[email protected]>
  Subhash Jadavani <[email protected]>
  Sujit Reddy Thumma <[email protected]>
  Sylwester Nawrocki <[email protected]>
  Takashi Iwai <[email protected]>
  Tarick Bedeir <[email protected]>
  Tetsuo Handa <[email protected]>
  Thierry Reding <[email protected]>
  Thinh Nguyen <[email protected]>
  Thinh Nguyen <[email protected]>
  Thomas Gleixner <[email protected]>
  Tom Lendacky <[email protected]>
  Tomasz Figa <[email protected]>
  Torsten Hilbrich <[email protected]>
  Vardan Mikayelyan <[email protected]>
  Vicente Bergas <[email protected]>
  Vignesh R <[email protected]>
  Waiman Long <[email protected]>
  Wenwen Wang <[email protected]>
  Wilfried Weissmann <[email protected]>
  Willem de Bruijn <[email protected]>
  Wolfram Sang <[email protected]>
  Wolfram Sang <[email protected]>

jobs:
 build-amd64-xsm                                              pass    
 build-arm64-xsm                                              pass    
 build-armhf-xsm                                              pass    
 build-i386-xsm                                               pass    
 build-amd64                                                  pass    
 build-arm64                                                  pass    
 build-armhf                                                  pass    
 build-i386                                                   pass    
 build-amd64-libvirt                                          pass    
 build-arm64-libvirt                                          pass    
 build-armhf-libvirt                                          pass    
 build-i386-libvirt                                           pass    
 build-amd64-pvops                                            pass    
 build-arm64-pvops                                            pass    
 build-armhf-pvops                                            pass    
 build-i386-pvops                                             pass    
 build-amd64-rumprun                                          pass    
 build-i386-rumprun                                           pass    
 test-amd64-amd64-xl                                          fail    
 test-arm64-arm64-xl                                          pass    
 test-armhf-armhf-xl                                          pass    
 test-amd64-i386-xl                                           pass    
 test-amd64-amd64-xl-qemut-debianhvm-amd64-xsm                pass    
 test-amd64-i386-xl-qemut-debianhvm-amd64-xsm                 pass    
 test-amd64-amd64-libvirt-qemuu-debianhvm-amd64-xsm           fail    
 test-amd64-i386-libvirt-qemuu-debianhvm-amd64-xsm            pass    
 test-amd64-amd64-xl-qemuu-debianhvm-amd64-xsm                fail    
 test-amd64-i386-xl-qemuu-debianhvm-amd64-xsm                 pass    
 test-amd64-amd64-xl-qemut-stubdom-debianhvm-amd64-xsm        pass    
 test-amd64-i386-xl-qemut-stubdom-debianhvm-amd64-xsm         pass    
 test-amd64-amd64-libvirt-xsm                                 pass    
 test-arm64-arm64-libvirt-xsm                                 fail    
 test-armhf-armhf-libvirt-xsm                                 pass    
 test-amd64-i386-libvirt-xsm                                  pass    
 test-amd64-amd64-xl-xsm                                      fail    
 test-arm64-arm64-xl-xsm                                      fail    
 test-armhf-armhf-xl-xsm                                      pass    
 test-amd64-i386-xl-xsm                                       pass    
 test-amd64-amd64-qemuu-nested-amd                            fail    
 test-amd64-amd64-xl-pvhv2-amd                                fail    
 test-amd64-i386-qemut-rhel6hvm-amd                           pass    
 test-amd64-i386-qemuu-rhel6hvm-amd                           pass    
 test-amd64-amd64-xl-qemut-debianhvm-amd64                    pass    
 test-amd64-i386-xl-qemut-debianhvm-amd64                     pass    
 test-amd64-amd64-xl-qemuu-debianhvm-amd64                    pass    
 test-amd64-i386-xl-qemuu-debianhvm-amd64                     pass    
 test-amd64-i386-freebsd10-amd64                              pass    
 test-amd64-amd64-xl-qemuu-ovmf-amd64                         pass    
 test-amd64-i386-xl-qemuu-ovmf-amd64                          pass    
 test-amd64-amd64-rumprun-amd64                               pass    
 test-amd64-amd64-xl-qemut-win7-amd64                         fail    
 test-amd64-i386-xl-qemut-win7-amd64                          fail    
 test-amd64-amd64-xl-qemuu-win7-amd64                         fail    
 test-amd64-i386-xl-qemuu-win7-amd64                          fail    
 test-amd64-amd64-xl-qemut-ws16-amd64                         fail    
 test-amd64-i386-xl-qemut-ws16-amd64                          fail    
 test-amd64-amd64-xl-qemuu-ws16-amd64                         fail    
 test-amd64-i386-xl-qemuu-ws16-amd64                          fail    
 test-armhf-armhf-xl-arndale                                  fail    
 test-amd64-amd64-xl-credit2                                  pass    
 test-arm64-arm64-xl-credit2                                  pass    
 test-armhf-armhf-xl-credit2                                  pass    
 test-armhf-armhf-xl-cubietruck                               pass    
 test-amd64-amd64-examine                                     pass    
 test-arm64-arm64-examine                                     pass    
 test-armhf-armhf-examine                                     pass    
 test-amd64-i386-examine                                      pass    
 test-amd64-i386-freebsd10-i386                               pass    
 test-amd64-i386-rumprun-i386                                 pass    
 test-amd64-amd64-xl-qemut-win10-i386                         fail    
 test-amd64-i386-xl-qemut-win10-i386                          fail    
 test-amd64-amd64-xl-qemuu-win10-i386                         fail    
 test-amd64-i386-xl-qemuu-win10-i386                          fail    
 test-amd64-amd64-qemuu-nested-intel                          pass    
 test-amd64-amd64-xl-pvhv2-intel                              fail    
 test-amd64-i386-qemut-rhel6hvm-intel                         pass    
 test-amd64-i386-qemuu-rhel6hvm-intel                         pass    
 test-amd64-amd64-libvirt                                     pass    
 test-armhf-armhf-libvirt                                     pass    
 test-amd64-i386-libvirt                                      pass    
 test-amd64-amd64-xl-multivcpu                                fail    
 test-armhf-armhf-xl-multivcpu                                pass    
 test-amd64-amd64-pair                                        fail    
 test-amd64-i386-pair                                         pass    
 test-amd64-amd64-libvirt-pair                                pass    
 test-amd64-i386-libvirt-pair                                 pass    
 test-amd64-amd64-amd64-pvgrub                                pass    
 test-amd64-amd64-i386-pvgrub                                 pass    
 test-amd64-amd64-xl-pvshim                                   pass    
 test-amd64-i386-xl-pvshim                                    fail    
 test-amd64-amd64-pygrub                                      fail    
 test-amd64-amd64-xl-qcow2                                    fail    
 test-armhf-armhf-libvirt-raw                                 pass    
 test-amd64-i386-xl-raw                                       pass    
 test-amd64-amd64-xl-rtds                                     fail    
 test-armhf-armhf-xl-rtds                                     pass    
 test-amd64-amd64-xl-qemuu-debianhvm-amd64-shadow             pass    
 test-amd64-i386-xl-qemuu-debianhvm-amd64-shadow              pass    
 test-amd64-amd64-xl-shadow                                   pass    
 test-amd64-i386-xl-shadow                                    pass    
 test-amd64-amd64-libvirt-vhd                                 pass    
 test-armhf-armhf-xl-vhd                                      pass    


------------------------------------------------------------
sg-report-flight on osstest.test-lab.xenproject.org
logs: /home/logs/logs
images: /home/logs/images

Logs, config files, etc. are available at
    http://logs.test-lab.xenproject.org/osstest/logs

Explanation of these reports, and of osstest in general, is at
    http://xenbits.xen.org/gitweb/?p=osstest.git;a=blob;f=README.email;hb=master
    http://xenbits.xen.org/gitweb/?p=osstest.git;a=blob;f=README;hb=master

Test harness code can be found at
    http://xenbits.xen.org/gitweb?p=osstest.git;a=summary


Not pushing.

(No revision log; it would be 5015 lines long.)

_______________________________________________
Xen-devel mailing list
[email protected]
https://lists.xenproject.org/mailman/listinfo/xen-devel

Reply via email to