flight 123215 qemu-mainline real [real]
http://logs.test-lab.xenproject.org/osstest/logs/123215/

Regressions :-(

Tests which did not succeed and are blocking,
including tests which could not be run:
 test-arm64-arm64-xl-xsm       6 xen-install              fail REGR. vs. 122357
 test-arm64-arm64-libvirt-xsm  6 xen-install              fail REGR. vs. 122357
 test-amd64-i386-freebsd10-i386 14 guest-saverestore      fail REGR. vs. 122357
 test-amd64-i386-freebsd10-amd64 14 guest-saverestore     fail REGR. vs. 122357
 test-amd64-i386-xl-qemuu-ovmf-amd64 13 guest-saverestore fail REGR. vs. 122357
 test-amd64-amd64-xl-qemuu-ovmf-amd64 13 guest-saverestore fail REGR. vs. 122357
 test-amd64-amd64-libvirt-qemuu-debianhvm-amd64-xsm 13 guest-saverestore fail 
REGR. vs. 122357
 test-amd64-amd64-xl-qemuu-debianhvm-amd64-shadow 13 guest-saverestore fail 
REGR. vs. 122357
 test-amd64-i386-xl-qemuu-debianhvm-amd64-shadow 13 guest-saverestore fail 
REGR. vs. 122357
 test-amd64-amd64-xl-qemuu-debianhvm-amd64-xsm 13 guest-saverestore fail REGR. 
vs. 122357
 test-amd64-amd64-xl-qemuu-win7-amd64 13 guest-saverestore fail REGR. vs. 122357
 test-amd64-amd64-xl-qemuu-debianhvm-amd64 13 guest-saverestore fail REGR. vs. 
122357
 test-amd64-i386-xl-qemuu-debianhvm-amd64-xsm 13 guest-saverestore fail REGR. 
vs. 122357
 test-amd64-i386-xl-qemuu-win7-amd64 13 guest-saverestore fail REGR. vs. 122357
 test-amd64-i386-xl-qemuu-debianhvm-amd64 13 guest-saverestore fail REGR. vs. 
122357
 test-amd64-i386-libvirt-qemuu-debianhvm-amd64-xsm 13 guest-saverestore fail 
REGR. vs. 122357
 test-amd64-i386-xl-qemuu-ws16-amd64 13 guest-saverestore fail REGR. vs. 122357
 test-amd64-amd64-xl-qemuu-ws16-amd64 13 guest-saverestore fail REGR. vs. 122357

Tests which did not succeed, but are not blocking:
 test-armhf-armhf-libvirt     14 saverestore-support-check    fail  like 122357
 test-armhf-armhf-libvirt-raw 13 saverestore-support-check    fail  like 122357
 test-armhf-armhf-libvirt-xsm 14 saverestore-support-check    fail  like 122357
 test-amd64-amd64-xl-pvhv2-intel 12 guest-start                 fail never pass
 test-amd64-amd64-libvirt     13 migrate-support-check        fail   never pass
 test-amd64-amd64-xl-pvhv2-amd 12 guest-start                  fail  never pass
 test-amd64-i386-xl-pvshim    12 guest-start                  fail   never pass
 test-amd64-i386-libvirt-xsm  13 migrate-support-check        fail   never pass
 test-amd64-amd64-libvirt-xsm 13 migrate-support-check        fail   never pass
 test-amd64-i386-libvirt      13 migrate-support-check        fail   never pass
 test-arm64-arm64-xl          13 migrate-support-check        fail   never pass
 test-arm64-arm64-xl-credit2  13 migrate-support-check        fail   never pass
 test-arm64-arm64-xl          14 saverestore-support-check    fail   never pass
 test-arm64-arm64-xl-credit2  14 saverestore-support-check    fail   never pass
 test-amd64-amd64-libvirt-qemuu-debianhvm-amd64-xsm 11 migrate-support-check 
fail never pass
 test-armhf-armhf-xl-arndale  13 migrate-support-check        fail   never pass
 test-armhf-armhf-xl-arndale  14 saverestore-support-check    fail   never pass
 test-amd64-i386-libvirt-qemuu-debianhvm-amd64-xsm 11 migrate-support-check 
fail never pass
 test-armhf-armhf-libvirt     13 migrate-support-check        fail   never pass
 test-amd64-amd64-qemuu-nested-amd 17 debian-hvm-install/l1/l2  fail never pass
 test-amd64-amd64-libvirt-vhd 12 migrate-support-check        fail   never pass
 test-armhf-armhf-libvirt-raw 12 migrate-support-check        fail   never pass
 test-armhf-armhf-xl          13 migrate-support-check        fail   never pass
 test-armhf-armhf-xl          14 saverestore-support-check    fail   never pass
 test-armhf-armhf-xl-rtds     13 migrate-support-check        fail   never pass
 test-armhf-armhf-xl-rtds     14 saverestore-support-check    fail   never pass
 test-armhf-armhf-xl-credit2  13 migrate-support-check        fail   never pass
 test-armhf-armhf-xl-credit2  14 saverestore-support-check    fail   never pass
 test-armhf-armhf-xl-cubietruck 13 migrate-support-check        fail never pass
 test-armhf-armhf-xl-cubietruck 14 saverestore-support-check    fail never pass
 test-armhf-armhf-libvirt-xsm 13 migrate-support-check        fail   never pass
 test-armhf-armhf-xl-xsm      13 migrate-support-check        fail   never pass
 test-armhf-armhf-xl-xsm      14 saverestore-support-check    fail   never pass
 test-armhf-armhf-xl-multivcpu 13 migrate-support-check        fail  never pass
 test-armhf-armhf-xl-multivcpu 14 saverestore-support-check    fail  never pass
 test-armhf-armhf-xl-vhd      12 migrate-support-check        fail   never pass
 test-armhf-armhf-xl-vhd      13 saverestore-support-check    fail   never pass
 test-amd64-amd64-xl-qemuu-win10-i386 10 windows-install        fail never pass
 test-amd64-i386-xl-qemuu-win10-i386 10 windows-install         fail never pass

version targeted for testing:
 qemuu                5a5c383b1373aeb6c87a0d6060f6c3dc7c53082b
baseline version:
 qemuu                27e757e29cc79f3f104d2a84d17cdb3b4c11c8ff

Last test of basis   122357  2018-04-23 11:07:12 Z   34 days
Failing since        122394  2018-04-24 16:40:23 Z   33 days   18 attempts
Testing same since   123215  2018-05-26 11:25:33 Z    1 days    1 attempts

------------------------------------------------------------
People who touched revisions under test:
  Aaron Lindsay <[email protected]>
  Abdallah Bouassida <[email protected]>
  Alberto Garcia <[email protected]>
  Alex Bennée <[email protected]>
  Alexey Kardashevskiy <[email protected]>
  Alexey Perevalov <[email protected]>
  Andrew Morton <[email protected]>
  Andy Whitcroft <[email protected]>
  Anthony PERARD <[email protected]>
  Babu Moger <[email protected]>
  BALATON Zoltan <[email protected]>
  Bandan Das <[email protected]>
  Bastian Koppelmann <[email protected]>
  Bharat Bhushan <[email protected]>
  Bharata B Rao <[email protected]>
  Boqun Feng <[email protected]>
  Changpeng Liu <[email protected]>
  Christian Borntraeger <[email protected]>
  Christophe Lyon <[email protected]>
  Claudio Imbrenda <[email protected]>
  Collin Walling <[email protected]>
  Cornelia Huck <[email protected]>
  Cédric Le Goater <[email protected]>
  Cédric Le Goater <[email protected]>
  Daniel Henrique Barboza <[email protected]>
  Daniel P. Berrangé <[email protected]>
  Daniel P. Berrangé <[email protected]>
  David Gibson <[email protected]>
  David Hildenbrand <[email protected]>
  Dr. David Alan Gilbert <[email protected]>
  Edgar E. Iglesias <[email protected]>
  Eduardo Habkost <[email protected]>
  Elie Tournier <[email protected]>
  Elie Tournier <[email protected]>
  Emilio G. Cota <[email protected]>
  Eric Auger <[email protected]>
  Eric Blake <[email protected]>
  Fam Zheng <[email protected]>
  Francisco Iglesias <[email protected]>
  Geert Uytterhoeven <[email protected]>
  Geoffrey McRae <[email protected]>
  Gerd Hoffmann <[email protected]>
  Greg Kurz <[email protected]>
  Halil Pasic <[email protected]>
  Henry Wertz <[email protected]>
  Ian Jackson <[email protected]>
  Igor Druzhinin <[email protected]>
  Igor Mammedov <[email protected]>
  Jakub Jelen <[email protected]>
  Jan Kiszka <[email protected]>
  Jason Andryuk <[email protected]>
  Jason Wang <[email protected]>
  Jeff Cody <[email protected]>
  Jie Wang <[email protected]>
  Jingqi Liu <[email protected]>
  Jintack Lim <[email protected]>
  Joe Perches <[email protected]>
  John Snow <[email protected]>
  John Thomson <[email protected]>
  Jonathan Helman <[email protected]>
  Juan Quintela <[email protected]>
  Kevin Wolf <[email protected]>
  KONRAD Frederic <[email protected]>
  Konrad Rzeszutek Wilk <[email protected]>
  Laszlo Ersek <[email protected]>
  Laurent Vivier <[email protected]>
  Laurent Vivier <[email protected]>
  Lidong Chen <[email protected]>
  Lidong Chen <[email protected]>
  Linus Torvalds <[email protected]>
  Marc-André Lureau <[email protected]>
  Marcel Apfelbaum <[email protected]>
  Marcel Apfelbaum <[email protected]>
  Mark Cave-Ayland <[email protected]>
  Markus Armbruster <[email protected]>
  Mathew Maidment <[email protected]>
  Max Filippov <[email protected]>
  Max Reitz <[email protected]>
  Michael Clark <[email protected]>
  Michael Matz <[email protected]>
  Michael S. Tsirkin <[email protected]>
  Michael Tokarev <[email protected]>
  Michael Walle <[email protected]>
  Michal Privoznik <[email protected]>
  Murilo Opsfelder Araujo <[email protected]>
  Olaf Hering <[email protected]>
  Palmer Dabbelt <[email protected]>
  Paolo Bonzini <[email protected]>
  Pasi Savanainen <[email protected]>
  Patrick Oppenlander <[email protected]>
  Paul Durrant <[email protected]>
  Pavel Dovgalyuk <[email protected]>
  Peter Maydell <[email protected]>
  Peter Wu <[email protected]>
  Peter Xu <[email protected]>
  Petr Tesarik <[email protected]>
  Philippe Mathieu-Daudé <[email protected]>
  Prem Mallappa <[email protected]>
  Richard Henderson <[email protected]>
  Richard Henderson <[email protected]>
  Roman Kagan <[email protected]>
  Ross Lagerwall <[email protected]>
  Ross Zwisler <[email protected]>
  Sai Pavan Boddu <[email protected]>
  Sai Pavan Boddu <[email protected]>
  Serhii Popovych <[email protected]>
  Stafford Horne <[email protected]>
  Stefan Berger <[email protected]>
  Stefan Hajnoczi <[email protected]>
  Stefano Stabellini <[email protected]>
  Thomas Huth <[email protected]>
  Thomas Huth <[email protected]>
  Tina Zhang <[email protected]>
  Tiwei Bie <[email protected]>
  Tomeu Vizoso <[email protected]>
  Vitaly Kuznetsov <[email protected]>
  Vladimir Sementsov-Ogievskiy <[email protected]>
  Xiao Guangrong <[email protected]>
  Yuval Shaia <[email protected]>
  Zihan Yang <[email protected]>

jobs:
 build-amd64-xsm                                              pass    
 build-arm64-xsm                                              pass    
 build-armhf-xsm                                              pass    
 build-i386-xsm                                               pass    
 build-amd64                                                  pass    
 build-arm64                                                  pass    
 build-armhf                                                  pass    
 build-i386                                                   pass    
 build-amd64-libvirt                                          pass    
 build-arm64-libvirt                                          pass    
 build-armhf-libvirt                                          pass    
 build-i386-libvirt                                           pass    
 build-amd64-pvops                                            pass    
 build-arm64-pvops                                            pass    
 build-armhf-pvops                                            pass    
 build-i386-pvops                                             pass    
 test-amd64-amd64-xl                                          pass    
 test-arm64-arm64-xl                                          pass    
 test-armhf-armhf-xl                                          pass    
 test-amd64-i386-xl                                           pass    
 test-amd64-amd64-libvirt-qemuu-debianhvm-amd64-xsm           fail    
 test-amd64-i386-libvirt-qemuu-debianhvm-amd64-xsm            fail    
 test-amd64-amd64-xl-qemuu-debianhvm-amd64-xsm                fail    
 test-amd64-i386-xl-qemuu-debianhvm-amd64-xsm                 fail    
 test-amd64-amd64-libvirt-xsm                                 pass    
 test-arm64-arm64-libvirt-xsm                                 fail    
 test-armhf-armhf-libvirt-xsm                                 pass    
 test-amd64-i386-libvirt-xsm                                  pass    
 test-amd64-amd64-xl-xsm                                      pass    
 test-arm64-arm64-xl-xsm                                      fail    
 test-armhf-armhf-xl-xsm                                      pass    
 test-amd64-i386-xl-xsm                                       pass    
 test-amd64-amd64-qemuu-nested-amd                            fail    
 test-amd64-amd64-xl-pvhv2-amd                                fail    
 test-amd64-i386-qemuu-rhel6hvm-amd                           pass    
 test-amd64-amd64-xl-qemuu-debianhvm-amd64                    fail    
 test-amd64-i386-xl-qemuu-debianhvm-amd64                     fail    
 test-amd64-i386-freebsd10-amd64                              fail    
 test-amd64-amd64-xl-qemuu-ovmf-amd64                         fail    
 test-amd64-i386-xl-qemuu-ovmf-amd64                          fail    
 test-amd64-amd64-xl-qemuu-win7-amd64                         fail    
 test-amd64-i386-xl-qemuu-win7-amd64                          fail    
 test-amd64-amd64-xl-qemuu-ws16-amd64                         fail    
 test-amd64-i386-xl-qemuu-ws16-amd64                          fail    
 test-armhf-armhf-xl-arndale                                  pass    
 test-amd64-amd64-xl-credit2                                  pass    
 test-arm64-arm64-xl-credit2                                  pass    
 test-armhf-armhf-xl-credit2                                  pass    
 test-armhf-armhf-xl-cubietruck                               pass    
 test-amd64-i386-freebsd10-i386                               fail    
 test-amd64-amd64-xl-qemuu-win10-i386                         fail    
 test-amd64-i386-xl-qemuu-win10-i386                          fail    
 test-amd64-amd64-qemuu-nested-intel                          pass    
 test-amd64-amd64-xl-pvhv2-intel                              fail    
 test-amd64-i386-qemuu-rhel6hvm-intel                         pass    
 test-amd64-amd64-libvirt                                     pass    
 test-armhf-armhf-libvirt                                     pass    
 test-amd64-i386-libvirt                                      pass    
 test-amd64-amd64-xl-multivcpu                                pass    
 test-armhf-armhf-xl-multivcpu                                pass    
 test-amd64-amd64-pair                                        pass    
 test-amd64-i386-pair                                         pass    
 test-amd64-amd64-libvirt-pair                                pass    
 test-amd64-i386-libvirt-pair                                 pass    
 test-amd64-amd64-amd64-pvgrub                                pass    
 test-amd64-amd64-i386-pvgrub                                 pass    
 test-amd64-amd64-xl-pvshim                                   pass    
 test-amd64-i386-xl-pvshim                                    fail    
 test-amd64-amd64-pygrub                                      pass    
 test-amd64-amd64-xl-qcow2                                    pass    
 test-armhf-armhf-libvirt-raw                                 pass    
 test-amd64-i386-xl-raw                                       pass    
 test-amd64-amd64-xl-rtds                                     pass    
 test-armhf-armhf-xl-rtds                                     pass    
 test-amd64-amd64-xl-qemuu-debianhvm-amd64-shadow             fail    
 test-amd64-i386-xl-qemuu-debianhvm-amd64-shadow              fail    
 test-amd64-amd64-xl-shadow                                   pass    
 test-amd64-i386-xl-shadow                                    pass    
 test-amd64-amd64-libvirt-vhd                                 pass    
 test-armhf-armhf-xl-vhd                                      pass    


------------------------------------------------------------
sg-report-flight on osstest.test-lab.xenproject.org
logs: /home/logs/logs
images: /home/logs/images

Logs, config files, etc. are available at
    http://logs.test-lab.xenproject.org/osstest/logs

Explanation of these reports, and of osstest in general, is at
    http://xenbits.xen.org/gitweb/?p=osstest.git;a=blob;f=README.email;hb=master
    http://xenbits.xen.org/gitweb/?p=osstest.git;a=blob;f=README;hb=master

Test harness code can be found at
    http://xenbits.xen.org/gitweb?p=osstest.git;a=summary


Not pushing.

(No revision log; it would be 15177 lines long.)

_______________________________________________
Xen-devel mailing list
[email protected]
https://lists.xenproject.org/mailman/listinfo/xen-devel

Reply via email to