flight 183625 linux-linus real [real]
http://logs.test-lab.xenproject.org/osstest/logs/183625/

Regressions :-(

Tests which did not succeed and are blocking,
including tests which could not be run:
 test-arm64-arm64-examine      8 reboot                   fail REGR. vs. 183617
 test-arm64-arm64-xl-credit2   8 xen-boot                 fail REGR. vs. 183617
 test-arm64-arm64-xl-thunderx  8 xen-boot                 fail REGR. vs. 183617
 test-arm64-arm64-xl-credit1   8 xen-boot                 fail REGR. vs. 183617
 test-arm64-arm64-xl           8 xen-boot                 fail REGR. vs. 183617
 test-arm64-arm64-xl-vhd       8 xen-boot                 fail REGR. vs. 183617
 test-arm64-arm64-libvirt-raw  8 xen-boot                 fail REGR. vs. 183617
 build-arm64-xsm               6 xen-build                fail REGR. vs. 183617
 test-armhf-armhf-libvirt     10 host-ping-check-xen      fail REGR. vs. 183617

Tests which did not succeed, but are not blocking:
 test-arm64-arm64-xl-xsm       1 build-check(1)               blocked  n/a
 test-arm64-arm64-libvirt-xsm  1 build-check(1)               blocked  n/a
 test-amd64-amd64-xl-qemut-win7-amd64 19 guest-stop            fail like 183617
 test-amd64-amd64-xl-qemuu-win7-amd64 19 guest-stop            fail like 183617
 test-armhf-armhf-libvirt-qcow2 15 saverestore-support-check   fail like 183617
 test-amd64-amd64-xl-qemuu-ws16-amd64 19 guest-stop            fail like 183617
 test-armhf-armhf-libvirt-raw 15 saverestore-support-check    fail  like 183617
 test-amd64-amd64-xl-qemut-ws16-amd64 19 guest-stop            fail like 183617
 test-amd64-amd64-qemuu-nested-amd 20 debian-hvm-install/l1/l2 fail like 183617
 test-amd64-amd64-libvirt     15 migrate-support-check        fail   never pass
 test-amd64-amd64-libvirt-xsm 15 migrate-support-check        fail   never pass
 test-amd64-amd64-libvirt-qemuu-debianhvm-amd64-xsm 13 migrate-support-check 
fail never pass
 test-armhf-armhf-xl-credit2  15 migrate-support-check        fail   never pass
 test-armhf-armhf-xl-credit2  16 saverestore-support-check    fail   never pass
 test-armhf-armhf-xl-multivcpu 15 migrate-support-check        fail  never pass
 test-armhf-armhf-xl-multivcpu 16 saverestore-support-check    fail  never pass
 test-armhf-armhf-xl-credit1  15 migrate-support-check        fail   never pass
 test-armhf-armhf-xl-credit1  16 saverestore-support-check    fail   never pass
 test-amd64-amd64-libvirt-qcow2 14 migrate-support-check        fail never pass
 test-amd64-amd64-libvirt-raw 14 migrate-support-check        fail   never pass
 test-armhf-armhf-libvirt-qcow2 14 migrate-support-check        fail never pass
 test-armhf-armhf-libvirt-raw 14 migrate-support-check        fail   never pass
 test-armhf-armhf-xl-rtds     15 migrate-support-check        fail   never pass
 test-armhf-armhf-xl-rtds     16 saverestore-support-check    fail   never pass
 test-armhf-armhf-xl          15 migrate-support-check        fail   never pass
 test-armhf-armhf-xl          16 saverestore-support-check    fail   never pass
 test-armhf-armhf-xl-arndale  15 migrate-support-check        fail   never pass
 test-armhf-armhf-xl-arndale  16 saverestore-support-check    fail   never pass
 test-armhf-armhf-xl-vhd      14 migrate-support-check        fail   never pass
 test-armhf-armhf-xl-vhd      15 saverestore-support-check    fail   never pass

version targeted for testing:
 linux                ecb8cd2a9f7af7f99a6d4fa0a5a31822f6cfe255
baseline version:
 linux                ffc253263a1375a65fa6c9f62a893e9767fbebfa

Last test of basis   183617  2023-10-30 08:36:55 Z    1 days
Testing same since   183625  2023-10-31 02:27:44 Z    0 days    1 attempts

------------------------------------------------------------
People who touched revisions under test:
  "Darrick J. Wong" <[email protected]>
  "Kuyo Chang (張建文)" <[email protected]>
  "Md. Haris Iqbal" <[email protected]>
  "Peter Zijlstra (Intel)" <[email protected]>
  "Rafael J. Wysocki" <[email protected]>
  Aaron Lu <[email protected]>
  Aaron Plattner <[email protected]>
  Adam Dunlap <[email protected]>
  Alexander Aring <[email protected]>
  Alexander Shishkin <[email protected]>
  Alexey Dobriyan <[email protected]>
  Alison Schofield <[email protected]>
  Amir Goldstein <[email protected]>
  Anand Jain <[email protected]>
  Anders Roxell <[email protected]>
  Ard Biesheuvel <[email protected]>
  Atul Kumar Pant <[email protected]>
  Babu Moger <[email protected]>
  Baolin Liu <[email protected]>
  Barry Song <[email protected]>
  Ben Wolsieffer <[email protected]>
  Bernd Schubert <[email protected]>
  Binbin Wu <[email protected]>
  Bjorn Helgaas <[email protected]>
  Boris Burkov <[email protected]>
  Borislav Petkov (AMD) <[email protected]>
  Borislav Petkov <[email protected]>
  Brett Holman <[email protected]>
  Brett Holman <[email protected]>
  Brian Foster <[email protected]>
  Brian Gerst <[email protected]>
  Chen Hanxiao <[email protected]>
  Chengming Zhou <[email protected]>
  Chris Webb <[email protected]>
  Christian Brauner <[email protected]>
  Christoph Hellwig <[email protected]>
  Christophe JAILLET <[email protected]>
  Christopher James Halse Rogers <[email protected]>
  Chuck Lever <[email protected]>
  Colin Ian King <[email protected]>
  Coly Li <[email protected]>
  Cuda-Chen <[email protected]>
  Cyril Hrubis <[email protected]>
  Dai Ngo <[email protected]>
  Dan Carpenter <[email protected]>
  Dan Robertson <[email protected]>
  Daniel B. Hill <[email protected]>
  Daniel Hill <[email protected]>
  Dave Hansen <[email protected]>
  Dave Kleikamp <[email protected]>
  David Hildenbrand <[email protected]>
  David Howells <[email protected]>
  David Kaplan <[email protected]>
  David Reaver <[email protected]>
  David Sterba <[email protected]>
  Derick Marks <[email protected]>
  Dominique Martinet <[email protected]>
  Elliot Berman <[email protected]>
  Eric Biggers <[email protected]>
  Fan Yu <[email protected]>
  Fangrui Song <[email protected]>
  Fenghua Yu <[email protected]>
  Filipe Manana <[email protected]>
  Finn Thain <[email protected]>
  Gao Xiang <[email protected]>
  Gautham R. Shenoy <[email protected]>
  Geert Uytterhoeven <[email protected]>
  Greg Kroah-Hartman <[email protected]>
  Guo Ren <[email protected]>
  Guo Ren <[email protected]>
  GUO Zihua <[email protected]>
  H. Peter Anvin (Intel) <[email protected]>
  Haifeng Xu <[email protected]>
  Hans de Goede <[email protected]>
  Hao Jia <[email protected]>
  Heiko Carstens <[email protected]>
  Hou Wenlong <[email protected]>
  Hugh Dickins <[email protected]>
  Hunter Shaffer <[email protected]>
  Ian Kent <[email protected]>
  Ilya Dryomov <[email protected]>
  Ingo Molnar <[email protected]>
  Jacob Xu <[email protected]>
  Jakub Kicinski <[email protected]>
  Jan Kara <[email protected]>
  Janpieter Sollie <[email protected]>
  Jeff Layton <[email protected]>
  Jianlin Li <[email protected]>
  Jianyong Wu <[email protected]>
  Jiapeng Chong <[email protected]>
  Jingbo Xu <[email protected]>
  Jo Van Bulck <[email protected]>
  Joel Fernandes (Google) <[email protected]>
  Johannes Thumshirn <[email protected]>
  John Stultz <[email protected]>
  Josef Bacik <[email protected]>
  Josh Don <[email protected]>
  Josh Poimboeuf <[email protected]>
  Joshua Ashton <[email protected]>
  jpsollie <[email protected]>
  Juergen Gross <[email protected]>
  Juri Lelli <[email protected]>
  Justin Husted <[email protected]>
  Justin Stitt <[email protected]>
  K Prateek Nayak <[email protected]>
  KaiLong Wang <[email protected]>
  Kan Liang <[email protected]>
  Kees Cook <[email protected]>
  Kent Overstreet <[email protected]>
  Kent Overstreet <[email protected]>
  Kinglong Mee <[email protected]>
  Kir Kolyshkin <[email protected]>
  Klara Modin <[email protected]>
  Leo Yu-Chi Liang <[email protected]>
  Li zeming <[email protected]>
  Liming Wu <[email protected]>
  Linus Torvalds <[email protected]>
  Lizhi Xu <[email protected]>
  Lorenzo Bianconi <[email protected]>
  Lucy Mielke <[email protected]>
  Luís Henriques <[email protected]>
  Maciej Wieczor-Retman <[email protected]>
  Marco Elver <[email protected]>
  Mario Casquero <[email protected]>
  Masahiro Yamada <[email protected]>
  Mateusz Guzik <[email protected]>
  Mathieu Desnoyers <[email protected]>
  Matthew Wilcox (Oracle) <[email protected]>
  Max Kellermann <[email protected]>
  Max Kellermann <[email protected]>
  Mel Gorman <[email protected]>
  Mel Gorman <[email protected]>
  Michal Hocko <[email protected]>
  Mike Rapoport (IBM) <[email protected]>
  Mikulas Patocka <[email protected]>
  Muralidhara M K <[email protected]>
  Nathan Chancellor <[email protected]>
  NeilBrown <[email protected]>
  Nick Desaulniers <[email protected]>
  Nikolay Borisov <[email protected]>
  Oleg Nesterov <[email protected]>
  Olexa Bilaniuk <[email protected]>
  [email protected] <[email protected]>
  Paolo Bonzini <[email protected]>
  Paul E. McKenney <[email protected]>
  Paul Moore <[email protected]>
  Peter Newman <[email protected]>
  Peter Zijlstra (Intel) <[email protected]>
  Peter Zijlstra <[email protected]>
  [email protected] <[email protected]>
  Pierre Gondois <[email protected]>
  Qais Yousef (Google) <[email protected]>
  Qais Yousef <[email protected]>
  Qu Wenruo <[email protected]>
  Rafael J. Wysocki <[email protected]>
  Raghavendra K T <[email protected]>
  Reuben Hawkins <[email protected]>
  Robbie Litchfield <[email protected]>
  Ruan Jinjie <[email protected]>
  Sai Krishna Potthuri <[email protected]>
  Sandipan Das <[email protected]>
  Saurabh Sengar <[email protected]>
  Sebastian Andrzej Siewior <[email protected]>
  Shrikanth Hegde <[email protected]>
  Shuai Xue <[email protected]>
  Shubhrajyoti Datta <[email protected]>
  Sicong Huang <[email protected]>
  Siddh Raman Pant <[email protected]>
  Song Liu <[email protected]>
  Steve Wahl <[email protected]>
  Stijn Tintel <[email protected]>
  Suma Hegde <[email protected]>
  Swapnil Sapkal <[email protected]>
  Tan Shaopeng <[email protected]>
  Tejun Heo <[email protected]>
  Tero Kristo <[email protected]>
  Thomas Gleixner <[email protected]>
  Thomas Weißschuh <[email protected]>
  Tim Schlueter <[email protected]>
  Tobias Geerinckx-Rice <[email protected]>
  Torge Matthies <[email protected]>
  Trond Myklebust <[email protected]>
  Uros Bizjak <[email protected]>
  Uwe Kleine-König <[email protected]>
  Valentin Schneider <[email protected]>
  Vincent Guittot <[email protected]>
  Waiman Long <[email protected]>
  Wang Jinchao <[email protected]>
  Wedson Almeida Filho <[email protected]>
  Will Deacon <[email protected]>
  Xin Li (Intel) <[email protected]>
  Xiu Jianfeng <[email protected]>
  Yajun Deng <[email protected]>
  Yang Li <[email protected]>
  Yang Yang <[email protected]>
  Yazen Ghannam <[email protected]>
  Yicong Yang <[email protected]>
  Yiwei Lin <[email protected]>
  Yu Liao <[email protected]>
  Yuntao Wang <[email protected]>
  Yury Norov <[email protected]>
  Yuxuan Shui <[email protected]>
  Zhu Wang <[email protected]>
  Zizhen Pang <[email protected]>

jobs:
 build-amd64-xsm                                              pass    
 build-arm64-xsm                                              fail    
 build-i386-xsm                                               pass    
 build-amd64                                                  pass    
 build-arm64                                                  pass    
 build-armhf                                                  pass    
 build-i386                                                   pass    
 build-amd64-libvirt                                          pass    
 build-arm64-libvirt                                          pass    
 build-armhf-libvirt                                          pass    
 build-i386-libvirt                                           pass    
 build-amd64-pvops                                            pass    
 build-arm64-pvops                                            pass    
 build-armhf-pvops                                            pass    
 build-i386-pvops                                             pass    
 test-amd64-amd64-xl                                          pass    
 test-amd64-coresched-amd64-xl                                pass    
 test-arm64-arm64-xl                                          fail    
 test-armhf-armhf-xl                                          pass    
 test-amd64-amd64-libvirt-qemuu-debianhvm-amd64-xsm           pass    
 test-amd64-amd64-xl-qemut-stubdom-debianhvm-amd64-xsm        pass    
 test-amd64-amd64-xl-qemut-debianhvm-i386-xsm                 pass    
 test-amd64-amd64-xl-qemuu-debianhvm-i386-xsm                 pass    
 test-amd64-amd64-libvirt-xsm                                 pass    
 test-arm64-arm64-libvirt-xsm                                 blocked 
 test-amd64-amd64-xl-xsm                                      pass    
 test-arm64-arm64-xl-xsm                                      blocked 
 test-amd64-amd64-qemuu-nested-amd                            fail    
 test-amd64-amd64-xl-pvhv2-amd                                pass    
 test-amd64-amd64-dom0pvh-xl-amd                              pass    
 test-amd64-amd64-xl-qemut-debianhvm-amd64                    pass    
 test-amd64-amd64-xl-qemuu-debianhvm-amd64                    pass    
 test-amd64-amd64-freebsd11-amd64                             pass    
 test-amd64-amd64-freebsd12-amd64                             pass    
 test-amd64-amd64-xl-qemuu-ovmf-amd64                         pass    
 test-amd64-amd64-xl-qemut-win7-amd64                         fail    
 test-amd64-amd64-xl-qemuu-win7-amd64                         fail    
 test-amd64-amd64-xl-qemut-ws16-amd64                         fail    
 test-amd64-amd64-xl-qemuu-ws16-amd64                         fail    
 test-armhf-armhf-xl-arndale                                  pass    
 test-amd64-amd64-examine-bios                                pass    
 test-amd64-amd64-xl-credit1                                  pass    
 test-arm64-arm64-xl-credit1                                  fail    
 test-armhf-armhf-xl-credit1                                  pass    
 test-amd64-amd64-xl-credit2                                  pass    
 test-arm64-arm64-xl-credit2                                  fail    
 test-armhf-armhf-xl-credit2                                  pass    
 test-amd64-amd64-xl-qemuu-dmrestrict-amd64-dmrestrict        pass    
 test-amd64-amd64-examine                                     pass    
 test-arm64-arm64-examine                                     fail    
 test-armhf-armhf-examine                                     pass    
 test-amd64-amd64-qemuu-nested-intel                          pass    
 test-amd64-amd64-xl-pvhv2-intel                              pass    
 test-amd64-amd64-dom0pvh-xl-intel                            pass    
 test-amd64-amd64-libvirt                                     pass    
 test-armhf-armhf-libvirt                                     fail    
 test-amd64-amd64-xl-multivcpu                                pass    
 test-armhf-armhf-xl-multivcpu                                pass    
 test-amd64-amd64-pair                                        pass    
 test-amd64-amd64-libvirt-pair                                pass    
 test-amd64-amd64-xl-pvshim                                   pass    
 test-amd64-amd64-pygrub                                      pass    
 test-amd64-amd64-libvirt-qcow2                               pass    
 test-armhf-armhf-libvirt-qcow2                               pass    
 test-amd64-amd64-libvirt-raw                                 pass    
 test-arm64-arm64-libvirt-raw                                 fail    
 test-armhf-armhf-libvirt-raw                                 pass    
 test-amd64-amd64-xl-rtds                                     pass    
 test-armhf-armhf-xl-rtds                                     pass    
 test-amd64-amd64-xl-qemuu-debianhvm-amd64-shadow             pass    
 test-amd64-amd64-xl-shadow                                   pass    
 test-arm64-arm64-xl-thunderx                                 fail    
 test-amd64-amd64-examine-uefi                                pass    
 test-amd64-amd64-xl-vhd                                      pass    
 test-arm64-arm64-xl-vhd                                      fail    
 test-armhf-armhf-xl-vhd                                      pass    


------------------------------------------------------------
sg-report-flight on osstest.test-lab.xenproject.org
logs: /home/logs/logs
images: /home/logs/images

Logs, config files, etc. are available at
    http://logs.test-lab.xenproject.org/osstest/logs

Explanation of these reports, and of osstest in general, is at
    http://xenbits.xen.org/gitweb/?p=osstest.git;a=blob;f=README.email;hb=master
    http://xenbits.xen.org/gitweb/?p=osstest.git;a=blob;f=README;hb=master

Test harness code can be found at
    http://xenbits.xen.org/gitweb?p=osstest.git;a=summary


Not pushing.

(No revision log; it would be 50990 lines long.)

Reply via email to