flight 183675 linux-linus real [real] flight 183681 linux-linus real-retest [real] http://logs.test-lab.xenproject.org/osstest/logs/183675/ http://logs.test-lab.xenproject.org/osstest/logs/183681/
Failures :-/ but no regressions. Tests which are failing intermittently (not blocking): test-amd64-amd64-xl-qemut-debianhvm-i386-xsm 12 debian-hvm-install fail pass in 183681-retest test-armhf-armhf-libvirt 8 xen-boot fail pass in 183681-retest Tests which did not succeed, but are not blocking: test-armhf-armhf-libvirt 16 saverestore-support-check fail in 183681 like 183669 test-armhf-armhf-libvirt 15 migrate-support-check fail in 183681 never pass test-amd64-amd64-xl-qemut-win7-amd64 19 guest-stop fail like 183669 test-amd64-amd64-xl-qemuu-win7-amd64 19 guest-stop fail like 183669 test-armhf-armhf-libvirt-qcow2 15 saverestore-support-check fail like 183669 test-amd64-amd64-xl-qemuu-ws16-amd64 19 guest-stop fail like 183669 test-armhf-armhf-libvirt-raw 15 saverestore-support-check fail like 183669 test-amd64-amd64-xl-qemut-ws16-amd64 19 guest-stop fail like 183669 test-amd64-amd64-qemuu-nested-amd 20 debian-hvm-install/l1/l2 fail like 183669 test-amd64-amd64-libvirt-xsm 15 migrate-support-check fail never pass test-amd64-amd64-libvirt 15 migrate-support-check fail never pass test-arm64-arm64-xl-thunderx 15 migrate-support-check fail never pass test-arm64-arm64-xl-thunderx 16 saverestore-support-check fail never pass test-arm64-arm64-xl 15 migrate-support-check fail never pass test-arm64-arm64-xl 16 saverestore-support-check fail never pass test-arm64-arm64-xl-credit1 15 migrate-support-check fail never pass test-arm64-arm64-xl-credit1 16 saverestore-support-check fail never pass test-arm64-arm64-libvirt-xsm 15 migrate-support-check fail never pass test-arm64-arm64-libvirt-xsm 16 saverestore-support-check fail never pass test-arm64-arm64-xl-credit2 15 migrate-support-check fail never pass test-arm64-arm64-xl-credit2 16 saverestore-support-check fail never pass test-arm64-arm64-xl-xsm 15 migrate-support-check fail never pass test-arm64-arm64-xl-xsm 16 saverestore-support-check fail never pass test-amd64-amd64-libvirt-qemuu-debianhvm-amd64-xsm 13 migrate-support-check fail never pass test-armhf-armhf-xl-multivcpu 15 migrate-support-check fail never pass test-armhf-armhf-xl-multivcpu 16 saverestore-support-check fail never pass test-armhf-armhf-xl-rtds 15 migrate-support-check fail never pass test-armhf-armhf-xl-rtds 16 saverestore-support-check fail never pass test-armhf-armhf-xl-credit1 15 migrate-support-check fail never pass test-armhf-armhf-xl-credit1 16 saverestore-support-check fail never pass test-amd64-amd64-libvirt-qcow2 14 migrate-support-check fail never pass test-armhf-armhf-xl 15 migrate-support-check fail never pass test-armhf-armhf-xl 16 saverestore-support-check fail never pass test-armhf-armhf-xl-credit2 15 migrate-support-check fail never pass test-armhf-armhf-xl-credit2 16 saverestore-support-check fail never pass test-amd64-amd64-libvirt-raw 14 migrate-support-check fail never pass test-arm64-arm64-libvirt-raw 14 migrate-support-check fail never pass test-arm64-arm64-libvirt-raw 15 saverestore-support-check fail never pass test-arm64-arm64-xl-vhd 14 migrate-support-check fail never pass test-arm64-arm64-xl-vhd 15 saverestore-support-check fail never pass test-armhf-armhf-libvirt-qcow2 14 migrate-support-check fail never pass test-armhf-armhf-libvirt-raw 14 migrate-support-check fail never pass test-armhf-armhf-xl-arndale 15 migrate-support-check fail never pass test-armhf-armhf-xl-arndale 16 saverestore-support-check fail never pass test-armhf-armhf-xl-vhd 14 migrate-support-check fail never pass test-armhf-armhf-xl-vhd 15 saverestore-support-check fail never pass test-amd64-amd64-dom0pvh-xl-amd 3 hosts-allocate starved n/a version targeted for testing: linux e392ea4d4d00880bf94550151b1ace4f88a4b17a baseline version: linux 8f6f76a6a29f36d2f3e4510d0bde5046672f6924 Last test of basis 183669 2023-11-03 10:39:11 Z 1 days Testing same since 183675 2023-11-04 01:57:54 Z 0 days 1 attempts ------------------------------------------------------------ People who touched revisions under test: "Dr. David Alan Gilbert" <[email protected]> Aboorva Devarajan <[email protected]> Aditya Gupta <[email protected]> Adrian Hunter <[email protected]> Alessandro Carminati (Red Hat) <[email protected]> Alexander Gordeev <[email protected]> Alexey Dobriyan <[email protected]> Amit Machhiwal <[email protected]> Andy Shevchenko <[email protected]> Arnaldo Carvalho de Melo <[email protected]> Arnaldo Carvalho de Melo <[email protected]> Arnd Bergmann <[email protected]> Athira Rajeev <[email protected]> Baoquan He <[email protected]> Beau Belgrave <[email protected]> Benjamin Gray <[email protected]> Besar Wicaksono <[email protected]> Changbin Du <[email protected]> Charles Han <[email protected]> Christophe JAILLET <[email protected]> Christophe Leroy <[email protected]> Colin Ian King <[email protected]> Dan Carpenter <[email protected]> Daniel Bristot de Oliveira <[email protected]> Disha Goel <[email protected]> Disha Goel<[email protected]> Dr. David Alan Gilbert <[email protected]> Gaosheng Cui <[email protected]> Gaurav Batra <[email protected]> Gautam Menghani <[email protected]> Geert Uytterhoeven <[email protected]> Georgia Garcia <[email protected]> GONG, Ruiqi <[email protected]> GONG, Ruiqi <[email protected]> Greg Kroah-Hartman <[email protected]> Harald Freudenberger <[email protected]> Haren Myneni <[email protected]> Hari Bathini <[email protected]> Heiko Carstens <[email protected]> Ian Rogers <[email protected]> Ilkka Koskinen <[email protected]> Ilya Leoshkevich <[email protected]> Ingo Franzki <[email protected]> James Clark <[email protected]> Jiapeng Chong <[email protected]> Jing Zhang <[email protected]> Jiri Olsa <[email protected]> John Johansen <[email protected]> John Ogness <[email protected]> Jonathan Corbet <[email protected]> Jonathan Neuschäfer <[email protected]> Jordan Niethe <[email protected]> Julia Lawall <[email protected]> Justin Stitt <[email protected]> Kajol Jain <[email protected]> Kautuk Consul <[email protected]> Kees Cook <[email protected]> Konstantin Meskhidze <[email protected]> Kuan-Wei Chiu <[email protected]> Leo Yan <[email protected]> Li kunyu <[email protected]> Linus Torvalds <[email protected]> Linux Kernel Functional Testing <[email protected]> Masami Hiramatsu (Google) <[email protected]> Matthew Wilcox (Oracle) <[email protected]> Michael Ellerman <[email protected]> Michael Neuling <[email protected]> Michael Petlan <[email protected]> Mickaël Salaün <[email protected]> Minjie Du <[email protected]> Muhammad Muzammil <[email protected]> Namhyung Kim <[email protected]> Naresh Kamboju <[email protected]> Nathan Chancellor <[email protected]> Naveen N Rao <[email protected]> Nicholas Piggin <[email protected]> Nick Child <[email protected]> Peter Lafreniere <[email protected]> Peter Oberparleiter <[email protected]> Petr Mladek <[email protected]> Quanfa Fu <[email protected]> Randy Dunlap <[email protected]> Ravi Bangoria <[email protected]> Rob Herring <[email protected]> Ruidong Tian <[email protected]> Sachin Sant <[email protected]> Sebastian Andrzej Siewior <[email protected]> Shrikanth Hegde <[email protected]> Song Liu <[email protected]> Srikar Dronamraju <[email protected]> Stanislav Kinsburskii <[email protected]> Steven Rostedt (Google) <[email protected]> Sumanth Korikkar <[email protected]> Suzuki K Poulose <[email protected]> Thomas Gleixner (Intel) <[email protected]> Thomas Gleixner <[email protected]> Thomas Richter <[email protected]> Tobias Huschle <[email protected]> Uros Bizjak <[email protected]> Vaibhav Jain <[email protected]> Vasily Gorbik <[email protected]> Veronika Molnarova <[email protected]> Vinicius Costa Gomes <[email protected]> Wang Yufen <[email protected]> Xiu Jianfeng <[email protected]> Xu Yang <[email protected]> Yang Jihong <[email protected]> Yang Li <[email protected]> Yang Yingliang <[email protected]> Yuan Tan <[email protected]> Yury Norov <[email protected]> Zheng Yejian <[email protected]> jobs: build-amd64-xsm pass build-arm64-xsm pass build-i386-xsm pass build-amd64 pass build-arm64 pass build-armhf pass build-i386 pass build-amd64-libvirt pass build-arm64-libvirt pass build-armhf-libvirt pass build-i386-libvirt pass build-amd64-pvops pass build-arm64-pvops pass build-armhf-pvops pass build-i386-pvops pass test-amd64-amd64-xl pass test-amd64-coresched-amd64-xl pass test-arm64-arm64-xl pass test-armhf-armhf-xl pass test-amd64-amd64-libvirt-qemuu-debianhvm-amd64-xsm pass test-amd64-amd64-xl-qemut-stubdom-debianhvm-amd64-xsm pass test-amd64-amd64-xl-qemut-debianhvm-i386-xsm fail test-amd64-amd64-xl-qemuu-debianhvm-i386-xsm pass test-amd64-amd64-libvirt-xsm pass test-arm64-arm64-libvirt-xsm pass test-amd64-amd64-xl-xsm pass test-arm64-arm64-xl-xsm pass test-amd64-amd64-qemuu-nested-amd fail test-amd64-amd64-xl-pvhv2-amd pass test-amd64-amd64-dom0pvh-xl-amd starved test-amd64-amd64-xl-qemut-debianhvm-amd64 pass test-amd64-amd64-xl-qemuu-debianhvm-amd64 pass test-amd64-amd64-freebsd11-amd64 pass test-amd64-amd64-freebsd12-amd64 pass test-amd64-amd64-xl-qemuu-ovmf-amd64 pass test-amd64-amd64-xl-qemut-win7-amd64 fail test-amd64-amd64-xl-qemuu-win7-amd64 fail test-amd64-amd64-xl-qemut-ws16-amd64 fail test-amd64-amd64-xl-qemuu-ws16-amd64 fail test-armhf-armhf-xl-arndale pass test-amd64-amd64-examine-bios pass test-amd64-amd64-xl-credit1 pass test-arm64-arm64-xl-credit1 pass test-armhf-armhf-xl-credit1 pass test-amd64-amd64-xl-credit2 pass test-arm64-arm64-xl-credit2 pass test-armhf-armhf-xl-credit2 pass test-amd64-amd64-xl-qemuu-dmrestrict-amd64-dmrestrict pass test-amd64-amd64-examine pass test-arm64-arm64-examine pass test-armhf-armhf-examine pass test-amd64-amd64-qemuu-nested-intel pass test-amd64-amd64-xl-pvhv2-intel pass test-amd64-amd64-dom0pvh-xl-intel pass test-amd64-amd64-libvirt pass test-armhf-armhf-libvirt fail test-amd64-amd64-xl-multivcpu pass test-armhf-armhf-xl-multivcpu pass test-amd64-amd64-pair pass test-amd64-amd64-libvirt-pair pass test-amd64-amd64-xl-pvshim pass test-amd64-amd64-pygrub pass test-amd64-amd64-libvirt-qcow2 pass test-armhf-armhf-libvirt-qcow2 pass test-amd64-amd64-libvirt-raw pass test-arm64-arm64-libvirt-raw pass test-armhf-armhf-libvirt-raw pass test-amd64-amd64-xl-rtds pass test-armhf-armhf-xl-rtds pass test-amd64-amd64-xl-qemuu-debianhvm-amd64-shadow pass test-amd64-amd64-xl-shadow pass test-arm64-arm64-xl-thunderx pass test-amd64-amd64-examine-uefi pass test-amd64-amd64-xl-vhd pass test-arm64-arm64-xl-vhd pass test-armhf-armhf-xl-vhd pass ------------------------------------------------------------ sg-report-flight on osstest.test-lab.xenproject.org logs: /home/logs/logs images: /home/logs/images Logs, config files, etc. are available at http://logs.test-lab.xenproject.org/osstest/logs Explanation of these reports, and of osstest in general, is at http://xenbits.xen.org/gitweb/?p=osstest.git;a=blob;f=README.email;hb=master http://xenbits.xen.org/gitweb/?p=osstest.git;a=blob;f=README;hb=master Test harness code can be found at http://xenbits.xen.org/gitweb?p=osstest.git;a=summary Pushing revision : hint: The 'hooks/update' hook was ignored because it's not set as executable. hint: You can disable this warning with `git config advice.ignoredHook false`. hint: The 'hooks/post-receive' hook was ignored because it's not set as executable. hint: You can disable this warning with `git config advice.ignoredHook false`. hint: The 'hooks/post-update' hook was ignored because it's not set as executable. hint: You can disable this warning with `git config advice.ignoredHook false`. To xenbits.xen.org:/home/xen/git/linux-pvops.git 8f6f76a6a29f..e392ea4d4d00 e392ea4d4d00880bf94550151b1ace4f88a4b17a -> tested/linux-linus
