flight 183698 linux-linus real [real] http://logs.test-lab.xenproject.org/osstest/logs/183698/
Failures :-/ but no regressions. Tests which did not succeed, but are not blocking: test-armhf-armhf-libvirt-raw 15 saverestore-support-check fail blocked in 183692 test-amd64-amd64-xl-qemut-win7-amd64 19 guest-stop fail like 183692 test-amd64-amd64-xl-qemuu-win7-amd64 19 guest-stop fail like 183692 test-amd64-amd64-xl-qemuu-ws16-amd64 19 guest-stop fail like 183692 test-armhf-armhf-libvirt-qcow2 15 saverestore-support-check fail like 183692 test-armhf-armhf-libvirt 16 saverestore-support-check fail like 183692 test-amd64-amd64-xl-qemut-ws16-amd64 19 guest-stop fail like 183692 test-amd64-amd64-qemuu-nested-amd 20 debian-hvm-install/l1/l2 fail like 183692 test-amd64-amd64-libvirt-xsm 15 migrate-support-check fail never pass test-amd64-amd64-libvirt 15 migrate-support-check fail never pass test-arm64-arm64-xl-thunderx 15 migrate-support-check fail never pass test-arm64-arm64-xl-thunderx 16 saverestore-support-check fail never pass test-arm64-arm64-xl 15 migrate-support-check fail never pass test-arm64-arm64-xl 16 saverestore-support-check fail never pass test-arm64-arm64-libvirt-xsm 15 migrate-support-check fail never pass test-arm64-arm64-libvirt-xsm 16 saverestore-support-check fail never pass test-arm64-arm64-xl-credit2 15 migrate-support-check fail never pass test-arm64-arm64-xl-credit2 16 saverestore-support-check fail never pass test-arm64-arm64-xl-credit1 15 migrate-support-check fail never pass test-arm64-arm64-xl-credit1 16 saverestore-support-check fail never pass test-arm64-arm64-xl-xsm 15 migrate-support-check fail never pass test-arm64-arm64-xl-xsm 16 saverestore-support-check fail never pass test-amd64-amd64-libvirt-qemuu-debianhvm-amd64-xsm 13 migrate-support-check fail never pass test-armhf-armhf-xl-multivcpu 15 migrate-support-check fail never pass test-armhf-armhf-xl-multivcpu 16 saverestore-support-check fail never pass test-armhf-armhf-xl-rtds 15 migrate-support-check fail never pass test-armhf-armhf-xl-rtds 16 saverestore-support-check fail never pass test-armhf-armhf-xl-credit1 15 migrate-support-check fail never pass test-armhf-armhf-xl-credit1 16 saverestore-support-check fail never pass test-amd64-amd64-libvirt-qcow2 14 migrate-support-check fail never pass test-armhf-armhf-xl 15 migrate-support-check fail never pass test-armhf-armhf-xl 16 saverestore-support-check fail never pass test-armhf-armhf-xl-credit2 15 migrate-support-check fail never pass test-armhf-armhf-xl-credit2 16 saverestore-support-check fail never pass test-amd64-amd64-libvirt-raw 14 migrate-support-check fail never pass test-arm64-arm64-libvirt-raw 14 migrate-support-check fail never pass test-arm64-arm64-libvirt-raw 15 saverestore-support-check fail never pass test-arm64-arm64-xl-vhd 14 migrate-support-check fail never pass test-arm64-arm64-xl-vhd 15 saverestore-support-check fail never pass test-armhf-armhf-libvirt-raw 14 migrate-support-check fail never pass test-armhf-armhf-libvirt-qcow2 14 migrate-support-check fail never pass test-armhf-armhf-libvirt 15 migrate-support-check fail never pass test-armhf-armhf-xl-arndale 15 migrate-support-check fail never pass test-armhf-armhf-xl-arndale 16 saverestore-support-check fail never pass test-armhf-armhf-xl-vhd 14 migrate-support-check fail never pass test-armhf-armhf-xl-vhd 15 saverestore-support-check fail never pass test-amd64-amd64-dom0pvh-xl-amd 3 hosts-allocate starved n/a version targeted for testing: linux be3ca57cfb777ad820c6659d52e60bbdd36bf5ff baseline version: linux d2f51b3516dade79269ff45eae2a7668ae711b25 Last test of basis 183692 2023-11-06 03:32:37 Z 1 days Testing same since 183698 2023-11-06 23:42:18 Z 0 days 1 attempts ------------------------------------------------------------ People who touched revisions under test: Andrey Konovalov <[email protected]> Arnd Bergmann <[email protected]> Benjamin Gaignard <[email protected]> Benjamin Mugnier <[email protected]> (st-vgxy61) Biju Das <[email protected]> Bingbu Cao <[email protected]> Bryan O'Donoghue <[email protected]> Bryan O'Donoghue <[email protected]> # rb3 # db410c Chen Jiahao <[email protected]> Chen-Yu Tsai <[email protected]> Chengfeng Ye <[email protected]> Christophe JAILLET <[email protected]> Colin Ian King <[email protected]> Conor Dooley <[email protected]> Dan Carpenter <[email protected]> Daniele Alessandrelli <[email protected]> Dave Stevenson <[email protected]> Fabio Estevam <[email protected]> Fei Shao <[email protected]> Geert Uytterhoeven <[email protected]> Guoniu.zhou <[email protected]> Gustavo A. R. Silva <[email protected]> Hans de Goede <[email protected]> Hans Verkuil <[email protected]> Hao Yao <[email protected]> Ilpo Järvinen <[email protected]> Irui Wang <[email protected]> Jacopo Mondi <[email protected]> Jai Luthra <[email protected]> Jean-Michel Hautbois <[email protected]> Jernej Skrabec <[email protected]> Jiasheng Jiang <[email protected]> Jinjie Ruan <[email protected]> Juerg Haefliger <[email protected]> Julia Lawall <[email protected]> Julien Massot <[email protected]> Kate Hsuan <[email protected]> Katya Orlova <[email protected]> Kees Cook <[email protected]> Ken Lin <[email protected]> Konrad Dybcio <[email protected]> Krzysztof Hałasa <[email protected]> Krzysztof Kozlowski <[email protected]> Laurent Pinchart <[email protected]> Lee Jones <[email protected]> Li Zetao <[email protected]> Linus Torvalds <[email protected]> Luca Ceresoli <[email protected]> Ma Ke <[email protected]> Marek Szyprowski <[email protected]> Marek Vasut <[email protected]> Martin Dørum <[email protected]> Martin Tůma <[email protected]> Marvin Lin <[email protected]> Mauro Carvalho Chehab <[email protected]> Maxime Ripard <[email protected]> Mikhail Rudenko <[email protected]> Ming Qian <[email protected]> Moudy Ho <[email protected]> Nicolas Ferre <[email protected]> Patrick Whewell <[email protected]> Paul Kocialkowski <[email protected]> Pratyush Yadav <[email protected]> Qingwu Zhang <[email protected]> Rajeshwar R Shinde <[email protected]> rasheed.hsueh <[email protected]> Reka Norman <[email protected]> Ricardo B. Marliere <[email protected]> Rob Herring <[email protected]> Ross Zwisler <[email protected]> Ruan Jinjie <[email protected]> Sakari Ailus <[email protected]> Sean Young <[email protected]> Shravan Chippa <[email protected]> Sicelo A. Mhlongo <[email protected]> Stanimir Varbanov <[email protected]> Stefan Adolfsson <[email protected]> Suhrid Subramaniam <[email protected]> Takashi Iwai <[email protected]> Tomasz Figa <[email protected]> Tommaso Merciai <[email protected]> Umang Jain <[email protected]> Uwe Kleine-König <[email protected]> Vaishnav Achath <[email protected]> Vikash Garodia <[email protected]> Wang Ming <[email protected]> Wentong Wu <[email protected]> Wolfram Sang <[email protected]> Xiaolei Wang <[email protected]> Yu Liao <[email protected]> Yue Haibing <[email protected]> Yunfei Dong <[email protected]> Zelong Dong <[email protected]> Zheng Wang <[email protected]> jobs: build-amd64-xsm pass build-arm64-xsm pass build-i386-xsm pass build-amd64 pass build-arm64 pass build-armhf pass build-i386 pass build-amd64-libvirt pass build-arm64-libvirt pass build-armhf-libvirt pass build-i386-libvirt pass build-amd64-pvops pass build-arm64-pvops pass build-armhf-pvops pass build-i386-pvops pass test-amd64-amd64-xl pass test-amd64-coresched-amd64-xl pass test-arm64-arm64-xl pass test-armhf-armhf-xl pass test-amd64-amd64-libvirt-qemuu-debianhvm-amd64-xsm pass test-amd64-amd64-xl-qemut-stubdom-debianhvm-amd64-xsm pass test-amd64-amd64-xl-qemut-debianhvm-i386-xsm pass test-amd64-amd64-xl-qemuu-debianhvm-i386-xsm pass test-amd64-amd64-libvirt-xsm pass test-arm64-arm64-libvirt-xsm pass test-amd64-amd64-xl-xsm pass test-arm64-arm64-xl-xsm pass test-amd64-amd64-qemuu-nested-amd fail test-amd64-amd64-xl-pvhv2-amd pass test-amd64-amd64-dom0pvh-xl-amd starved test-amd64-amd64-xl-qemut-debianhvm-amd64 pass test-amd64-amd64-xl-qemuu-debianhvm-amd64 pass test-amd64-amd64-freebsd11-amd64 pass test-amd64-amd64-freebsd12-amd64 pass test-amd64-amd64-xl-qemuu-ovmf-amd64 pass test-amd64-amd64-xl-qemut-win7-amd64 fail test-amd64-amd64-xl-qemuu-win7-amd64 fail test-amd64-amd64-xl-qemut-ws16-amd64 fail test-amd64-amd64-xl-qemuu-ws16-amd64 fail test-armhf-armhf-xl-arndale pass test-amd64-amd64-examine-bios pass test-amd64-amd64-xl-credit1 pass test-arm64-arm64-xl-credit1 pass test-armhf-armhf-xl-credit1 pass test-amd64-amd64-xl-credit2 pass test-arm64-arm64-xl-credit2 pass test-armhf-armhf-xl-credit2 pass test-amd64-amd64-xl-qemuu-dmrestrict-amd64-dmrestrict pass test-amd64-amd64-examine pass test-arm64-arm64-examine pass test-armhf-armhf-examine pass test-amd64-amd64-qemuu-nested-intel pass test-amd64-amd64-xl-pvhv2-intel pass test-amd64-amd64-dom0pvh-xl-intel pass test-amd64-amd64-libvirt pass test-armhf-armhf-libvirt pass test-amd64-amd64-xl-multivcpu pass test-armhf-armhf-xl-multivcpu pass test-amd64-amd64-pair pass test-amd64-amd64-libvirt-pair pass test-amd64-amd64-xl-pvshim pass test-amd64-amd64-pygrub pass test-amd64-amd64-libvirt-qcow2 pass test-armhf-armhf-libvirt-qcow2 pass test-amd64-amd64-libvirt-raw pass test-arm64-arm64-libvirt-raw pass test-armhf-armhf-libvirt-raw pass test-amd64-amd64-xl-rtds pass test-armhf-armhf-xl-rtds pass test-amd64-amd64-xl-qemuu-debianhvm-amd64-shadow pass test-amd64-amd64-xl-shadow pass test-arm64-arm64-xl-thunderx pass test-amd64-amd64-examine-uefi pass test-amd64-amd64-xl-vhd pass test-arm64-arm64-xl-vhd pass test-armhf-armhf-xl-vhd pass ------------------------------------------------------------ sg-report-flight on osstest.test-lab.xenproject.org logs: /home/logs/logs images: /home/logs/images Logs, config files, etc. are available at http://logs.test-lab.xenproject.org/osstest/logs Explanation of these reports, and of osstest in general, is at http://xenbits.xen.org/gitweb/?p=osstest.git;a=blob;f=README.email;hb=master http://xenbits.xen.org/gitweb/?p=osstest.git;a=blob;f=README;hb=master Test harness code can be found at http://xenbits.xen.org/gitweb?p=osstest.git;a=summary Pushing revision : hint: The 'hooks/update' hook was ignored because it's not set as executable. hint: You can disable this warning with `git config advice.ignoredHook false`. hint: The 'hooks/post-receive' hook was ignored because it's not set as executable. hint: You can disable this warning with `git config advice.ignoredHook false`. hint: The 'hooks/post-update' hook was ignored because it's not set as executable. hint: You can disable this warning with `git config advice.ignoredHook false`. To xenbits.xen.org:/home/xen/git/linux-pvops.git d2f51b3516da..be3ca57cfb77 be3ca57cfb777ad820c6659d52e60bbdd36bf5ff -> tested/linux-linus
