flight 183714 linux-5.4 real [real]
flight 183719 linux-5.4 real-retest [real]
http://logs.test-lab.xenproject.org/osstest/logs/183714/
http://logs.test-lab.xenproject.org/osstest/logs/183719/

Failures :-/ but no regressions.

Tests which are failing intermittently (not blocking):
 test-armhf-armhf-xl-credit1 18 guest-start/debian.repeat fail pass in 
183719-retest
 test-armhf-armhf-xl-vhd      13 guest-start         fail pass in 183719-retest
 test-amd64-amd64-xl-qemut-debianhvm-i386-xsm 12 debian-hvm-install fail pass 
in 183719-retest

Regressions which are regarded as allowable (not blocking):
 test-amd64-amd64-xl-rtds      8 xen-boot                 fail REGR. vs. 183523

Tests which did not succeed, but are not blocking:
 test-armhf-armhf-xl-multivcpu 18 guest-start/debian.repeat fail blocked in 
183523
 test-armhf-armhf-xl-vhd     14 migrate-support-check fail in 183719 never pass
 test-armhf-armhf-xl-vhd 15 saverestore-support-check fail in 183719 never pass
 test-armhf-armhf-libvirt     16 saverestore-support-check    fail  like 183523
 test-amd64-amd64-xl-qemuu-win7-amd64 19 guest-stop            fail like 183523
 test-amd64-i386-xl-qemut-win7-amd64 19 guest-stop             fail like 183523
 test-amd64-i386-xl-qemuu-win7-amd64 19 guest-stop             fail like 183523
 test-armhf-armhf-xl-credit2  18 guest-start/debian.repeat    fail  like 183523
 test-amd64-amd64-xl-qemut-win7-amd64 19 guest-stop            fail like 183523
 test-armhf-armhf-libvirt-qcow2 15 saverestore-support-check   fail like 183523
 test-armhf-armhf-libvirt-raw 15 saverestore-support-check    fail  like 183523
 test-amd64-amd64-xl-qemuu-ws16-amd64 19 guest-stop            fail like 183523
 test-amd64-amd64-xl-qemut-ws16-amd64 19 guest-stop            fail like 183523
 test-amd64-i386-xl-qemut-ws16-amd64 19 guest-stop             fail like 183523
 test-amd64-i386-xl-qemuu-ws16-amd64 19 guest-stop             fail like 183523
 test-amd64-amd64-qemuu-nested-amd 20 debian-hvm-install/l1/l2 fail like 183523
 test-amd64-i386-libvirt-xsm  15 migrate-support-check        fail   never pass
 test-arm64-arm64-xl-thunderx 15 migrate-support-check        fail   never pass
 test-arm64-arm64-xl-thunderx 16 saverestore-support-check    fail   never pass
 test-amd64-i386-libvirt      15 migrate-support-check        fail   never pass
 test-amd64-i386-xl-pvshim    14 guest-start                  fail   never pass
 test-amd64-amd64-libvirt     15 migrate-support-check        fail   never pass
 test-amd64-i386-libvirt-raw  14 migrate-support-check        fail   never pass
 test-amd64-amd64-libvirt-xsm 15 migrate-support-check        fail   never pass
 test-amd64-amd64-libvirt-qemuu-debianhvm-amd64-xsm 13 migrate-support-check 
fail never pass
 test-amd64-i386-libvirt-qemuu-debianhvm-amd64-xsm 13 migrate-support-check 
fail never pass
 test-amd64-amd64-libvirt-vhd 14 migrate-support-check        fail   never pass
 test-arm64-arm64-xl-xsm      15 migrate-support-check        fail   never pass
 test-arm64-arm64-xl-xsm      16 saverestore-support-check    fail   never pass
 test-arm64-arm64-xl          15 migrate-support-check        fail   never pass
 test-arm64-arm64-xl          16 saverestore-support-check    fail   never pass
 test-arm64-arm64-libvirt-xsm 15 migrate-support-check        fail   never pass
 test-arm64-arm64-libvirt-xsm 16 saverestore-support-check    fail   never pass
 test-arm64-arm64-xl-credit2  15 migrate-support-check        fail   never pass
 test-arm64-arm64-xl-credit2  16 saverestore-support-check    fail   never pass
 test-arm64-arm64-xl-credit1  15 migrate-support-check        fail   never pass
 test-arm64-arm64-xl-credit1  16 saverestore-support-check    fail   never pass
 test-armhf-armhf-xl-arndale  15 migrate-support-check        fail   never pass
 test-armhf-armhf-xl-multivcpu 15 migrate-support-check        fail  never pass
 test-armhf-armhf-xl-arndale  16 saverestore-support-check    fail   never pass
 test-armhf-armhf-xl-multivcpu 16 saverestore-support-check    fail  never pass
 test-armhf-armhf-xl          15 migrate-support-check        fail   never pass
 test-armhf-armhf-xl          16 saverestore-support-check    fail   never pass
 test-armhf-armhf-xl-rtds     15 migrate-support-check        fail   never pass
 test-armhf-armhf-xl-rtds     16 saverestore-support-check    fail   never pass
 test-armhf-armhf-xl-credit2  15 migrate-support-check        fail   never pass
 test-armhf-armhf-xl-credit2  16 saverestore-support-check    fail   never pass
 test-armhf-armhf-xl-credit1  15 migrate-support-check        fail   never pass
 test-armhf-armhf-xl-credit1  16 saverestore-support-check    fail   never pass
 test-armhf-armhf-libvirt     15 migrate-support-check        fail   never pass
 test-arm64-arm64-libvirt-raw 14 migrate-support-check        fail   never pass
 test-arm64-arm64-libvirt-raw 15 saverestore-support-check    fail   never pass
 test-arm64-arm64-xl-vhd      14 migrate-support-check        fail   never pass
 test-arm64-arm64-xl-vhd      15 saverestore-support-check    fail   never pass
 test-armhf-armhf-libvirt-qcow2 14 migrate-support-check        fail never pass
 test-armhf-armhf-libvirt-raw 14 migrate-support-check        fail   never pass
 test-amd64-amd64-dom0pvh-xl-amd  3 hosts-allocate               starved  n/a

version targeted for testing:
 linux                87e8e7a7aa1f96276252a90373de1d56add31918
baseline version:
 linux                86ea40e6ad22d9d7daa54b9e8167ad1e4a8a48ee

Last test of basis   183523  2023-10-25 10:14:26 Z   14 days
Testing same since   183714  2023-11-08 10:46:25 Z    0 days    1 attempts

------------------------------------------------------------
People who touched revisions under test:
  "William A. Kennington III" <[email protected]>
  Al Viro <[email protected]>
  Alain Volmat <[email protected]>
  Alessandro Carminati (Red Hat) <[email protected]>
  Alessandro Carminati <[email protected]>
  Alon Zahavi <[email protected]>
  Anastasia Belova <[email protected]>
  Andi Shyti <[email protected]>
  Andrew Jeffery <[email protected]>
  Arnd Bergmann <[email protected]>
  Arpana Arland <[email protected]> (A Contingent worker at Intel)
  Baokun Li <[email protected]>
  Baoquan He <[email protected]>
  Ben Wolsieffer <[email protected]>
  Bjorn Andersson <[email protected]>
  Bjorn Andersson <[email protected]>
  Bjorn Helgaas <[email protected]>
  Borislav Petkov <[email protected]>
  Cameron Williams <[email protected]>
  Catalin Marinas <[email protected]>
  Chao Yu <[email protected]>
  Christoph Hellwig <[email protected]>
  Christophe JAILLET <[email protected]>
  Chuck Lever <[email protected]>
  Damien Le Moal <[email protected]>
  David Lazar <[email protected]>
  David S. Miller <[email protected]>
  Dmitry Torokhov <[email protected]>
  Douglas Anderson <[email protected]>
  Dragos-Marian Panait <[email protected]>
  Eric Dumazet <[email protected]>
  Florian Fainelli <[email protected]>
  Florian Westphal <[email protected]>
  Francis Laniel <[email protected]>
  Fred Chen <[email protected]>
  Gavin Shan <[email protected]>
  Greg Kroah-Hartman <[email protected]>
  Guenter Roeck <[email protected]>
  Hangyu Hua <[email protected]>
  Hans de Goede <[email protected]>
  Harshit Mogalapalli <[email protected]>
  Helge Deller <[email protected]>
  Herve Codina <[email protected]>
  Ingo Molnar <[email protected]>
  Ivan Vecera <[email protected]>
  Jacob Keller <[email protected]>
  Jaegeuk Kim <[email protected]>
  Jakub Kicinski <[email protected]>
  Javier Rodriguez <[email protected]>
  Jeff Layton <[email protected]>
  Jeffery Miller <[email protected]>
  Jens Axboe <[email protected]>
  Jian Zhang <[email protected]>
  Jinjie Ruan <[email protected]>
  Joe Damato <[email protected]>
  Johannes Thumshirn <[email protected]>
  Jon Hunter <[email protected]>
  Jonathan Cameron <[email protected]>
  Jorge Maidana <[email protected]>
  Jorge Sanjuan Garcia <[email protected]>
  Josh Poimboeuf <[email protected]>
  Josh Poimboeuf <[email protected]>
  Juergen Gross <[email protected]>
  Kazunori Kobayashi <[email protected]>
  Keith Busch <[email protected]>
  Krzysztof Kozlowski <[email protected]>
  Kunwu Chan <[email protected]>
  Lee Jones <[email protected]>
  Liha Sikanen <[email protected]>
  LihaSika <[email protected]>
  Liming Sun <[email protected]>
  Linux Kernel Functional Testing <[email protected]>
  Luis Machado <[email protected]>
  Lukasz Majczak <[email protected]>
  Manasi Navare <[email protected]>
  Marc Zyngier <[email protected]>
  Marco Elver <[email protected]>
  Marek Szyprowski <[email protected]>
  Mark Brown <[email protected]>
  Mark Rutland <[email protected]>
  Martin K. Petersen <[email protected]>
  Masami Hiramatsu (Google) <[email protected]>
  Mateusz Palczewski <[email protected]>
  Mathieu Poirier <[email protected]>
  Matthias Schiffer <[email protected]>
  Maximilian Heyne <[email protected]>
  Michael S. Tsirkin <[email protected]>
  Miquel Raynal <[email protected]>
  Mirsad Goran Todorovac <[email protected]>
  Naama Meir <[email protected]>
  Nathan Chancellor <[email protected]>
  Neal Cardwell <[email protected]>
  Oleksandr Tymoshenko <[email protected]>
  Pablo Neira Ayuso <[email protected]>
  Paolo Abeni <[email protected]>
  Paul Barker <[email protected]>
  Peng Fan <[email protected]>
  Peter Rosin <[email protected]>
  Peter Zijlstra (Intel) <[email protected]>
  Peter Zijlstra <[email protected]>
  Pucha Himasekhar Reddy <[email protected]> (A Contingent 
worker at Intel)
  Rafael J. Wysocki <[email protected]>
  Ravi Chandra Minnikanti <[email protected]>
  Rodríguez Barbarin, José Javier <[email protected]>
  Sagi Grimberg <[email protected]>
  Sasha Levin <[email protected]>
  Sasha Neftin <[email protected]>
  Shuah Khan <[email protected]>
  Shuming Fan <[email protected]>
  Srinivas Kandagatla <[email protected]>
  Stephen Boyd <[email protected]>
  Steve French <[email protected]>
  Su Hui <[email protected]>
  Szilard Fabian <[email protected]>
  Theodore Ts'o <[email protected]>
  Thomas Gleixner <[email protected]>
  Tomas Henzl <[email protected]>
  Vicki Pfau <[email protected]>
  Vinod Koul <[email protected]>
  Wang Hai <[email protected]>
  William A. Kennington III <[email protected]>
  Wolfram Sang <[email protected]>
  Zhang Shurong <[email protected]>
  Zhenyu Zhang <[email protected]>

jobs:
 build-amd64-xsm                                              pass    
 build-arm64-xsm                                              pass    
 build-i386-xsm                                               pass    
 build-amd64                                                  pass    
 build-arm64                                                  pass    
 build-armhf                                                  pass    
 build-i386                                                   pass    
 build-amd64-libvirt                                          pass    
 build-arm64-libvirt                                          pass    
 build-armhf-libvirt                                          pass    
 build-i386-libvirt                                           pass    
 build-amd64-pvops                                            pass    
 build-arm64-pvops                                            pass    
 build-armhf-pvops                                            pass    
 build-i386-pvops                                             pass    
 test-amd64-amd64-xl                                          pass    
 test-amd64-coresched-amd64-xl                                pass    
 test-arm64-arm64-xl                                          pass    
 test-armhf-armhf-xl                                          pass    
 test-amd64-i386-xl                                           pass    
 test-amd64-coresched-i386-xl                                 pass    
 test-amd64-amd64-libvirt-qemuu-debianhvm-amd64-xsm           pass    
 test-amd64-i386-libvirt-qemuu-debianhvm-amd64-xsm            pass    
 test-amd64-amd64-xl-qemut-stubdom-debianhvm-amd64-xsm        pass    
 test-amd64-i386-xl-qemut-stubdom-debianhvm-amd64-xsm         pass    
 test-amd64-amd64-xl-qemut-debianhvm-i386-xsm                 fail    
 test-amd64-i386-xl-qemut-debianhvm-i386-xsm                  pass    
 test-amd64-amd64-xl-qemuu-debianhvm-i386-xsm                 pass    
 test-amd64-i386-xl-qemuu-debianhvm-i386-xsm                  pass    
 test-amd64-amd64-libvirt-xsm                                 pass    
 test-arm64-arm64-libvirt-xsm                                 pass    
 test-amd64-i386-libvirt-xsm                                  pass    
 test-amd64-amd64-xl-xsm                                      pass    
 test-arm64-arm64-xl-xsm                                      pass    
 test-amd64-i386-xl-xsm                                       pass    
 test-amd64-amd64-qemuu-nested-amd                            fail    
 test-amd64-amd64-xl-pvhv2-amd                                pass    
 test-amd64-i386-qemut-rhel6hvm-amd                           pass    
 test-amd64-i386-qemuu-rhel6hvm-amd                           pass    
 test-amd64-amd64-dom0pvh-xl-amd                              starved 
 test-amd64-amd64-xl-qemut-debianhvm-amd64                    pass    
 test-amd64-i386-xl-qemut-debianhvm-amd64                     pass    
 test-amd64-amd64-xl-qemuu-debianhvm-amd64                    pass    
 test-amd64-i386-xl-qemuu-debianhvm-amd64                     pass    
 test-amd64-i386-freebsd10-amd64                              pass    
 test-amd64-amd64-qemuu-freebsd11-amd64                       pass    
 test-amd64-amd64-qemuu-freebsd12-amd64                       pass    
 test-amd64-amd64-xl-qemuu-ovmf-amd64                         pass    
 test-amd64-i386-xl-qemuu-ovmf-amd64                          pass    
 test-amd64-amd64-xl-qemut-win7-amd64                         fail    
 test-amd64-i386-xl-qemut-win7-amd64                          fail    
 test-amd64-amd64-xl-qemuu-win7-amd64                         fail    
 test-amd64-i386-xl-qemuu-win7-amd64                          fail    
 test-amd64-amd64-xl-qemut-ws16-amd64                         fail    
 test-amd64-i386-xl-qemut-ws16-amd64                          fail    
 test-amd64-amd64-xl-qemuu-ws16-amd64                         fail    
 test-amd64-i386-xl-qemuu-ws16-amd64                          fail    
 test-armhf-armhf-xl-arndale                                  pass    
 test-amd64-amd64-examine-bios                                pass    
 test-amd64-i386-examine-bios                                 pass    
 test-amd64-amd64-xl-credit1                                  pass    
 test-arm64-arm64-xl-credit1                                  pass    
 test-armhf-armhf-xl-credit1                                  fail    
 test-amd64-amd64-xl-credit2                                  pass    
 test-arm64-arm64-xl-credit2                                  pass    
 test-armhf-armhf-xl-credit2                                  fail    
 test-amd64-amd64-xl-qemuu-dmrestrict-amd64-dmrestrict        pass    
 test-amd64-i386-xl-qemuu-dmrestrict-amd64-dmrestrict         pass    
 test-amd64-amd64-examine                                     pass    
 test-arm64-arm64-examine                                     pass    
 test-armhf-armhf-examine                                     pass    
 test-amd64-i386-examine                                      pass    
 test-amd64-i386-freebsd10-i386                               pass    
 test-amd64-amd64-qemuu-nested-intel                          pass    
 test-amd64-amd64-xl-pvhv2-intel                              pass    
 test-amd64-i386-qemut-rhel6hvm-intel                         pass    
 test-amd64-i386-qemuu-rhel6hvm-intel                         pass    
 test-amd64-amd64-dom0pvh-xl-intel                            pass    
 test-amd64-amd64-libvirt                                     pass    
 test-armhf-armhf-libvirt                                     pass    
 test-amd64-i386-libvirt                                      pass    
 test-amd64-amd64-xl-multivcpu                                pass    
 test-armhf-armhf-xl-multivcpu                                fail    
 test-amd64-amd64-pair                                        pass    
 test-amd64-i386-pair                                         pass    
 test-amd64-amd64-libvirt-pair                                pass    
 test-amd64-i386-libvirt-pair                                 pass    
 test-amd64-amd64-xl-pvshim                                   pass    
 test-amd64-i386-xl-pvshim                                    fail    
 test-amd64-amd64-pygrub                                      pass    
 test-armhf-armhf-libvirt-qcow2                               pass    
 test-amd64-amd64-xl-qcow2                                    pass    
 test-arm64-arm64-libvirt-raw                                 pass    
 test-armhf-armhf-libvirt-raw                                 pass    
 test-amd64-i386-libvirt-raw                                  pass    
 test-amd64-amd64-xl-rtds                                     fail    
 test-armhf-armhf-xl-rtds                                     pass    
 test-amd64-amd64-xl-qemuu-debianhvm-amd64-shadow             pass    
 test-amd64-i386-xl-qemuu-debianhvm-amd64-shadow              pass    
 test-amd64-amd64-xl-shadow                                   pass    
 test-amd64-i386-xl-shadow                                    pass    
 test-arm64-arm64-xl-thunderx                                 pass    
 test-amd64-amd64-examine-uefi                                pass    
 test-amd64-i386-examine-uefi                                 pass    
 test-amd64-amd64-libvirt-vhd                                 pass    
 test-arm64-arm64-xl-vhd                                      pass    
 test-armhf-armhf-xl-vhd                                      fail    
 test-amd64-i386-xl-vhd                                       pass    


------------------------------------------------------------
sg-report-flight on osstest.test-lab.xenproject.org
logs: /home/logs/logs
images: /home/logs/images

Logs, config files, etc. are available at
    http://logs.test-lab.xenproject.org/osstest/logs

Explanation of these reports, and of osstest in general, is at
    http://xenbits.xen.org/gitweb/?p=osstest.git;a=blob;f=README.email;hb=master
    http://xenbits.xen.org/gitweb/?p=osstest.git;a=blob;f=README;hb=master

Test harness code can be found at
    http://xenbits.xen.org/gitweb?p=osstest.git;a=summary


Pushing revision :

hint: The 'hooks/update' hook was ignored because it's not set as executable.
hint: You can disable this warning with `git config advice.ignoredHook false`.
hint: The 'hooks/post-receive' hook was ignored because it's not set as 
executable.
hint: You can disable this warning with `git config advice.ignoredHook false`.
hint: The 'hooks/post-update' hook was ignored because it's not set as 
executable.
hint: You can disable this warning with `git config advice.ignoredHook false`.
To xenbits.xen.org:/home/xen/git/linux-pvops.git
   86ea40e6ad22..87e8e7a7aa1f  87e8e7a7aa1f96276252a90373de1d56add31918 -> 
tested/linux-5.4

Reply via email to