flight 183731 linux-linus real [real]
http://logs.test-lab.xenproject.org/osstest/logs/183731/

Failures :-/ but no regressions.

Tests which did not succeed, but are not blocking:
 test-amd64-amd64-xl-qemut-win7-amd64 19 guest-stop            fail like 183728
 test-amd64-amd64-xl-qemuu-win7-amd64 19 guest-stop            fail like 183728
 test-amd64-amd64-xl-qemuu-ws16-amd64 19 guest-stop            fail like 183728
 test-armhf-armhf-libvirt-raw 15 saverestore-support-check    fail  like 183728
 test-armhf-armhf-libvirt-qcow2 15 saverestore-support-check   fail like 183728
 test-armhf-armhf-libvirt     16 saverestore-support-check    fail  like 183728
 test-amd64-amd64-xl-qemut-ws16-amd64 19 guest-stop            fail like 183728
 test-amd64-amd64-qemuu-nested-amd 20 debian-hvm-install/l1/l2 fail like 183728
 test-amd64-amd64-libvirt-xsm 15 migrate-support-check        fail   never pass
 test-amd64-amd64-libvirt     15 migrate-support-check        fail   never pass
 test-arm64-arm64-xl-thunderx 15 migrate-support-check        fail   never pass
 test-arm64-arm64-xl-thunderx 16 saverestore-support-check    fail   never pass
 test-arm64-arm64-xl          15 migrate-support-check        fail   never pass
 test-arm64-arm64-xl          16 saverestore-support-check    fail   never pass
 test-arm64-arm64-xl-credit2  15 migrate-support-check        fail   never pass
 test-arm64-arm64-xl-credit2  16 saverestore-support-check    fail   never pass
 test-arm64-arm64-xl-credit1  15 migrate-support-check        fail   never pass
 test-arm64-arm64-libvirt-xsm 15 migrate-support-check        fail   never pass
 test-arm64-arm64-xl-credit1  16 saverestore-support-check    fail   never pass
 test-arm64-arm64-libvirt-xsm 16 saverestore-support-check    fail   never pass
 test-arm64-arm64-xl-xsm      15 migrate-support-check        fail   never pass
 test-arm64-arm64-xl-xsm      16 saverestore-support-check    fail   never pass
 test-amd64-amd64-libvirt-qemuu-debianhvm-amd64-xsm 13 migrate-support-check 
fail never pass
 test-armhf-armhf-xl          15 migrate-support-check        fail   never pass
 test-armhf-armhf-xl          16 saverestore-support-check    fail   never pass
 test-armhf-armhf-xl-multivcpu 15 migrate-support-check        fail  never pass
 test-armhf-armhf-xl-multivcpu 16 saverestore-support-check    fail  never pass
 test-armhf-armhf-xl-arndale  15 migrate-support-check        fail   never pass
 test-armhf-armhf-xl-arndale  16 saverestore-support-check    fail   never pass
 test-armhf-armhf-xl-rtds     15 migrate-support-check        fail   never pass
 test-armhf-armhf-xl-rtds     16 saverestore-support-check    fail   never pass
 test-amd64-amd64-libvirt-qcow2 14 migrate-support-check        fail never pass
 test-amd64-amd64-libvirt-raw 14 migrate-support-check        fail   never pass
 test-armhf-armhf-xl-credit2  15 migrate-support-check        fail   never pass
 test-armhf-armhf-xl-credit2  16 saverestore-support-check    fail   never pass
 test-arm64-arm64-libvirt-raw 14 migrate-support-check        fail   never pass
 test-arm64-arm64-libvirt-raw 15 saverestore-support-check    fail   never pass
 test-arm64-arm64-xl-vhd      14 migrate-support-check        fail   never pass
 test-arm64-arm64-xl-vhd      15 saverestore-support-check    fail   never pass
 test-armhf-armhf-libvirt-raw 14 migrate-support-check        fail   never pass
 test-armhf-armhf-libvirt-qcow2 14 migrate-support-check        fail never pass
 test-armhf-armhf-xl-credit1  15 migrate-support-check        fail   never pass
 test-armhf-armhf-xl-credit1  16 saverestore-support-check    fail   never pass
 test-armhf-armhf-libvirt     15 migrate-support-check        fail   never pass
 test-armhf-armhf-xl-vhd      14 migrate-support-check        fail   never pass
 test-armhf-armhf-xl-vhd      15 saverestore-support-check    fail   never pass

version targeted for testing:
 linux                3ca112b71f35dd5d99fc4571a56b5fc6f0c15814
baseline version:
 linux                89cdf9d556016a54ff6ddd62324aa5ec790c05cc

Last test of basis   183728  2023-11-10 06:14:27 Z    1 days
Failing since        183730  2023-11-10 19:13:44 Z    0 days    2 attempts
Testing same since   183731  2023-11-11 01:42:28 Z    0 days    1 attempts

------------------------------------------------------------
People who touched revisions under test:
  Adrian Hunter <[email protected]>
  Alex Deucher <[email protected]>
  Alex Spataru <[email protected]>
  Alexander Koskovich <[email protected]>
  Alexander Mikhalitsyn <[email protected]>
  Alexandre Ghiti <[email protected]>
  Alvin Lee <[email protected]>
  Amit Kumar Mahapatra <[email protected]>
  Anders Roxell <[email protected]>
  Andreas Schwab <[email protected]>
  Andy Shevchenko <[email protected]>
  AngeloGioacchino Del Regno <[email protected]>
  Anthony Koo <[email protected]>
  Anuj Gupta <[email protected]>
  Anup Patel <[email protected]>
  Aric Cyr <[email protected]>
  Arnd Bergmann <[email protected]>
  Arınç ÜNAL <[email protected]>
  Asad Kamal <[email protected]>
  Bean Huo <[email protected]>
  Bjorn Helgaas <[email protected]>
  Björn Töpel <[email protected]>
  Bragatheswaran Manickavel <[email protected]>
  Catalin Marinas <[email protected]>
  Chaitanya Dhere <[email protected]>
  Chaitanya Kumar Borah <[email protected]>
  Charlie Jenkins <[email protected]>
  Christian Brauner <[email protected]>
  Christian König <[email protected]>
  Christoph Hellwig <[email protected]>
  Christophe JAILLET <[email protected]>
  ChunTao Tso <[email protected]>
  Clément Léger <[email protected]>
  Conor Dooley <[email protected]>
  Damien Le Moal <[email protected]>
  Dan Carpenter <[email protected]>
  Daniel Miess <[email protected]>
  Daniel Vetter <[email protected]>
  Daniel Wagner <[email protected]>
  Daniel Wheeler <[email protected]>
  David Lin <[email protected]>
  David Rau <[email protected]>
  David Yat Sin <[email protected]>
  Dennis Chan <[email protected]>
  Dominique Martinet <[email protected]>
  Douglas Anderson <[email protected]>
  Drew Fustini <[email protected]>
  Dylan Yudaken <[email protected]>
  Emil Renner Berthing <[email protected]>
  Emil Renner Berthing <[email protected]>
  Eric Biggers <[email protected]>
  Erik Kurzinger <[email protected]>
  Eugen Hristev <[email protected]>
  Evan Green <[email protected]>
  Fangzhi Zuo <[email protected]>
  Felix Kuehling <[email protected]>
  Florian Fainelli <[email protected]>
  Geert Uytterhoeven <[email protected]>
  George Shen <[email protected]>
  Greg Kroah-Hartman <[email protected]>
  Guenter Roeck <[email protected]>
  Guo Ren <[email protected]>
  Hannes Reinecke <[email protected]>
  Haorong Lu <[email protected]>
  Harshit Mogalapalli <[email protected]>
  Hawking Zhang <[email protected]>
  Helge Deller <[email protected]>
  Hersen Wu <[email protected]>
  Huacai Chen <[email protected]>
  Hunter Chasens <[email protected]>
  Ilkka Koskinen <[email protected]>
  Ilya Bakoulin <[email protected]>
  Ilya Dryomov <[email protected]>
  Jani Nikula <[email protected]>
  Jens Axboe <[email protected]>
  Jerome Brunet <[email protected]>
  Jia He <[email protected]>
  Jiadong Zhu <[email protected]>
  Jinyu Tang <[email protected]>
  JinZe.Xu <[email protected]>
  Jisheng Zhang <[email protected]>
  Joshua Aberback <[email protected]>
  José Pekkarinen <[email protected]>
  Kai-Heng Feng <[email protected]>
  Kailang Yang <[email protected]>
  Kanchan Joshi <[email protected]>
  Keguang Zhang <[email protected]>
  Keith Busch <[email protected]>
  Kenji Tomonaga <[email protected]>
  Kevin Brodsky <[email protected]>
  Kunwu Chan <[email protected]>
  Lad Prabhakar <[email protected]> #
  Lad Prabhakar <[email protected]> # On RZ/Five SMARC
  Lad Prabhakar <[email protected]> #On
  Le Ma <[email protected]>
  Li Lingfeng <[email protected]>
  Lijo Lazar <[email protected]>
  Linus Torvalds <[email protected]>
  Maarten Lankhorst <[email protected]>
  Marc Zyngier <[email protected]>
  Marielle Novastrider <[email protected]>
  Mario Limonciello <[email protected]>
  Mark Brown <[email protected]>
  Mark Hasemeyer <[email protected]>
  Mark O'Donovan <[email protected]>
  Mark Rutland <[email protected]>
  Masami Hiramatsu (Google) <[email protected]>
  Maxime Ripard <[email protected]>
  Mayuresh Chitale <[email protected]>
  Mika Kahola <[email protected]>
  Mikhail Gavrilov <[email protected]>
  Miquel Raynal <[email protected]>
  Nam Cao <[email protected]>
  Namjae Jeon <[email protected]>
  Nathan Chancellor <[email protected]>
  Nirmoy Das <[email protected]>
  Nitin Yadav <[email protected]>
  Ondrej Mosnacek <[email protected]>
  Ovidiu Bunea <[email protected]>
  Palmer Dabbelt <[email protected]>
  Paul Moore <[email protected]>
  Peter Lafreniere <[email protected]>
  Petr Tesarik <[email protected]>
  Petr Tesarik <[email protected]>
  Philipp Stanner <[email protected]>
  Radhey Shyam Pandey <[email protected]>
  Rafael Beims <[email protected]>
  Randy Dunlap <[email protected]> (v2)
  Rob Herring <[email protected]>
  Rodrigo Siqueira <[email protected]>
  Roman Li <[email protected]>
  Samuel Holland <[email protected]>
  Sergio Paracuellos <[email protected]>
  Shuming Fan <[email protected]>
  Simon Ser <[email protected]>
  Steve French <[email protected]>
  Sung Joon Kim <[email protected]>
  Surbhi Kakarya <[email protected]>
  Syed Saba Kareem <[email protected]>
  Taimur Hassan <[email protected]>
  Takashi Iwai <[email protected]>
  Tao Zhou <[email protected]>
  Thierry Reding <[email protected]>
  Thomas Bogendoerfer <[email protected]>
  Tiezhu Yang <[email protected]>
  Tim Huang <[email protected]>
  Tony Lindgren <[email protected]>
  Tvrtko Ursulin <[email protected]>
  Ulf Hansson <[email protected]>
  Uwe Kleine-König <[email protected]>
  Victor Lu <[email protected]>
  Victor Shih <[email protected]>
  Ville Syrjälä <[email protected]>
  Vitalii Torshyn <[email protected]>
  Vitaly Prosyak <[email protected]>
  Weidong Wang <[email protected]>
  Wenjing Liu <[email protected]>
  Will Deacon <[email protected]>
  Wolfram Sang <[email protected]>
  wuqiang.matt <[email protected]>
  Xiao Wang <[email protected]>
  Xiubo Li <[email protected]>
  Yang Wang <[email protected]>
  Ye Bin <[email protected]>
  Yihan Zhu <[email protected]>
  Yu Chien Peter Lin <[email protected]>
  Yu Kuai <[email protected]>
  Yujie Liu <[email protected]>
  Yunhui Cui <[email protected]>
  Zongmin Zhou <[email protected]>

jobs:
 build-amd64-xsm                                              pass    
 build-arm64-xsm                                              pass    
 build-i386-xsm                                               pass    
 build-amd64                                                  pass    
 build-arm64                                                  pass    
 build-armhf                                                  pass    
 build-i386                                                   pass    
 build-amd64-libvirt                                          pass    
 build-arm64-libvirt                                          pass    
 build-armhf-libvirt                                          pass    
 build-i386-libvirt                                           pass    
 build-amd64-pvops                                            pass    
 build-arm64-pvops                                            pass    
 build-armhf-pvops                                            pass    
 build-i386-pvops                                             pass    
 test-amd64-amd64-xl                                          pass    
 test-amd64-coresched-amd64-xl                                pass    
 test-arm64-arm64-xl                                          pass    
 test-armhf-armhf-xl                                          pass    
 test-amd64-amd64-libvirt-qemuu-debianhvm-amd64-xsm           pass    
 test-amd64-amd64-xl-qemut-stubdom-debianhvm-amd64-xsm        pass    
 test-amd64-amd64-xl-qemut-debianhvm-i386-xsm                 pass    
 test-amd64-amd64-xl-qemuu-debianhvm-i386-xsm                 pass    
 test-amd64-amd64-libvirt-xsm                                 pass    
 test-arm64-arm64-libvirt-xsm                                 pass    
 test-amd64-amd64-xl-xsm                                      pass    
 test-arm64-arm64-xl-xsm                                      pass    
 test-amd64-amd64-qemuu-nested-amd                            fail    
 test-amd64-amd64-xl-pvhv2-amd                                pass    
 test-amd64-amd64-dom0pvh-xl-amd                              pass    
 test-amd64-amd64-xl-qemut-debianhvm-amd64                    pass    
 test-amd64-amd64-xl-qemuu-debianhvm-amd64                    pass    
 test-amd64-amd64-freebsd11-amd64                             pass    
 test-amd64-amd64-freebsd12-amd64                             pass    
 test-amd64-amd64-xl-qemuu-ovmf-amd64                         pass    
 test-amd64-amd64-xl-qemut-win7-amd64                         fail    
 test-amd64-amd64-xl-qemuu-win7-amd64                         fail    
 test-amd64-amd64-xl-qemut-ws16-amd64                         fail    
 test-amd64-amd64-xl-qemuu-ws16-amd64                         fail    
 test-armhf-armhf-xl-arndale                                  pass    
 test-amd64-amd64-examine-bios                                pass    
 test-amd64-amd64-xl-credit1                                  pass    
 test-arm64-arm64-xl-credit1                                  pass    
 test-armhf-armhf-xl-credit1                                  pass    
 test-amd64-amd64-xl-credit2                                  pass    
 test-arm64-arm64-xl-credit2                                  pass    
 test-armhf-armhf-xl-credit2                                  pass    
 test-amd64-amd64-xl-qemuu-dmrestrict-amd64-dmrestrict        pass    
 test-amd64-amd64-examine                                     pass    
 test-arm64-arm64-examine                                     pass    
 test-armhf-armhf-examine                                     pass    
 test-amd64-amd64-qemuu-nested-intel                          pass    
 test-amd64-amd64-xl-pvhv2-intel                              pass    
 test-amd64-amd64-dom0pvh-xl-intel                            pass    
 test-amd64-amd64-libvirt                                     pass    
 test-armhf-armhf-libvirt                                     pass    
 test-amd64-amd64-xl-multivcpu                                pass    
 test-armhf-armhf-xl-multivcpu                                pass    
 test-amd64-amd64-pair                                        pass    
 test-amd64-amd64-libvirt-pair                                pass    
 test-amd64-amd64-xl-pvshim                                   pass    
 test-amd64-amd64-pygrub                                      pass    
 test-amd64-amd64-libvirt-qcow2                               pass    
 test-armhf-armhf-libvirt-qcow2                               pass    
 test-amd64-amd64-libvirt-raw                                 pass    
 test-arm64-arm64-libvirt-raw                                 pass    
 test-armhf-armhf-libvirt-raw                                 pass    
 test-amd64-amd64-xl-rtds                                     pass    
 test-armhf-armhf-xl-rtds                                     pass    
 test-amd64-amd64-xl-qemuu-debianhvm-amd64-shadow             pass    
 test-amd64-amd64-xl-shadow                                   pass    
 test-arm64-arm64-xl-thunderx                                 pass    
 test-amd64-amd64-examine-uefi                                pass    
 test-amd64-amd64-xl-vhd                                      pass    
 test-arm64-arm64-xl-vhd                                      pass    
 test-armhf-armhf-xl-vhd                                      pass    


------------------------------------------------------------
sg-report-flight on osstest.test-lab.xenproject.org
logs: /home/logs/logs
images: /home/logs/images

Logs, config files, etc. are available at
    http://logs.test-lab.xenproject.org/osstest/logs

Explanation of these reports, and of osstest in general, is at
    http://xenbits.xen.org/gitweb/?p=osstest.git;a=blob;f=README.email;hb=master
    http://xenbits.xen.org/gitweb/?p=osstest.git;a=blob;f=README;hb=master

Test harness code can be found at
    http://xenbits.xen.org/gitweb?p=osstest.git;a=summary


Pushing revision :

hint: The 'hooks/update' hook was ignored because it's not set as executable.
hint: You can disable this warning with `git config advice.ignoredHook false`.
hint: The 'hooks/post-receive' hook was ignored because it's not set as 
executable.
hint: You can disable this warning with `git config advice.ignoredHook false`.
hint: The 'hooks/post-update' hook was ignored because it's not set as 
executable.
hint: You can disable this warning with `git config advice.ignoredHook false`.
To xenbits.xen.org:/home/xen/git/linux-pvops.git
   89cdf9d55601..3ca112b71f35  3ca112b71f35dd5d99fc4571a56b5fc6f0c15814 -> 
tested/linux-linus

Reply via email to