flight 184129 linux-5.4 real [real] flight 184137 linux-5.4 real-retest [real] http://logs.test-lab.xenproject.org/osstest/logs/184129/ http://logs.test-lab.xenproject.org/osstest/logs/184137/
Failures :-/ but no regressions. Tests which are failing intermittently (not blocking): test-amd64-amd64-libvirt-vhd 8 xen-boot fail pass in 184137-retest test-armhf-armhf-xl-credit1 14 guest-start fail pass in 184137-retest test-armhf-armhf-xl-arndale 18 guest-start/debian.repeat fail pass in 184137-retest test-armhf-armhf-libvirt-raw 17 guest-start/debian.repeat fail pass in 184137-retest Tests which did not succeed, but are not blocking: test-armhf-armhf-xl-multivcpu 18 guest-start/debian.repeat fail blocked in 184035 test-armhf-armhf-xl-credit1 18 guest-start/debian.repeat fail in 184137 like 184035 test-amd64-amd64-libvirt-vhd 14 migrate-support-check fail in 184137 never pass test-armhf-armhf-xl-credit1 15 migrate-support-check fail in 184137 never pass test-armhf-armhf-xl-credit1 16 saverestore-support-check fail in 184137 never pass test-armhf-armhf-libvirt 16 saverestore-support-check fail like 184035 test-armhf-armhf-xl-rtds 18 guest-start/debian.repeat fail like 184035 test-amd64-amd64-xl-qemuu-win7-amd64 19 guest-stop fail like 184035 test-amd64-i386-xl-qemut-win7-amd64 19 guest-stop fail like 184035 test-amd64-i386-xl-qemuu-win7-amd64 19 guest-stop fail like 184035 test-amd64-amd64-xl-qemut-win7-amd64 19 guest-stop fail like 184035 test-armhf-armhf-xl-credit2 18 guest-start/debian.repeat fail like 184035 test-armhf-armhf-libvirt-qcow2 15 saverestore-support-check fail like 184035 test-amd64-amd64-xl-qemuu-ws16-amd64 19 guest-stop fail like 184035 test-amd64-amd64-xl-qemut-ws16-amd64 19 guest-stop fail like 184035 test-amd64-i386-xl-qemut-ws16-amd64 19 guest-stop fail like 184035 test-amd64-i386-xl-qemuu-ws16-amd64 19 guest-stop fail like 184035 test-armhf-armhf-libvirt-raw 15 saverestore-support-check fail like 184035 test-amd64-amd64-qemuu-nested-amd 20 debian-hvm-install/l1/l2 fail like 184035 test-arm64-arm64-xl-thunderx 15 migrate-support-check fail never pass test-arm64-arm64-xl-thunderx 16 saverestore-support-check fail never pass test-amd64-amd64-libvirt 15 migrate-support-check fail never pass test-amd64-i386-xl-pvshim 14 guest-start fail never pass test-amd64-i386-libvirt-xsm 15 migrate-support-check fail never pass test-amd64-i386-libvirt 15 migrate-support-check fail never pass test-amd64-amd64-libvirt-xsm 15 migrate-support-check fail never pass test-amd64-i386-libvirt-qemuu-debianhvm-amd64-xsm 13 migrate-support-check fail never pass test-arm64-arm64-xl 15 migrate-support-check fail never pass test-arm64-arm64-xl 16 saverestore-support-check fail never pass test-arm64-arm64-xl-credit1 15 migrate-support-check fail never pass test-arm64-arm64-libvirt-xsm 15 migrate-support-check fail never pass test-arm64-arm64-xl-credit2 15 migrate-support-check fail never pass test-arm64-arm64-xl-credit1 16 saverestore-support-check fail never pass test-arm64-arm64-xl-credit2 16 saverestore-support-check fail never pass test-arm64-arm64-libvirt-xsm 16 saverestore-support-check fail never pass test-arm64-arm64-xl-xsm 15 migrate-support-check fail never pass test-arm64-arm64-xl-xsm 16 saverestore-support-check fail never pass test-armhf-armhf-xl-multivcpu 15 migrate-support-check fail never pass test-armhf-armhf-xl-multivcpu 16 saverestore-support-check fail never pass test-armhf-armhf-xl-rtds 15 migrate-support-check fail never pass test-armhf-armhf-xl-rtds 16 saverestore-support-check fail never pass test-armhf-armhf-libvirt 15 migrate-support-check fail never pass test-amd64-amd64-libvirt-qemuu-debianhvm-amd64-xsm 13 migrate-support-check fail never pass test-armhf-armhf-xl-credit2 15 migrate-support-check fail never pass test-armhf-armhf-xl-credit2 16 saverestore-support-check fail never pass test-armhf-armhf-xl-arndale 15 migrate-support-check fail never pass test-armhf-armhf-xl-arndale 16 saverestore-support-check fail never pass test-armhf-armhf-xl 15 migrate-support-check fail never pass test-armhf-armhf-xl 16 saverestore-support-check fail never pass test-amd64-i386-libvirt-raw 14 migrate-support-check fail never pass test-arm64-arm64-libvirt-raw 14 migrate-support-check fail never pass test-arm64-arm64-libvirt-raw 15 saverestore-support-check fail never pass test-arm64-arm64-xl-vhd 14 migrate-support-check fail never pass test-arm64-arm64-xl-vhd 15 saverestore-support-check fail never pass test-armhf-armhf-libvirt-qcow2 14 migrate-support-check fail never pass test-armhf-armhf-xl-vhd 14 migrate-support-check fail never pass test-armhf-armhf-xl-vhd 15 saverestore-support-check fail never pass test-armhf-armhf-libvirt-raw 14 migrate-support-check fail never pass version targeted for testing: linux 16e6e107a688046df37976fb6d7310e886c8115d baseline version: linux 34244ed6219a9eab1ce2262dc3c2bf39a3789b8a Last test of basis 184035 2023-12-08 08:13:05 Z 6 days Testing same since 184129 2023-12-13 17:42:57 Z 0 days 1 attempts ------------------------------------------------------------ People who touched revisions under test: <[email protected]> Ahmed S. Darwish <[email protected]> Alex Deucher <[email protected]> Alex Pakhunov <[email protected]> Andrew Morton <[email protected]> AngeloGioacchino Del Regno <[email protected]> Anson Huang <[email protected]> Armin Wolf <[email protected]> Arnaldo Carvalho de Melo <[email protected]> Arnd Bergmann <[email protected]> Bartosz Golaszewski <[email protected]> Bjorn Helgaas <[email protected]> Bjorn Helgaas <[email protected]> # pci/msi.c Boerge Struempfel <[email protected]> Borislav Petkov (AMD) <[email protected]> Cameron Williams <[email protected]> Catalin Marinas <[email protected]> Claudio Imbrenda <[email protected]> Daniel Borkmann <[email protected]> Daniel Mack <[email protected]> David Howells <[email protected]> David S. Miller <[email protected]> Diana Craciun <[email protected]> Dinghao Liu <[email protected]> Eric Dumazet <[email protected]> Eugen Hristev <[email protected]> Florian Fainelli <[email protected]> Florian Westphal <[email protected]> Greg Kroah-Hartman <[email protected]> Gregory CLEMENT <[email protected]> Guenter Roeck <[email protected]> Harshit Mogalapalli <[email protected]> Heiner Kallweit <[email protected]> Ido Schimmel <[email protected]> Jakub Kicinski <[email protected]> Jason Zhang <[email protected]> Jens Axboe <[email protected]> Jijie Shao <[email protected]> Jiri Olsa <[email protected]> Joerg Roedel <[email protected]> John Fastabend <[email protected]> Jon Hunter <[email protected]> Jozsef Kadlecsik <[email protected]> Kalesh AP <[email protected]> Konstantin Aladyshev <[email protected]> Kunwu Chan <[email protected]> Lee Jones <[email protected]> Leon Romanovsky <[email protected]> Lina Iyer <[email protected]> Linux Kernel Functional Testing <[email protected]> Liu Tie <[email protected]> Lorenzo Pieralisi <[email protected]> Luca Ceresoli <[email protected]> Mark Brown <[email protected]> Martin Blumenstingl <[email protected]> Martin K. Petersen <[email protected]> Masahiro Yamada <[email protected]> Mukesh Ojha <[email protected]> Namhyung Kim <[email protected]> Neal Cardwell <[email protected]> Pablo Neira Ayuso <[email protected]> Paolo Abeni <[email protected]> Paulo Alcantara (SUSE) <[email protected]> Paulo Alcantara <[email protected]> Pavel Begunkov <[email protected]> Peter Zijlstra (Intel) <[email protected]> Peter Zijlstra <[email protected]> Petr Pavlu <[email protected]> Phil Sutter <[email protected]> Philipp Zabel <[email protected]> Randy Dunlap <[email protected]> RD Babiera <[email protected]> Rob Herring <[email protected]> Roland Hieber <[email protected]> Ronald Wahl <[email protected]> Ryusuke Konishi <[email protected]> Sasha Levin <[email protected]> Sebastian Andrzej Siewior <[email protected]> Selvin Xavier <[email protected]> Shawn Guo <[email protected]> Shigeru Yoshida <[email protected]> Shuah Khan <[email protected]> Simon Horman <[email protected]> # build-tested Steve French <[email protected]> Steven Rostedt (Google) <[email protected]> Sudip Mukherjee <[email protected]> Takashi Iwai <[email protected]> Thomas Gleixner <[email protected]> Thomas Reichinger <[email protected]> Tong Zhang <[email protected]> Ulf Hansson <[email protected]> Vincent Wong <[email protected]> Wenchao Chen <[email protected]> Yonglong Liu <[email protected]> YuanShang <[email protected]> jobs: build-amd64-xsm pass build-arm64-xsm pass build-i386-xsm pass build-amd64 pass build-arm64 pass build-armhf pass build-i386 pass build-amd64-libvirt pass build-arm64-libvirt pass build-armhf-libvirt pass build-i386-libvirt pass build-amd64-pvops pass build-arm64-pvops pass build-armhf-pvops pass build-i386-pvops pass test-amd64-amd64-xl pass test-amd64-coresched-amd64-xl pass test-arm64-arm64-xl pass test-armhf-armhf-xl pass test-amd64-i386-xl pass test-amd64-coresched-i386-xl pass test-amd64-amd64-libvirt-qemuu-debianhvm-amd64-xsm pass test-amd64-i386-libvirt-qemuu-debianhvm-amd64-xsm pass test-amd64-amd64-xl-qemut-stubdom-debianhvm-amd64-xsm pass test-amd64-i386-xl-qemut-stubdom-debianhvm-amd64-xsm pass test-amd64-amd64-xl-qemut-debianhvm-i386-xsm pass test-amd64-i386-xl-qemut-debianhvm-i386-xsm pass test-amd64-amd64-xl-qemuu-debianhvm-i386-xsm pass test-amd64-i386-xl-qemuu-debianhvm-i386-xsm pass test-amd64-amd64-libvirt-xsm pass test-arm64-arm64-libvirt-xsm pass test-amd64-i386-libvirt-xsm pass test-amd64-amd64-xl-xsm pass test-arm64-arm64-xl-xsm pass test-amd64-i386-xl-xsm pass test-amd64-amd64-qemuu-nested-amd fail test-amd64-amd64-xl-pvhv2-amd pass test-amd64-i386-qemut-rhel6hvm-amd pass test-amd64-i386-qemuu-rhel6hvm-amd pass test-amd64-amd64-dom0pvh-xl-amd pass test-amd64-amd64-xl-qemut-debianhvm-amd64 pass test-amd64-i386-xl-qemut-debianhvm-amd64 pass test-amd64-amd64-xl-qemuu-debianhvm-amd64 pass test-amd64-i386-xl-qemuu-debianhvm-amd64 pass test-amd64-i386-freebsd10-amd64 pass test-amd64-amd64-qemuu-freebsd11-amd64 pass test-amd64-amd64-qemuu-freebsd12-amd64 pass test-amd64-amd64-xl-qemuu-ovmf-amd64 pass test-amd64-i386-xl-qemuu-ovmf-amd64 pass test-amd64-amd64-xl-qemut-win7-amd64 fail test-amd64-i386-xl-qemut-win7-amd64 fail test-amd64-amd64-xl-qemuu-win7-amd64 fail test-amd64-i386-xl-qemuu-win7-amd64 fail test-amd64-amd64-xl-qemut-ws16-amd64 fail test-amd64-i386-xl-qemut-ws16-amd64 fail test-amd64-amd64-xl-qemuu-ws16-amd64 fail test-amd64-i386-xl-qemuu-ws16-amd64 fail test-armhf-armhf-xl-arndale fail test-amd64-amd64-examine-bios pass test-amd64-i386-examine-bios pass test-amd64-amd64-xl-credit1 pass test-arm64-arm64-xl-credit1 pass test-armhf-armhf-xl-credit1 fail test-amd64-amd64-xl-credit2 pass test-arm64-arm64-xl-credit2 pass test-armhf-armhf-xl-credit2 fail test-amd64-amd64-xl-qemuu-dmrestrict-amd64-dmrestrict pass test-amd64-i386-xl-qemuu-dmrestrict-amd64-dmrestrict pass test-amd64-amd64-examine pass test-arm64-arm64-examine pass test-armhf-armhf-examine pass test-amd64-i386-examine pass test-amd64-i386-freebsd10-i386 pass test-amd64-amd64-qemuu-nested-intel pass test-amd64-amd64-xl-pvhv2-intel pass test-amd64-i386-qemut-rhel6hvm-intel pass test-amd64-i386-qemuu-rhel6hvm-intel pass test-amd64-amd64-dom0pvh-xl-intel pass test-amd64-amd64-libvirt pass test-armhf-armhf-libvirt pass test-amd64-i386-libvirt pass test-amd64-amd64-xl-multivcpu pass test-armhf-armhf-xl-multivcpu fail test-amd64-amd64-pair pass test-amd64-i386-pair pass test-amd64-amd64-libvirt-pair pass test-amd64-i386-libvirt-pair pass test-amd64-amd64-xl-pvshim pass test-amd64-i386-xl-pvshim fail test-amd64-amd64-pygrub pass test-armhf-armhf-libvirt-qcow2 pass test-amd64-amd64-xl-qcow2 pass test-arm64-arm64-libvirt-raw pass test-armhf-armhf-libvirt-raw fail test-amd64-i386-libvirt-raw pass test-amd64-amd64-xl-rtds pass test-armhf-armhf-xl-rtds fail test-amd64-amd64-xl-qemuu-debianhvm-amd64-shadow pass test-amd64-i386-xl-qemuu-debianhvm-amd64-shadow pass test-amd64-amd64-xl-shadow pass test-amd64-i386-xl-shadow pass test-arm64-arm64-xl-thunderx pass test-amd64-amd64-examine-uefi pass test-amd64-i386-examine-uefi pass test-amd64-amd64-libvirt-vhd fail test-arm64-arm64-xl-vhd pass test-armhf-armhf-xl-vhd pass test-amd64-i386-xl-vhd pass ------------------------------------------------------------ sg-report-flight on osstest.test-lab.xenproject.org logs: /home/logs/logs images: /home/logs/images Logs, config files, etc. are available at http://logs.test-lab.xenproject.org/osstest/logs Explanation of these reports, and of osstest in general, is at http://xenbits.xen.org/gitweb/?p=osstest.git;a=blob;f=README.email;hb=master http://xenbits.xen.org/gitweb/?p=osstest.git;a=blob;f=README;hb=master Test harness code can be found at http://xenbits.xen.org/gitweb?p=osstest.git;a=summary Pushing revision : hint: The 'hooks/update' hook was ignored because it's not set as executable. hint: You can disable this warning with `git config advice.ignoredHook false`. hint: The 'hooks/post-receive' hook was ignored because it's not set as executable. hint: You can disable this warning with `git config advice.ignoredHook false`. hint: The 'hooks/post-update' hook was ignored because it's not set as executable. hint: You can disable this warning with `git config advice.ignoredHook false`. To xenbits.xen.org:/home/xen/git/linux-pvops.git 34244ed6219a..16e6e107a688 16e6e107a688046df37976fb6d7310e886c8115d -> tested/linux-5.4
