flight 184206 linux-linus real [real]
flight 184211 linux-linus real-retest [real]
http://logs.test-lab.xenproject.org/osstest/logs/184206/
http://logs.test-lab.xenproject.org/osstest/logs/184211/

Failures :-/ but no regressions.

Tests which are failing intermittently (not blocking):
 test-armhf-armhf-libvirt-qcow2 10 host-ping-check-xen fail pass in 
184211-retest

Tests which did not succeed, but are not blocking:
 test-armhf-armhf-libvirt-qcow2 15 saverestore-support-check fail in 184211 
like 184201
 test-armhf-armhf-libvirt-qcow2 14 migrate-support-check fail in 184211 never 
pass
 test-amd64-amd64-xl-qemut-win7-amd64 19 guest-stop            fail like 184201
 test-amd64-amd64-xl-qemuu-win7-amd64 19 guest-stop            fail like 184201
 test-amd64-amd64-xl-qemuu-ws16-amd64 19 guest-stop            fail like 184201
 test-armhf-armhf-libvirt     16 saverestore-support-check    fail  like 184201
 test-amd64-amd64-xl-qemut-ws16-amd64 19 guest-stop            fail like 184201
 test-armhf-armhf-libvirt-raw 15 saverestore-support-check    fail  like 184201
 test-amd64-amd64-qemuu-nested-amd 20 debian-hvm-install/l1/l2 fail like 184201
 test-amd64-amd64-libvirt     15 migrate-support-check        fail   never pass
 test-amd64-amd64-libvirt-xsm 15 migrate-support-check        fail   never pass
 test-arm64-arm64-libvirt-xsm 15 migrate-support-check        fail   never pass
 test-arm64-arm64-xl-thunderx 15 migrate-support-check        fail   never pass
 test-arm64-arm64-libvirt-xsm 16 saverestore-support-check    fail   never pass
 test-arm64-arm64-xl-thunderx 16 saverestore-support-check    fail   never pass
 test-arm64-arm64-xl          15 migrate-support-check        fail   never pass
 test-arm64-arm64-xl          16 saverestore-support-check    fail   never pass
 test-arm64-arm64-xl-credit2  15 migrate-support-check        fail   never pass
 test-arm64-arm64-xl-credit2  16 saverestore-support-check    fail   never pass
 test-armhf-armhf-xl          15 migrate-support-check        fail   never pass
 test-armhf-armhf-xl          16 saverestore-support-check    fail   never pass
 test-armhf-armhf-xl-rtds     15 migrate-support-check        fail   never pass
 test-armhf-armhf-xl-rtds     16 saverestore-support-check    fail   never pass
 test-armhf-armhf-xl-arndale  15 migrate-support-check        fail   never pass
 test-armhf-armhf-xl-arndale  16 saverestore-support-check    fail   never pass
 test-armhf-armhf-xl-credit1  15 migrate-support-check        fail   never pass
 test-armhf-armhf-xl-credit1  16 saverestore-support-check    fail   never pass
 test-arm64-arm64-xl-credit1  15 migrate-support-check        fail   never pass
 test-arm64-arm64-xl-credit1  16 saverestore-support-check    fail   never pass
 test-arm64-arm64-xl-xsm      15 migrate-support-check        fail   never pass
 test-arm64-arm64-xl-xsm      16 saverestore-support-check    fail   never pass
 test-amd64-amd64-libvirt-qcow2 14 migrate-support-check        fail never pass
 test-amd64-amd64-libvirt-raw 14 migrate-support-check        fail   never pass
 test-arm64-arm64-libvirt-raw 14 migrate-support-check        fail   never pass
 test-arm64-arm64-libvirt-raw 15 saverestore-support-check    fail   never pass
 test-arm64-arm64-xl-vhd      14 migrate-support-check        fail   never pass
 test-arm64-arm64-xl-vhd      15 saverestore-support-check    fail   never pass
 test-amd64-amd64-libvirt-qemuu-debianhvm-amd64-xsm 13 migrate-support-check 
fail never pass
 test-armhf-armhf-xl-vhd      14 migrate-support-check        fail   never pass
 test-armhf-armhf-xl-vhd      15 saverestore-support-check    fail   never pass
 test-armhf-armhf-xl-multivcpu 15 migrate-support-check        fail  never pass
 test-armhf-armhf-xl-multivcpu 16 saverestore-support-check    fail  never pass
 test-armhf-armhf-libvirt     15 migrate-support-check        fail   never pass
 test-armhf-armhf-xl-credit2  15 migrate-support-check        fail   never pass
 test-armhf-armhf-xl-credit2  16 saverestore-support-check    fail   never pass
 test-armhf-armhf-libvirt-raw 14 migrate-support-check        fail   never pass

version targeted for testing:
 linux                9a6b294ab496650e9f270123730df37030911b55
baseline version:
 linux                a4aebe936554dac6a91e5d091179c934f8325708

Last test of basis   184201  2023-12-21 08:46:02 Z    1 days
Testing same since   184206  2023-12-21 22:43:55 Z    0 days    1 attempts

------------------------------------------------------------
People who touched revisions under test:
  Alex Lu <[email protected]>
  Alexander Graf <[email protected]>
  Andrii Nakryiko <[email protected]>
  Andy Gospodarek <[email protected]>
  Arnd Bergmann <[email protected]>
  Avraham Stern <[email protected]>
  Carolina Jubran <[email protected]>
  Chandan Kumar Rout <[email protected]> (A Contingent Worker at Intel)
  Chen-Yu Tsai <[email protected]>
  Chris Mi <[email protected]>
  Dan Carpenter <[email protected]>
  Daniel Golle <[email protected]>
  Dave Ertman <[email protected]>
  David Ahern <[email protected]>
  David Howells <[email protected]>
  David S. Miller <[email protected]>
  Dinghao Liu <[email protected]>
  duanqiangwen <[email protected]>
  Edward Adam Davis <[email protected]>
  Eric Dumazet <[email protected]>
  Felix Fietkau <[email protected]>
  Frédéric Danis <[email protected]>
  Geliang Tang <[email protected]>
  Hangbin Liu <[email protected]>
  Hou Tao <[email protected]>
  Hyunwoo Kim <[email protected]>
  Ivan Vecera <[email protected]>
  Jacob Keller <[email protected]>
  Jakub Kicinski <[email protected]>
  Jakub Sitnicki <[email protected]>
  Jamal Hadi Salim <[email protected]>
  Jianbo Liu <[email protected]>
  Jijie Shao <[email protected]>
  Jiri Olsa <[email protected]>
  Johannes Berg <[email protected]>
  John Fastabend <[email protected]>
  Kalle Valo <[email protected]>
  Lai Peter Jun Ann <[email protected]>
  Larysa Zaremba <[email protected]>
  Linus Torvalds <[email protected]>
  Liu Jian <[email protected]>
  Lorenzo Bianconi <[email protected]>
  Luiz Augusto von Dentz <[email protected]>
  Markus Suvanto <[email protected]>
  Martin KaFai Lau <[email protected]>
  Masami Hiramatsu (Google) <[email protected]>
  Matthew Wilcox (Oracle) <[email protected]>
  Matthieu Baerts <[email protected]>
  Max Chou <[email protected]>
  Michael Chan <[email protected]>
  Michal Schmidt <[email protected]>
  Miri Korenblit <[email protected]>
  Moshe Shemesh <[email protected]>
  Paolo Abeni <[email protected]>
  Pengfei Xu <[email protected]>
  Pucha Himasekhar Reddy <[email protected]> (A Contingent 
worker at Intel)
  Rafal Romanowski <[email protected]>
  Rahul Rameshbabu <[email protected]>
  Randy Dunlap <[email protected]>
  Ronald Wahl <[email protected]>
  Rouven Czerwinski <[email protected]>
  Saeed Mahameed <[email protected]>
  Seth Forshee <[email protected]>
  Shifeng Li <[email protected]>
  Shigeru Yoshida <[email protected]>
  Simon Horman <[email protected]> # build-tested
  Song Yoong Siang <[email protected]>
  Steven Rostedt (Google) <[email protected]>
  Suman Ghosh <[email protected]>
  Thomas Weißschuh <[email protected]>
  Tony Nguyen <[email protected]>
  Vlad Buslov <[email protected]>
  Vladimir Oltean <[email protected]>
  Xiao Yao <[email protected]>
  Ying Hsu <[email protected]>
  Yury Norov <[email protected]>
  Zhipeng Lu <[email protected]>

jobs:
 build-amd64-xsm                                              pass    
 build-arm64-xsm                                              pass    
 build-i386-xsm                                               pass    
 build-amd64                                                  pass    
 build-arm64                                                  pass    
 build-armhf                                                  pass    
 build-i386                                                   pass    
 build-amd64-libvirt                                          pass    
 build-arm64-libvirt                                          pass    
 build-armhf-libvirt                                          pass    
 build-i386-libvirt                                           pass    
 build-amd64-pvops                                            pass    
 build-arm64-pvops                                            pass    
 build-armhf-pvops                                            pass    
 build-i386-pvops                                             pass    
 test-amd64-amd64-xl                                          pass    
 test-amd64-coresched-amd64-xl                                pass    
 test-arm64-arm64-xl                                          pass    
 test-armhf-armhf-xl                                          pass    
 test-amd64-amd64-libvirt-qemuu-debianhvm-amd64-xsm           pass    
 test-amd64-amd64-xl-qemut-stubdom-debianhvm-amd64-xsm        pass    
 test-amd64-amd64-xl-qemut-debianhvm-i386-xsm                 pass    
 test-amd64-amd64-xl-qemuu-debianhvm-i386-xsm                 pass    
 test-amd64-amd64-libvirt-xsm                                 pass    
 test-arm64-arm64-libvirt-xsm                                 pass    
 test-amd64-amd64-xl-xsm                                      pass    
 test-arm64-arm64-xl-xsm                                      pass    
 test-amd64-amd64-qemuu-nested-amd                            fail    
 test-amd64-amd64-xl-pvhv2-amd                                pass    
 test-amd64-amd64-dom0pvh-xl-amd                              pass    
 test-amd64-amd64-xl-qemut-debianhvm-amd64                    pass    
 test-amd64-amd64-xl-qemuu-debianhvm-amd64                    pass    
 test-amd64-amd64-freebsd11-amd64                             pass    
 test-amd64-amd64-freebsd12-amd64                             pass    
 test-amd64-amd64-xl-qemuu-ovmf-amd64                         pass    
 test-amd64-amd64-xl-qemut-win7-amd64                         fail    
 test-amd64-amd64-xl-qemuu-win7-amd64                         fail    
 test-amd64-amd64-xl-qemut-ws16-amd64                         fail    
 test-amd64-amd64-xl-qemuu-ws16-amd64                         fail    
 test-armhf-armhf-xl-arndale                                  pass    
 test-amd64-amd64-examine-bios                                pass    
 test-amd64-amd64-xl-credit1                                  pass    
 test-arm64-arm64-xl-credit1                                  pass    
 test-armhf-armhf-xl-credit1                                  pass    
 test-amd64-amd64-xl-credit2                                  pass    
 test-arm64-arm64-xl-credit2                                  pass    
 test-armhf-armhf-xl-credit2                                  pass    
 test-amd64-amd64-xl-qemuu-dmrestrict-amd64-dmrestrict        pass    
 test-amd64-amd64-examine                                     pass    
 test-arm64-arm64-examine                                     pass    
 test-armhf-armhf-examine                                     pass    
 test-amd64-amd64-qemuu-nested-intel                          pass    
 test-amd64-amd64-xl-pvhv2-intel                              pass    
 test-amd64-amd64-dom0pvh-xl-intel                            pass    
 test-amd64-amd64-libvirt                                     pass    
 test-armhf-armhf-libvirt                                     pass    
 test-amd64-amd64-xl-multivcpu                                pass    
 test-armhf-armhf-xl-multivcpu                                pass    
 test-amd64-amd64-pair                                        pass    
 test-amd64-amd64-libvirt-pair                                pass    
 test-amd64-amd64-xl-pvshim                                   pass    
 test-amd64-amd64-pygrub                                      pass    
 test-amd64-amd64-libvirt-qcow2                               pass    
 test-armhf-armhf-libvirt-qcow2                               fail    
 test-amd64-amd64-libvirt-raw                                 pass    
 test-arm64-arm64-libvirt-raw                                 pass    
 test-armhf-armhf-libvirt-raw                                 pass    
 test-amd64-amd64-xl-rtds                                     pass    
 test-armhf-armhf-xl-rtds                                     pass    
 test-amd64-amd64-xl-qemuu-debianhvm-amd64-shadow             pass    
 test-amd64-amd64-xl-shadow                                   pass    
 test-arm64-arm64-xl-thunderx                                 pass    
 test-amd64-amd64-examine-uefi                                pass    
 test-amd64-amd64-xl-vhd                                      pass    
 test-arm64-arm64-xl-vhd                                      pass    
 test-armhf-armhf-xl-vhd                                      pass    


------------------------------------------------------------
sg-report-flight on osstest.test-lab.xenproject.org
logs: /home/logs/logs
images: /home/logs/images

Logs, config files, etc. are available at
    http://logs.test-lab.xenproject.org/osstest/logs

Explanation of these reports, and of osstest in general, is at
    http://xenbits.xen.org/gitweb/?p=osstest.git;a=blob;f=README.email;hb=master
    http://xenbits.xen.org/gitweb/?p=osstest.git;a=blob;f=README;hb=master

Test harness code can be found at
    http://xenbits.xen.org/gitweb?p=osstest.git;a=summary


Pushing revision :

hint: The 'hooks/update' hook was ignored because it's not set as executable.
hint: You can disable this warning with `git config advice.ignoredHook false`.
hint: The 'hooks/post-receive' hook was ignored because it's not set as 
executable.
hint: You can disable this warning with `git config advice.ignoredHook false`.
hint: The 'hooks/post-update' hook was ignored because it's not set as 
executable.
hint: You can disable this warning with `git config advice.ignoredHook false`.
To xenbits.xen.org:/home/xen/git/linux-pvops.git
   a4aebe936554..9a6b294ab496  9a6b294ab496650e9f270123730df37030911b55 -> 
tested/linux-linus

Reply via email to