flight 184410 linux-linus real [real]
flight 184412 linux-linus real-retest [real]
http://logs.test-lab.xenproject.org/osstest/logs/184410/
http://logs.test-lab.xenproject.org/osstest/logs/184412/

Failures :-/ but no regressions.

Tests which are failing intermittently (not blocking):
 test-armhf-armhf-libvirt     10 host-ping-check-xen fail pass in 184412-retest
 test-amd64-amd64-xl-multivcpu 22 guest-start/debian.repeat fail pass in 
184412-retest

Tests which did not succeed, but are not blocking:
 test-armhf-armhf-libvirt 16 saverestore-support-check fail in 184412 like 
184405
 test-armhf-armhf-libvirt    15 migrate-support-check fail in 184412 never pass
 test-amd64-amd64-xl-qemut-win7-amd64 19 guest-stop            fail like 184405
 test-amd64-amd64-xl-qemuu-win7-amd64 19 guest-stop            fail like 184405
 test-amd64-amd64-xl-qemuu-ws16-amd64 19 guest-stop            fail like 184405
 test-armhf-armhf-libvirt-raw 15 saverestore-support-check    fail  like 184405
 test-amd64-amd64-xl-qemut-ws16-amd64 19 guest-stop            fail like 184405
 test-armhf-armhf-libvirt-qcow2 15 saverestore-support-check   fail like 184405
 test-amd64-amd64-qemuu-nested-amd 20 debian-hvm-install/l1/l2 fail like 184405
 test-amd64-amd64-libvirt     15 migrate-support-check        fail   never pass
 test-amd64-amd64-libvirt-xsm 15 migrate-support-check        fail   never pass
 test-arm64-arm64-xl-thunderx 15 migrate-support-check        fail   never pass
 test-arm64-arm64-xl-thunderx 16 saverestore-support-check    fail   never pass
 test-arm64-arm64-xl-xsm      15 migrate-support-check        fail   never pass
 test-arm64-arm64-xl          15 migrate-support-check        fail   never pass
 test-arm64-arm64-xl          16 saverestore-support-check    fail   never pass
 test-arm64-arm64-xl-xsm      16 saverestore-support-check    fail   never pass
 test-arm64-arm64-libvirt-xsm 15 migrate-support-check        fail   never pass
 test-arm64-arm64-libvirt-xsm 16 saverestore-support-check    fail   never pass
 test-arm64-arm64-xl-credit2  15 migrate-support-check        fail   never pass
 test-arm64-arm64-xl-credit2  16 saverestore-support-check    fail   never pass
 test-arm64-arm64-xl-credit1  15 migrate-support-check        fail   never pass
 test-arm64-arm64-xl-credit1  16 saverestore-support-check    fail   never pass
 test-armhf-armhf-xl-arndale  15 migrate-support-check        fail   never pass
 test-armhf-armhf-xl-arndale  16 saverestore-support-check    fail   never pass
 test-amd64-amd64-libvirt-qemuu-debianhvm-amd64-xsm 13 migrate-support-check 
fail never pass
 test-armhf-armhf-xl-multivcpu 15 migrate-support-check        fail  never pass
 test-armhf-armhf-xl-multivcpu 16 saverestore-support-check    fail  never pass
 test-armhf-armhf-xl-rtds     15 migrate-support-check        fail   never pass
 test-armhf-armhf-xl-rtds     16 saverestore-support-check    fail   never pass
 test-arm64-arm64-libvirt-raw 14 migrate-support-check        fail   never pass
 test-arm64-arm64-libvirt-raw 15 saverestore-support-check    fail   never pass
 test-amd64-amd64-libvirt-raw 14 migrate-support-check        fail   never pass
 test-arm64-arm64-xl-vhd      14 migrate-support-check        fail   never pass
 test-arm64-arm64-xl-vhd      15 saverestore-support-check    fail   never pass
 test-armhf-armhf-libvirt-raw 14 migrate-support-check        fail   never pass
 test-armhf-armhf-xl-vhd      14 migrate-support-check        fail   never pass
 test-armhf-armhf-xl-vhd      15 saverestore-support-check    fail   never pass
 test-amd64-amd64-libvirt-qcow2 14 migrate-support-check        fail never pass
 test-armhf-armhf-xl          15 migrate-support-check        fail   never pass
 test-armhf-armhf-xl          16 saverestore-support-check    fail   never pass
 test-armhf-armhf-xl-credit1  15 migrate-support-check        fail   never pass
 test-armhf-armhf-xl-credit1  16 saverestore-support-check    fail   never pass
 test-armhf-armhf-xl-credit2  15 migrate-support-check        fail   never pass
 test-armhf-armhf-xl-credit2  16 saverestore-support-check    fail   never pass
 test-armhf-armhf-libvirt-qcow2 14 migrate-support-check        fail never pass

version targeted for testing:
 linux                9d64bf433c53cab2f48a3fff7a1f2a696bc5229a
baseline version:
 linux                556e2d17cae620d549c5474b1ece053430cd50bc

Last test of basis   184405  2024-01-19 18:44:05 Z    0 days
Testing same since   184410  2024-01-20 04:27:32 Z    0 days    1 attempts

------------------------------------------------------------
People who touched revisions under test:
  =?UTF-8?q?Thomas=20Hellstr=C3=B6m?= <[email protected]>
  Adrian Hunter <[email protected]>
  Ahelenia Ziemiańska <[email protected]>
  Alex Deucher <[email protected]>
  Alex Hung <[email protected]>
  Amadeusz Sławiński <[email protected]>
  Ammy Yi <[email protected]>
  Andrew Davis <[email protected]>
  AngeloGioacchino Del Regno <[email protected]>
  Ard Biesheuvel <[email protected]>
  Aric Cyr <[email protected]>
  Arnaldo Carvalho de Melo <[email protected]>
  Arnaldo Carvalho de Melo <[email protected]>
  Asmaa Mnebhi <[email protected]>
  Athira Jajeev <[email protected]>
  Athira Rajeev <[email protected]>
  Ben Gainey <[email protected]>
  Benjamin Gray <[email protected]>
  Bin Li <[email protected]>
  Binbin Zhou <[email protected]>
  Brian Welty <[email protected]>
  Candice Li <[email protected]>
  Chancel Liu <[email protected]>
  Charalampos Mitrodimas <[email protected]>
  Charlene Liu <[email protected]>
  Chengen Du <[email protected]>
  ChiYuan Huang <[email protected]>
  Christian König <[email protected]>
  Christophe JAILLET <[email protected]>
  Colin Ian King <[email protected]>
  Conor Dooley <[email protected]>
  Dafna Hirschfeld <[email protected]>
  Dan Carpenter <[email protected]>
  Daniel Miess <[email protected]>
  Daniel Wheeler <[email protected]>
  Dave Airlie <[email protected]>
  Dillon Varone <[email protected]>
  Dimitri John Ledkov <[email protected]>
  Disha Goel <[email protected]>
  Elliot Berman <[email protected]>
  Fedor Pchelkin <[email protected]>
  Felix Kuehling <[email protected]>
  Flora Cui <[email protected]>
  Gaosheng Cui <[email protected]>
  George Shen <[email protected]>
  Guo Ren <[email protected]>
  Hamza Mahfooz <[email protected]>
  Hawking Zhang <[email protected]>
  Hector Martin <[email protected]>
  Heiner Kallweit <[email protected]>
  Hengqi Chen <[email protected]>
  Hermes Zhang <[email protected]>
  Hongliang Wang <[email protected]>
  Huacai Chen <[email protected]>
  Ian Rogers <[email protected]>
  Ilkka Koskinen <[email protected]>
  Ilya Bakoulin <[email protected]>
  Ilya Leoshkevich <[email protected]>
  Ingo Molnar <[email protected]>
  Ingo Molnar <[email protected]>
  Inochi Amaoto <[email protected]>
  Ivan Lipski <[email protected]>
  James Clark <[email protected]>
  James Zhu <[email protected]>
  Jan Palus <[email protected]>
  Jani Nikula <[email protected]>
  Ji Sheng Teoh <[email protected]>
  JiaLong.Yang <[email protected]>
  Jiaxun Yang <[email protected]>
  Jing Zhang <[email protected]>
  Jiri Olsa <[email protected]>
  Johan Hovold <[email protected]>
  John Johansen <[email protected]>
  José Roberto de Souza <[email protected]>
  Kai Vehmanen <[email protected]>
  Kan Liang <[email protected]>
  Kees Cook <[email protected]>
  Konrad Dybcio <[email protected]>
  Krzysztof Kozlowski <[email protected]>
  Kuninori Morimoto <[email protected]>
  Kunwu Chan <[email protected]>
  Le Ma <[email protected]>
  Leo Yan <[email protected]>
  Lijo Lazar <[email protected]>
  Likhitha Korrapati <[email protected]>
  Likun Gao <[email protected]>
  Linus Torvalds <[email protected]>
  Luca Weiss <[email protected]>
  Lucas De Marchi <[email protected]>
  Ma Jun <[email protected]>
  Marc Zyngier <[email protected]>
  Marco Elver <[email protected]>
  Marek Vasut <[email protected]>
  Mark Brown <[email protected]>
  Mark Rutland <[email protected]>
  Martin Leung <[email protected]>
  Martin Tsai <[email protected]>
  Masami Hiramatsu (Google) <[email protected]>
  Matthew Brost <[email protected]>
  Meenakshikumar Somasundaram <[email protected]>
  Melissa Wen <[email protected]>
  Michal Simek <[email protected]>
  Miguel Ojeda <[email protected]>
  Namhyung Kim <[email protected]>
  Nathan Chancellor <[email protected]>
  Nicholas Kazlauskas <[email protected]>
  Nick Desaulniers <[email protected]>
  Nick Forrington <[email protected]>
  Nicolas Ferre <[email protected]>
  Nícolas F. R. A. Prado <[email protected]>
  Ori Messinger <[email protected]>
  Ovidiu Bunea <[email protected]>
  Palmer Dabbelt <[email protected]>
  Paran Lee <[email protected]>
  Paul E. McKenney <[email protected]>
  Peichen Huang <[email protected]>
  Peter Ujfalusi <[email protected]>
  Philip Yang <[email protected]>
  Rander Wang <[email protected]>
  Ravi Bangoria <[email protected]>
  Rob Herring <[email protected]>
  Robin Murphy <[email protected]>
  Rodrigo Siqueira <[email protected]>
  Rodrigo Vivi <[email protected]>
  Ruidong Tian <[email protected]>
  Sandipan Das <[email protected]>
  Sebastian Reichel <[email protected]>
  Shenghao Ding <[email protected]>
  Song Liu <[email protected]>
  Srinivasan Shanmugam <[email protected]>
  Stephen Rothwell <[email protected]>
  Su Hui <[email protected]>
  Sumanth Korikkar <[email protected]>
  Takashi Iwai <[email protected]>
  Thomas Hellström <[email protected]>
  Thomas Richter <[email protected]>
  Tiezhu Yang <[email protected]>
  Tudor Ambarus <[email protected]>
  Uwe Kleine-König <[email protected]>
  Veronika Molnarova <[email protected]>
  Victor Lu <[email protected]>
  Vinay Belgaumkar <[email protected]>
  WANG Rui <[email protected]>
  WANG Xuerui <[email protected]>
  Wayne Lin <[email protected]>
  Will Deacon <[email protected]>
  Xi Ruoyao <[email protected]>
  Yang Jihong <[email protected]>
  Yicong Yang <[email protected]>
  Yifan Zhang <[email protected]>
  Yo-Jung Lin <[email protected]>
  Youling Tang <[email protected]>
  zhaimingbing <[email protected]>
  zhujun2 <[email protected]>
  Çağhan Demir <[email protected]>

jobs:
 build-amd64-xsm                                              pass    
 build-arm64-xsm                                              pass    
 build-i386-xsm                                               pass    
 build-amd64                                                  pass    
 build-arm64                                                  pass    
 build-armhf                                                  pass    
 build-i386                                                   pass    
 build-amd64-libvirt                                          pass    
 build-arm64-libvirt                                          pass    
 build-armhf-libvirt                                          pass    
 build-i386-libvirt                                           pass    
 build-amd64-pvops                                            pass    
 build-arm64-pvops                                            pass    
 build-armhf-pvops                                            pass    
 build-i386-pvops                                             pass    
 test-amd64-amd64-xl                                          pass    
 test-amd64-coresched-amd64-xl                                pass    
 test-arm64-arm64-xl                                          pass    
 test-armhf-armhf-xl                                          pass    
 test-amd64-amd64-libvirt-qemuu-debianhvm-amd64-xsm           pass    
 test-amd64-amd64-xl-qemut-stubdom-debianhvm-amd64-xsm        pass    
 test-amd64-amd64-xl-qemut-debianhvm-i386-xsm                 pass    
 test-amd64-amd64-xl-qemuu-debianhvm-i386-xsm                 pass    
 test-amd64-amd64-libvirt-xsm                                 pass    
 test-arm64-arm64-libvirt-xsm                                 pass    
 test-amd64-amd64-xl-xsm                                      pass    
 test-arm64-arm64-xl-xsm                                      pass    
 test-amd64-amd64-qemuu-nested-amd                            fail    
 test-amd64-amd64-xl-pvhv2-amd                                pass    
 test-amd64-amd64-dom0pvh-xl-amd                              pass    
 test-amd64-amd64-xl-qemut-debianhvm-amd64                    pass    
 test-amd64-amd64-xl-qemuu-debianhvm-amd64                    pass    
 test-amd64-amd64-freebsd11-amd64                             pass    
 test-amd64-amd64-freebsd12-amd64                             pass    
 test-amd64-amd64-xl-qemuu-ovmf-amd64                         pass    
 test-amd64-amd64-xl-qemut-win7-amd64                         fail    
 test-amd64-amd64-xl-qemuu-win7-amd64                         fail    
 test-amd64-amd64-xl-qemut-ws16-amd64                         fail    
 test-amd64-amd64-xl-qemuu-ws16-amd64                         fail    
 test-armhf-armhf-xl-arndale                                  pass    
 test-amd64-amd64-examine-bios                                pass    
 test-amd64-amd64-xl-credit1                                  pass    
 test-arm64-arm64-xl-credit1                                  pass    
 test-armhf-armhf-xl-credit1                                  pass    
 test-amd64-amd64-xl-credit2                                  pass    
 test-arm64-arm64-xl-credit2                                  pass    
 test-armhf-armhf-xl-credit2                                  pass    
 test-amd64-amd64-xl-qemuu-dmrestrict-amd64-dmrestrict        pass    
 test-amd64-amd64-examine                                     pass    
 test-arm64-arm64-examine                                     pass    
 test-armhf-armhf-examine                                     pass    
 test-amd64-amd64-qemuu-nested-intel                          pass    
 test-amd64-amd64-xl-pvhv2-intel                              pass    
 test-amd64-amd64-dom0pvh-xl-intel                            pass    
 test-amd64-amd64-libvirt                                     pass    
 test-armhf-armhf-libvirt                                     fail    
 test-amd64-amd64-xl-multivcpu                                fail    
 test-armhf-armhf-xl-multivcpu                                pass    
 test-amd64-amd64-pair                                        pass    
 test-amd64-amd64-libvirt-pair                                pass    
 test-amd64-amd64-xl-pvshim                                   pass    
 test-amd64-amd64-pygrub                                      pass    
 test-amd64-amd64-libvirt-qcow2                               pass    
 test-armhf-armhf-libvirt-qcow2                               pass    
 test-amd64-amd64-libvirt-raw                                 pass    
 test-arm64-arm64-libvirt-raw                                 pass    
 test-armhf-armhf-libvirt-raw                                 pass    
 test-amd64-amd64-xl-rtds                                     pass    
 test-armhf-armhf-xl-rtds                                     pass    
 test-amd64-amd64-xl-qemuu-debianhvm-amd64-shadow             pass    
 test-amd64-amd64-xl-shadow                                   pass    
 test-arm64-arm64-xl-thunderx                                 pass    
 test-amd64-amd64-examine-uefi                                pass    
 test-amd64-amd64-xl-vhd                                      pass    
 test-arm64-arm64-xl-vhd                                      pass    
 test-armhf-armhf-xl-vhd                                      pass    


------------------------------------------------------------
sg-report-flight on osstest.test-lab.xenproject.org
logs: /home/logs/logs
images: /home/logs/images

Logs, config files, etc. are available at
    http://logs.test-lab.xenproject.org/osstest/logs

Explanation of these reports, and of osstest in general, is at
    http://xenbits.xen.org/gitweb/?p=osstest.git;a=blob;f=README.email;hb=master
    http://xenbits.xen.org/gitweb/?p=osstest.git;a=blob;f=README;hb=master

Test harness code can be found at
    http://xenbits.xen.org/gitweb?p=osstest.git;a=summary


Pushing revision :

hint: The 'hooks/update' hook was ignored because it's not set as executable.
hint: You can disable this warning with `git config advice.ignoredHook false`.
hint: The 'hooks/post-receive' hook was ignored because it's not set as 
executable.
hint: You can disable this warning with `git config advice.ignoredHook false`.
hint: The 'hooks/post-update' hook was ignored because it's not set as 
executable.
hint: You can disable this warning with `git config advice.ignoredHook false`.
To xenbits.xen.org:/home/xen/git/linux-pvops.git
   556e2d17cae6..9d64bf433c53  9d64bf433c53cab2f48a3fff7a1f2a696bc5229a -> 
tested/linux-linus

Reply via email to