flight 184416 linux-linus real [real]
flight 184417 linux-linus real-retest [real]
http://logs.test-lab.xenproject.org/osstest/logs/184416/
http://logs.test-lab.xenproject.org/osstest/logs/184417/

Failures :-/ but no regressions.

Tests which are failing intermittently (not blocking):
 test-armhf-armhf-xl-credit1  10 host-ping-check-xen fail pass in 184417-retest

Tests which did not succeed, but are not blocking:
 test-armhf-armhf-xl-credit1 15 migrate-support-check fail in 184417 never pass
 test-armhf-armhf-xl-credit1 16 saverestore-support-check fail in 184417 never 
pass
 test-armhf-armhf-libvirt     16 saverestore-support-check    fail  like 184413
 test-amd64-amd64-xl-qemut-win7-amd64 19 guest-stop            fail like 184413
 test-amd64-amd64-xl-qemuu-win7-amd64 19 guest-stop            fail like 184413
 test-amd64-amd64-xl-qemuu-ws16-amd64 19 guest-stop            fail like 184413
 test-armhf-armhf-libvirt-raw 15 saverestore-support-check    fail  like 184413
 test-amd64-amd64-xl-qemut-ws16-amd64 19 guest-stop            fail like 184413
 test-armhf-armhf-libvirt-qcow2 15 saverestore-support-check   fail like 184413
 test-amd64-amd64-qemuu-nested-amd 20 debian-hvm-install/l1/l2 fail like 184413
 test-amd64-amd64-libvirt     15 migrate-support-check        fail   never pass
 test-amd64-amd64-libvirt-xsm 15 migrate-support-check        fail   never pass
 test-arm64-arm64-xl-thunderx 15 migrate-support-check        fail   never pass
 test-arm64-arm64-xl-thunderx 16 saverestore-support-check    fail   never pass
 test-arm64-arm64-xl-xsm      15 migrate-support-check        fail   never pass
 test-arm64-arm64-xl-xsm      16 saverestore-support-check    fail   never pass
 test-arm64-arm64-xl          15 migrate-support-check        fail   never pass
 test-arm64-arm64-xl          16 saverestore-support-check    fail   never pass
 test-arm64-arm64-libvirt-xsm 15 migrate-support-check        fail   never pass
 test-arm64-arm64-libvirt-xsm 16 saverestore-support-check    fail   never pass
 test-arm64-arm64-xl-credit2  15 migrate-support-check        fail   never pass
 test-arm64-arm64-xl-credit2  16 saverestore-support-check    fail   never pass
 test-arm64-arm64-xl-credit1  15 migrate-support-check        fail   never pass
 test-arm64-arm64-xl-credit1  16 saverestore-support-check    fail   never pass
 test-armhf-armhf-xl-arndale  15 migrate-support-check        fail   never pass
 test-armhf-armhf-xl-arndale  16 saverestore-support-check    fail   never pass
 test-amd64-amd64-libvirt-qemuu-debianhvm-amd64-xsm 13 migrate-support-check 
fail never pass
 test-armhf-armhf-xl-multivcpu 15 migrate-support-check        fail  never pass
 test-armhf-armhf-xl-multivcpu 16 saverestore-support-check    fail  never pass
 test-armhf-armhf-libvirt     15 migrate-support-check        fail   never pass
 test-armhf-armhf-xl-rtds     15 migrate-support-check        fail   never pass
 test-armhf-armhf-xl-rtds     16 saverestore-support-check    fail   never pass
 test-arm64-arm64-libvirt-raw 14 migrate-support-check        fail   never pass
 test-arm64-arm64-libvirt-raw 15 saverestore-support-check    fail   never pass
 test-amd64-amd64-libvirt-raw 14 migrate-support-check        fail   never pass
 test-arm64-arm64-xl-vhd      14 migrate-support-check        fail   never pass
 test-arm64-arm64-xl-vhd      15 saverestore-support-check    fail   never pass
 test-armhf-armhf-libvirt-raw 14 migrate-support-check        fail   never pass
 test-armhf-armhf-xl-vhd      14 migrate-support-check        fail   never pass
 test-armhf-armhf-xl-vhd      15 saverestore-support-check    fail   never pass
 test-amd64-amd64-libvirt-qcow2 14 migrate-support-check        fail never pass
 test-armhf-armhf-xl          15 migrate-support-check        fail   never pass
 test-armhf-armhf-xl          16 saverestore-support-check    fail   never pass
 test-armhf-armhf-xl-credit2  15 migrate-support-check        fail   never pass
 test-armhf-armhf-xl-credit2  16 saverestore-support-check    fail   never pass
 test-armhf-armhf-libvirt-qcow2 14 migrate-support-check        fail never pass

version targeted for testing:
 linux                7a396820222d6d4c02057f41658b162bdcdadd0e
baseline version:
 linux                c25b24fa72c734f8cd6c31a13548013263b26286

Last test of basis   184413  2024-01-20 18:12:19 Z    0 days
Testing same since   184416  2024-01-21 02:31:55 Z    0 days    1 attempts

------------------------------------------------------------
People who touched revisions under test:
  Alexandre Ghiti <[email protected]>
  Amelie Delaunay <[email protected]>
  Amma Lee <[email protected]>
  Andrew Jones <[email protected]>
  Andy Chiu <[email protected]>
  Anup Patel <[email protected]>
  Ard Biesheuvel <[email protected]>
  Atish Patra <[email protected]>
  Aurelien Jarno <[email protected]>
  Binbin Zhou <[email protected]>
  Björn Töpel <[email protected]>
  Bryan Brattlof <[email protected]>
  Bumyong Lee <[email protected]>
  Charlie Jenkins <[email protected]>
  Christoph Müllner <[email protected]>
  Christophe JAILLET <[email protected]>
  Clément Léger <[email protected]>
  Colin Ian King <[email protected]>
  Conor Dooley <[email protected]>
  Daniel Henrique Barboza <[email protected]>
  Emil Renner Berthing <[email protected]>
  Evgenii Shatokhin <[email protected]>
  Frank Li <[email protected]>
  Greentime Hu <[email protected]>
  Greg Kroah-Hartman <[email protected]>
  Guo Ren <[email protected]>
  Guo Ren <[email protected]>
  Han-Kuan Chen <[email protected]>
  Hector Martin <[email protected]>
  Jan Kuliga <[email protected]>
  Jerry Shih <[email protected]>
  Jisheng Zhang <[email protected]>
  Jisheng Zhang <[email protected]> # Tested on TH1520
  Julia Lawall <[email protected]>
  Krzysztof Kozlowski <[email protected]>
  Lad Prabhakar <[email protected]>
  Li Zhijian <[email protected]>
  Lijun Pan <[email protected]>
  Linus Torvalds <[email protected]>
  Lizhi Hou <[email protected]>
  Martin Povišer <[email protected]>
  Masahiro Yamada <[email protected]>
  Maxim Kochetkov <[email protected]>
  Miquel Raynal <[email protected]>
  Mohan Kumar <[email protected]>
  Nam Cao <[email protected]>
  Nathan Chancellor <[email protected]>
  Neil Armstrong <[email protected]>
  Nick Knight <[email protected]>
  Palmer Dabbelt <[email protected]>
  Paul Cercueil <[email protected]>
  Paulo Alcantara <[email protected]>
  Randy Dunlap <[email protected]>
  Randy Dunlap <[email protected]> # build-tested
  Rex Zhang <[email protected]>
  Rob Herring <[email protected]>
  Samuel Holland <[email protected]>
  Samuel Ortiz <[email protected]>
  Shravan Chippa <[email protected]>
  Shyam Prasad N <[email protected]>
  Sibi Sankar <[email protected]>
  Song Shuai <[email protected]>
  Steve French <[email protected]>
  Uwe Kleine-König <[email protected]>
  Vaishnav Achath <[email protected]>
  Vignesh Raghavendra <[email protected]>
  Vincent Chen <[email protected]>
  Vinod Koul <[email protected]>
  Xiao Wang <[email protected]>
  Yingkun Meng <[email protected]>

jobs:
 build-amd64-xsm                                              pass    
 build-arm64-xsm                                              pass    
 build-i386-xsm                                               pass    
 build-amd64                                                  pass    
 build-arm64                                                  pass    
 build-armhf                                                  pass    
 build-i386                                                   pass    
 build-amd64-libvirt                                          pass    
 build-arm64-libvirt                                          pass    
 build-armhf-libvirt                                          pass    
 build-i386-libvirt                                           pass    
 build-amd64-pvops                                            pass    
 build-arm64-pvops                                            pass    
 build-armhf-pvops                                            pass    
 build-i386-pvops                                             pass    
 test-amd64-amd64-xl                                          pass    
 test-amd64-coresched-amd64-xl                                pass    
 test-arm64-arm64-xl                                          pass    
 test-armhf-armhf-xl                                          pass    
 test-amd64-amd64-libvirt-qemuu-debianhvm-amd64-xsm           pass    
 test-amd64-amd64-xl-qemut-stubdom-debianhvm-amd64-xsm        pass    
 test-amd64-amd64-xl-qemut-debianhvm-i386-xsm                 pass    
 test-amd64-amd64-xl-qemuu-debianhvm-i386-xsm                 pass    
 test-amd64-amd64-libvirt-xsm                                 pass    
 test-arm64-arm64-libvirt-xsm                                 pass    
 test-amd64-amd64-xl-xsm                                      pass    
 test-arm64-arm64-xl-xsm                                      pass    
 test-amd64-amd64-qemuu-nested-amd                            fail    
 test-amd64-amd64-xl-pvhv2-amd                                pass    
 test-amd64-amd64-dom0pvh-xl-amd                              pass    
 test-amd64-amd64-xl-qemut-debianhvm-amd64                    pass    
 test-amd64-amd64-xl-qemuu-debianhvm-amd64                    pass    
 test-amd64-amd64-freebsd11-amd64                             pass    
 test-amd64-amd64-freebsd12-amd64                             pass    
 test-amd64-amd64-xl-qemuu-ovmf-amd64                         pass    
 test-amd64-amd64-xl-qemut-win7-amd64                         fail    
 test-amd64-amd64-xl-qemuu-win7-amd64                         fail    
 test-amd64-amd64-xl-qemut-ws16-amd64                         fail    
 test-amd64-amd64-xl-qemuu-ws16-amd64                         fail    
 test-armhf-armhf-xl-arndale                                  pass    
 test-amd64-amd64-examine-bios                                pass    
 test-amd64-amd64-xl-credit1                                  pass    
 test-arm64-arm64-xl-credit1                                  pass    
 test-armhf-armhf-xl-credit1                                  fail    
 test-amd64-amd64-xl-credit2                                  pass    
 test-arm64-arm64-xl-credit2                                  pass    
 test-armhf-armhf-xl-credit2                                  pass    
 test-amd64-amd64-xl-qemuu-dmrestrict-amd64-dmrestrict        pass    
 test-amd64-amd64-examine                                     pass    
 test-arm64-arm64-examine                                     pass    
 test-armhf-armhf-examine                                     pass    
 test-amd64-amd64-qemuu-nested-intel                          pass    
 test-amd64-amd64-xl-pvhv2-intel                              pass    
 test-amd64-amd64-dom0pvh-xl-intel                            pass    
 test-amd64-amd64-libvirt                                     pass    
 test-armhf-armhf-libvirt                                     pass    
 test-amd64-amd64-xl-multivcpu                                pass    
 test-armhf-armhf-xl-multivcpu                                pass    
 test-amd64-amd64-pair                                        pass    
 test-amd64-amd64-libvirt-pair                                pass    
 test-amd64-amd64-xl-pvshim                                   pass    
 test-amd64-amd64-pygrub                                      pass    
 test-amd64-amd64-libvirt-qcow2                               pass    
 test-armhf-armhf-libvirt-qcow2                               pass    
 test-amd64-amd64-libvirt-raw                                 pass    
 test-arm64-arm64-libvirt-raw                                 pass    
 test-armhf-armhf-libvirt-raw                                 pass    
 test-amd64-amd64-xl-rtds                                     pass    
 test-armhf-armhf-xl-rtds                                     pass    
 test-amd64-amd64-xl-qemuu-debianhvm-amd64-shadow             pass    
 test-amd64-amd64-xl-shadow                                   pass    
 test-arm64-arm64-xl-thunderx                                 pass    
 test-amd64-amd64-examine-uefi                                pass    
 test-amd64-amd64-xl-vhd                                      pass    
 test-arm64-arm64-xl-vhd                                      pass    
 test-armhf-armhf-xl-vhd                                      pass    


------------------------------------------------------------
sg-report-flight on osstest.test-lab.xenproject.org
logs: /home/logs/logs
images: /home/logs/images

Logs, config files, etc. are available at
    http://logs.test-lab.xenproject.org/osstest/logs

Explanation of these reports, and of osstest in general, is at
    http://xenbits.xen.org/gitweb/?p=osstest.git;a=blob;f=README.email;hb=master
    http://xenbits.xen.org/gitweb/?p=osstest.git;a=blob;f=README;hb=master

Test harness code can be found at
    http://xenbits.xen.org/gitweb?p=osstest.git;a=summary


Pushing revision :

hint: The 'hooks/update' hook was ignored because it's not set as executable.
hint: You can disable this warning with `git config advice.ignoredHook false`.
hint: The 'hooks/post-receive' hook was ignored because it's not set as 
executable.
hint: You can disable this warning with `git config advice.ignoredHook false`.
hint: The 'hooks/post-update' hook was ignored because it's not set as 
executable.
hint: You can disable this warning with `git config advice.ignoredHook false`.
To xenbits.xen.org:/home/xen/git/linux-pvops.git
   c25b24fa72c7..7a396820222d  7a396820222d6d4c02057f41658b162bdcdadd0e -> 
tested/linux-linus

Reply via email to