flight 184474 linux-linus real [real]
flight 184485 linux-linus real-retest [real]
http://logs.test-lab.xenproject.org/osstest/logs/184474/
http://logs.test-lab.xenproject.org/osstest/logs/184485/

Failures :-/ but no regressions.

Tests which are failing intermittently (not blocking):
 test-amd64-amd64-dom0pvh-xl-amd 14 guest-start      fail pass in 184485-retest

Tests which did not succeed, but are not blocking:
 test-amd64-amd64-xl-qemut-win7-amd64 19 guest-stop            fail like 184465
 test-amd64-amd64-xl-qemuu-win7-amd64 19 guest-stop            fail like 184465
 test-amd64-amd64-xl-qemuu-ws16-amd64 19 guest-stop            fail like 184465
 test-armhf-armhf-libvirt-qcow2 15 saverestore-support-check   fail like 184465
 test-armhf-armhf-libvirt-raw 15 saverestore-support-check    fail  like 184465
 test-armhf-armhf-libvirt     16 saverestore-support-check    fail  like 184465
 test-amd64-amd64-xl-qemut-ws16-amd64 19 guest-stop            fail like 184465
 test-amd64-amd64-qemuu-nested-amd 20 debian-hvm-install/l1/l2 fail like 184465
 test-amd64-amd64-libvirt-xsm 15 migrate-support-check        fail   never pass
 test-amd64-amd64-libvirt     15 migrate-support-check        fail   never pass
 test-arm64-arm64-xl          15 migrate-support-check        fail   never pass
 test-arm64-arm64-xl          16 saverestore-support-check    fail   never pass
 test-arm64-arm64-xl-thunderx 15 migrate-support-check        fail   never pass
 test-arm64-arm64-xl-thunderx 16 saverestore-support-check    fail   never pass
 test-arm64-arm64-xl-credit2  15 migrate-support-check        fail   never pass
 test-arm64-arm64-xl-credit2  16 saverestore-support-check    fail   never pass
 test-arm64-arm64-libvirt-xsm 15 migrate-support-check        fail   never pass
 test-arm64-arm64-libvirt-xsm 16 saverestore-support-check    fail   never pass
 test-arm64-arm64-xl-credit1  15 migrate-support-check        fail   never pass
 test-arm64-arm64-xl-xsm      15 migrate-support-check        fail   never pass
 test-arm64-arm64-xl-credit1  16 saverestore-support-check    fail   never pass
 test-arm64-arm64-xl-xsm      16 saverestore-support-check    fail   never pass
 test-amd64-amd64-libvirt-qemuu-debianhvm-amd64-xsm 13 migrate-support-check 
fail never pass
 test-armhf-armhf-xl-arndale  15 migrate-support-check        fail   never pass
 test-armhf-armhf-xl-arndale  16 saverestore-support-check    fail   never pass
 test-armhf-armhf-xl-rtds     15 migrate-support-check        fail   never pass
 test-armhf-armhf-xl-rtds     16 saverestore-support-check    fail   never pass
 test-armhf-armhf-xl-multivcpu 15 migrate-support-check        fail  never pass
 test-armhf-armhf-xl-multivcpu 16 saverestore-support-check    fail  never pass
 test-arm64-arm64-libvirt-raw 14 migrate-support-check        fail   never pass
 test-arm64-arm64-libvirt-raw 15 saverestore-support-check    fail   never pass
 test-amd64-amd64-libvirt-raw 14 migrate-support-check        fail   never pass
 test-arm64-arm64-xl-vhd      14 migrate-support-check        fail   never pass
 test-arm64-arm64-xl-vhd      15 saverestore-support-check    fail   never pass
 test-armhf-armhf-libvirt-qcow2 14 migrate-support-check        fail never pass
 test-armhf-armhf-libvirt-raw 14 migrate-support-check        fail   never pass
 test-amd64-amd64-libvirt-qcow2 14 migrate-support-check        fail never pass
 test-armhf-armhf-xl-vhd      14 migrate-support-check        fail   never pass
 test-armhf-armhf-xl-vhd      15 saverestore-support-check    fail   never pass
 test-armhf-armhf-xl          15 migrate-support-check        fail   never pass
 test-armhf-armhf-xl          16 saverestore-support-check    fail   never pass
 test-armhf-armhf-libvirt     15 migrate-support-check        fail   never pass
 test-armhf-armhf-xl-credit1  15 migrate-support-check        fail   never pass
 test-armhf-armhf-xl-credit1  16 saverestore-support-check    fail   never pass
 test-armhf-armhf-xl-credit2  15 migrate-support-check        fail   never pass
 test-armhf-armhf-xl-credit2  16 saverestore-support-check    fail   never pass

version targeted for testing:
 linux                ecb1b8288dc7ccbdcb3b9df005fa1c0e0c0388a7
baseline version:
 linux                6098d87eaf31f48153c984e2adadf14762520a87

Last test of basis   184465  2024-01-25 14:37:22 Z    1 days
Testing same since   184474  2024-01-26 07:24:13 Z    0 days    1 attempts

------------------------------------------------------------
People who touched revisions under test:
  Alexander Larsson <[email protected]>
  Alexei Starovoitov <[email protected]>
  Amir Goldstein <[email protected]>
  Arkadiusz Kubalewski <[email protected]>
  Aya Levin <[email protected]>
  Benjamin Berg <[email protected]>
  Benjamin Poirier <[email protected]>
  Bernd Edlinger <[email protected]>
  Björn Töpel <[email protected]>
  Björn Töpel <[email protected]>
  Breno Leitao <[email protected]>
  Christian Brauner <[email protected]>
  Christian Lamparter <[email protected]> # Tested with Dell 1450 USB
  Chuck Lever <[email protected]>
  Dan Carpenter <[email protected]>
  Daniel Borkmann <[email protected]>
  David Howells <[email protected]>
  David S. Miller <[email protected]>
  Dinghao Liu <[email protected]>
  Emmanuel Grumbach <[email protected]>
  Eric Dumazet <[email protected]>
  Felix Fietkau <[email protected]>
  Florian Fainelli <[email protected]>
  Florian Westphal <[email protected]>
  Frederic Weisbecker <[email protected]>
  Gabriel Somlo <[email protected]>
  George Guo <[email protected]>
  Gerhard Engleder <[email protected]>
  Hangbin Liu <[email protected]>
  Horatiu Vultur <[email protected]>
  Ido Schimmel <[email protected]>
  Jakub Kicinski <[email protected]>
  Jason Wang <[email protected]>
  Jay Vosburgh <[email protected]>
  Jeff Johnson <[email protected]>
  Jeff Layton <[email protected]>
  Jenishkumar Maheshbhai Patel <[email protected]>
  Johannes Berg <[email protected]>
  Kalle Valo <[email protected]>
  Kuniyuki Iwashima <[email protected]>
  Leon Romanovsky <[email protected]>
  Lin Ma <[email protected]>
  Linus Torvalds <[email protected]>
  Lucas Stach <[email protected]>
  Lukas Bulwahn <[email protected]>
  Maciej Fijalkowski <[email protected]>
  Magnus Karlsson <[email protected]>
  Magnus Karlsson <[email protected]> # For the xsk header part
  Michael Chan <[email protected]>
  Michael Kelley <[email protected]>
  Michal Kazior <[email protected]>
  Michal Schmidt <[email protected]>
  Miri Korenblit <[email protected]>
  Moshe Shemesh <[email protected]>
  Neeraj Upadhyay (AMD) <[email protected]>
  NeilBrown <[email protected]>
  Pablo Neira Ayuso <[email protected]>
  Paolo Abeni <[email protected]>
  Paul E. McKenney <[email protected]>
  Pu Lehui <[email protected]>
  Rahul Rameshbabu <[email protected]>
  Saeed Mahameed <[email protected]>
  Salvatore Dipietro <[email protected]>
  Sharath Srinivasan <[email protected]>
  Shenwei Wang <[email protected]>
  Tariq Toukan <[email protected]>
  Tirthendu Sarkar <[email protected]>
  Vadim Fedorenko <[email protected]>
  Vlad Buslov <[email protected]>
  Wen Gu <[email protected]>
  Yevgeny Kliteynik <[email protected]>
  Yishai Hadas <[email protected]>
  Yunjian Wang <[email protected]>
  Zhengchao Shao <[email protected]>
  Zhipeng Lu <[email protected]>

jobs:
 build-amd64-xsm                                              pass    
 build-arm64-xsm                                              pass    
 build-i386-xsm                                               pass    
 build-amd64                                                  pass    
 build-arm64                                                  pass    
 build-armhf                                                  pass    
 build-i386                                                   pass    
 build-amd64-libvirt                                          pass    
 build-arm64-libvirt                                          pass    
 build-armhf-libvirt                                          pass    
 build-i386-libvirt                                           pass    
 build-amd64-pvops                                            pass    
 build-arm64-pvops                                            pass    
 build-armhf-pvops                                            pass    
 build-i386-pvops                                             pass    
 test-amd64-amd64-xl                                          pass    
 test-amd64-coresched-amd64-xl                                pass    
 test-arm64-arm64-xl                                          pass    
 test-armhf-armhf-xl                                          pass    
 test-amd64-amd64-libvirt-qemuu-debianhvm-amd64-xsm           pass    
 test-amd64-amd64-xl-qemut-stubdom-debianhvm-amd64-xsm        pass    
 test-amd64-amd64-xl-qemut-debianhvm-i386-xsm                 pass    
 test-amd64-amd64-xl-qemuu-debianhvm-i386-xsm                 pass    
 test-amd64-amd64-libvirt-xsm                                 pass    
 test-arm64-arm64-libvirt-xsm                                 pass    
 test-amd64-amd64-xl-xsm                                      pass    
 test-arm64-arm64-xl-xsm                                      pass    
 test-amd64-amd64-qemuu-nested-amd                            fail    
 test-amd64-amd64-xl-pvhv2-amd                                pass    
 test-amd64-amd64-dom0pvh-xl-amd                              fail    
 test-amd64-amd64-xl-qemut-debianhvm-amd64                    pass    
 test-amd64-amd64-xl-qemuu-debianhvm-amd64                    pass    
 test-amd64-amd64-freebsd11-amd64                             pass    
 test-amd64-amd64-freebsd12-amd64                             pass    
 test-amd64-amd64-xl-qemuu-ovmf-amd64                         pass    
 test-amd64-amd64-xl-qemut-win7-amd64                         fail    
 test-amd64-amd64-xl-qemuu-win7-amd64                         fail    
 test-amd64-amd64-xl-qemut-ws16-amd64                         fail    
 test-amd64-amd64-xl-qemuu-ws16-amd64                         fail    
 test-armhf-armhf-xl-arndale                                  pass    
 test-amd64-amd64-examine-bios                                pass    
 test-amd64-amd64-xl-credit1                                  pass    
 test-arm64-arm64-xl-credit1                                  pass    
 test-armhf-armhf-xl-credit1                                  pass    
 test-amd64-amd64-xl-credit2                                  pass    
 test-arm64-arm64-xl-credit2                                  pass    
 test-armhf-armhf-xl-credit2                                  pass    
 test-amd64-amd64-xl-qemuu-dmrestrict-amd64-dmrestrict        pass    
 test-amd64-amd64-examine                                     pass    
 test-arm64-arm64-examine                                     pass    
 test-armhf-armhf-examine                                     pass    
 test-amd64-amd64-qemuu-nested-intel                          pass    
 test-amd64-amd64-xl-pvhv2-intel                              pass    
 test-amd64-amd64-dom0pvh-xl-intel                            pass    
 test-amd64-amd64-libvirt                                     pass    
 test-armhf-armhf-libvirt                                     pass    
 test-amd64-amd64-xl-multivcpu                                pass    
 test-armhf-armhf-xl-multivcpu                                pass    
 test-amd64-amd64-pair                                        pass    
 test-amd64-amd64-libvirt-pair                                pass    
 test-amd64-amd64-xl-pvshim                                   pass    
 test-amd64-amd64-pygrub                                      pass    
 test-amd64-amd64-libvirt-qcow2                               pass    
 test-armhf-armhf-libvirt-qcow2                               pass    
 test-amd64-amd64-libvirt-raw                                 pass    
 test-arm64-arm64-libvirt-raw                                 pass    
 test-armhf-armhf-libvirt-raw                                 pass    
 test-amd64-amd64-xl-rtds                                     pass    
 test-armhf-armhf-xl-rtds                                     pass    
 test-amd64-amd64-xl-qemuu-debianhvm-amd64-shadow             pass    
 test-amd64-amd64-xl-shadow                                   pass    
 test-arm64-arm64-xl-thunderx                                 pass    
 test-amd64-amd64-examine-uefi                                pass    
 test-amd64-amd64-xl-vhd                                      pass    
 test-arm64-arm64-xl-vhd                                      pass    
 test-armhf-armhf-xl-vhd                                      pass    


------------------------------------------------------------
sg-report-flight on osstest.test-lab.xenproject.org
logs: /home/logs/logs
images: /home/logs/images

Logs, config files, etc. are available at
    http://logs.test-lab.xenproject.org/osstest/logs

Explanation of these reports, and of osstest in general, is at
    http://xenbits.xen.org/gitweb/?p=osstest.git;a=blob;f=README.email;hb=master
    http://xenbits.xen.org/gitweb/?p=osstest.git;a=blob;f=README;hb=master

Test harness code can be found at
    http://xenbits.xen.org/gitweb?p=osstest.git;a=summary


Pushing revision :

hint: The 'hooks/update' hook was ignored because it's not set as executable.
hint: You can disable this warning with `git config advice.ignoredHook false`.
hint: The 'hooks/post-receive' hook was ignored because it's not set as 
executable.
hint: You can disable this warning with `git config advice.ignoredHook false`.
hint: The 'hooks/post-update' hook was ignored because it's not set as 
executable.
hint: You can disable this warning with `git config advice.ignoredHook false`.
To xenbits.xen.org:/home/xen/git/linux-pvops.git
   6098d87eaf31..ecb1b8288dc7  ecb1b8288dc7ccbdcb3b9df005fa1c0e0c0388a7 -> 
tested/linux-linus

Reply via email to