flight 184487 linux-linus real [real]
http://logs.test-lab.xenproject.org/osstest/logs/184487/

Failures :-/ but no regressions.

Tests which did not succeed, but are not blocking:
 test-amd64-amd64-xl-qemut-win7-amd64 19 guest-stop            fail like 184474
 test-amd64-amd64-xl-qemuu-win7-amd64 19 guest-stop            fail like 184474
 test-amd64-amd64-xl-qemuu-ws16-amd64 19 guest-stop            fail like 184474
 test-armhf-armhf-libvirt-raw 15 saverestore-support-check    fail  like 184474
 test-armhf-armhf-libvirt-qcow2 15 saverestore-support-check   fail like 184474
 test-armhf-armhf-libvirt     16 saverestore-support-check    fail  like 184474
 test-amd64-amd64-xl-qemut-ws16-amd64 19 guest-stop            fail like 184474
 test-amd64-amd64-qemuu-nested-amd 20 debian-hvm-install/l1/l2 fail like 184474
 test-amd64-amd64-libvirt-xsm 15 migrate-support-check        fail   never pass
 test-amd64-amd64-libvirt     15 migrate-support-check        fail   never pass
 test-arm64-arm64-xl          15 migrate-support-check        fail   never pass
 test-arm64-arm64-xl          16 saverestore-support-check    fail   never pass
 test-arm64-arm64-xl-thunderx 15 migrate-support-check        fail   never pass
 test-arm64-arm64-xl-thunderx 16 saverestore-support-check    fail   never pass
 test-arm64-arm64-xl-credit2  15 migrate-support-check        fail   never pass
 test-arm64-arm64-xl-credit2  16 saverestore-support-check    fail   never pass
 test-arm64-arm64-libvirt-xsm 15 migrate-support-check        fail   never pass
 test-arm64-arm64-libvirt-xsm 16 saverestore-support-check    fail   never pass
 test-arm64-arm64-xl-credit1  15 migrate-support-check        fail   never pass
 test-arm64-arm64-xl-xsm      15 migrate-support-check        fail   never pass
 test-arm64-arm64-xl-credit1  16 saverestore-support-check    fail   never pass
 test-arm64-arm64-xl-xsm      16 saverestore-support-check    fail   never pass
 test-amd64-amd64-libvirt-qemuu-debianhvm-amd64-xsm 13 migrate-support-check 
fail never pass
 test-armhf-armhf-xl-arndale  15 migrate-support-check        fail   never pass
 test-armhf-armhf-xl-arndale  16 saverestore-support-check    fail   never pass
 test-armhf-armhf-xl-rtds     15 migrate-support-check        fail   never pass
 test-armhf-armhf-xl-rtds     16 saverestore-support-check    fail   never pass
 test-armhf-armhf-xl-multivcpu 15 migrate-support-check        fail  never pass
 test-armhf-armhf-xl-multivcpu 16 saverestore-support-check    fail  never pass
 test-arm64-arm64-libvirt-raw 14 migrate-support-check        fail   never pass
 test-arm64-arm64-libvirt-raw 15 saverestore-support-check    fail   never pass
 test-amd64-amd64-libvirt-raw 14 migrate-support-check        fail   never pass
 test-arm64-arm64-xl-vhd      14 migrate-support-check        fail   never pass
 test-arm64-arm64-xl-vhd      15 saverestore-support-check    fail   never pass
 test-armhf-armhf-libvirt-raw 14 migrate-support-check        fail   never pass
 test-armhf-armhf-libvirt-qcow2 14 migrate-support-check        fail never pass
 test-amd64-amd64-libvirt-qcow2 14 migrate-support-check        fail never pass
 test-armhf-armhf-xl-vhd      14 migrate-support-check        fail   never pass
 test-armhf-armhf-xl-vhd      15 saverestore-support-check    fail   never pass
 test-armhf-armhf-xl          15 migrate-support-check        fail   never pass
 test-armhf-armhf-xl          16 saverestore-support-check    fail   never pass
 test-armhf-armhf-libvirt     15 migrate-support-check        fail   never pass
 test-armhf-armhf-xl-credit1  15 migrate-support-check        fail   never pass
 test-armhf-armhf-xl-credit1  16 saverestore-support-check    fail   never pass
 test-armhf-armhf-xl-credit2  15 migrate-support-check        fail   never pass
 test-armhf-armhf-xl-credit2  16 saverestore-support-check    fail   never pass

version targeted for testing:
 linux                3a5879d495b226d0404098e3564462d5f1daa33b
baseline version:
 linux                ecb1b8288dc7ccbdcb3b9df005fa1c0e0c0388a7

Last test of basis   184474  2024-01-26 07:24:13 Z    1 days
Testing same since   184487  2024-01-27 02:12:46 Z    0 days    1 attempts

------------------------------------------------------------
People who touched revisions under test:
  Alex Deucher <[email protected]>
  Alex Hung <[email protected]>
  Alexander Stein <[email protected]>
  Alvin Lee <[email protected]>
  Amit Kumar Mahapatra <[email protected]>
  Andreas Larsson <[email protected]>
  Arnd Bergmann <[email protected]>
  Artur Weber <[email protected]>
  Bagas Sanjaya <[email protected]>
  Bartosz Golaszewski <[email protected]>
  Benjamin Gaignard <[email protected]>
  Brandon Brnich <[email protected]>
  Charles Keepax <[email protected]>
  Chen Wang <[email protected]>
  Christian A. Ehrhardt <[email protected]>
  Christian König <[email protected]>
  ChunTao Tso <[email protected]>
  Chunyan Zhang <[email protected]>
  Conrad Kostecki <[email protected]>
  Cristian Marussi <[email protected]>
  Daniel Wheeler <[email protected]>
  Dave Airlie <[email protected]>
  David Lechner <[email protected]>
  Devyn Liu <[email protected]>
  Douglas Anderson <[email protected]>
  Fedor Pchelkin <[email protected]>
  Florian Fainelli <[email protected]>
  Gustavo Sousa <[email protected]>
  Hans Verkuil <[email protected]>
  Hawking Zhang <[email protected]>
  Heiko Stuebner <[email protected]>
  Himal Prasad Ghimiray <[email protected]>
  Hsin-Yi Wang <[email protected]>
  Hu Haowen <[email protected]>
  Inki Dae <[email protected]>
  Inochi Amaoto <[email protected]>
  Jacek Lawrynowicz <[email protected]>
  Jani Nikula <[email protected]>
  Jens Axboe <[email protected]>
  John Paul Adrian Glaubitz <[email protected]>
  Jonathan Corbet <[email protected]>
  Joonas Lahtinen <[email protected]>
  Jose E. Marchesi <[email protected]>
  Kamal Dasu <[email protected]>
  Kenneth Feng <[email protected]>
  Khaled Almahallawy <[email protected]>
  Krzysztof Kozlowski <[email protected]>
  Lennert Buytenhek <[email protected]>
  Li Lingfeng <[email protected]>
  Lijo Lazar <[email protected]>
  Linus Torvalds <[email protected]>
  Linus Walleij <[email protected]>
  Lucas De Marchi <[email protected]>
  Lukas Bulwahn <[email protected]>
  Lukas Wunner <[email protected]>
  Ma Jun <[email protected]>
  Maksim Kiselev <[email protected]>
  Mario Limonciello <[email protected]>
  Mark Broadworth <[email protected]>
  Mark Brown <[email protected]>
  Markus Niebel <[email protected]>
  Matt Roper <[email protected]>
  Matthew Brost <[email protected]>
  Maxime Ripard <[email protected]>
  Maxime Ripard <[email protected]>
  Maíra Canal <[email protected]>
  Michael Walle <[email protected]>
  Michał Winiarski <[email protected]>
  Mika Westerberg <[email protected]>
  Mikulas Patocka <[email protected]>
  Moti Haimovski <[email protected]>
  Neil Armstrong <[email protected]>
  Nicholas Kazlauskas <[email protected]>
  Niklas Cassel <[email protected]>
  Paul Moore <[email protected]>
  Pin-yen Lin <[email protected]>
  Rafael J. Wysocki <[email protected]>
  Rob Herring <[email protected]>
  Roman Li <[email protected]>
  Sam Ravnborg <[email protected]>
  Shuah Khan <[email protected]>
  Song Liu <[email protected]>
  Srinivas Pandruvada <[email protected]>
  Srinivasan Shanmugam <[email protected]>
  Stanislaw Gruszka <[email protected]>
  Stanley Chan <[email protected]>
  Sudeep Holla <[email protected]>
  Tanzir Hasan <[email protected]>
  Thomas Hellstrom <[email protected]>
  Thomas Hellström <[email protected]>
  Thomas Zimmermann <[email protected]>
  Tom St Denis <[email protected]>
  Tomasz Figa <[email protected]>
  Tomi Valkeinen <[email protected]>
  Tudor Ambarus <[email protected]>
  Umesh Nerlige Ramappa <[email protected]>
  Vegard Nossum <[email protected]>
  Ville Syrjälä <[email protected]>
  Vlastimil Babka <[email protected]>
  Wachowski, Karol <[email protected]>
  Wenhua Lin <[email protected]>
  Xinglong Yang <[email protected]>
  Xuxin Xiong <[email protected]>
  Yang Wang <[email protected]>
  Yangyu Chen <[email protected]>

jobs:
 build-amd64-xsm                                              pass    
 build-arm64-xsm                                              pass    
 build-i386-xsm                                               pass    
 build-amd64                                                  pass    
 build-arm64                                                  pass    
 build-armhf                                                  pass    
 build-i386                                                   pass    
 build-amd64-libvirt                                          pass    
 build-arm64-libvirt                                          pass    
 build-armhf-libvirt                                          pass    
 build-i386-libvirt                                           pass    
 build-amd64-pvops                                            pass    
 build-arm64-pvops                                            pass    
 build-armhf-pvops                                            pass    
 build-i386-pvops                                             pass    
 test-amd64-amd64-xl                                          pass    
 test-amd64-coresched-amd64-xl                                pass    
 test-arm64-arm64-xl                                          pass    
 test-armhf-armhf-xl                                          pass    
 test-amd64-amd64-libvirt-qemuu-debianhvm-amd64-xsm           pass    
 test-amd64-amd64-xl-qemut-stubdom-debianhvm-amd64-xsm        pass    
 test-amd64-amd64-xl-qemut-debianhvm-i386-xsm                 pass    
 test-amd64-amd64-xl-qemuu-debianhvm-i386-xsm                 pass    
 test-amd64-amd64-libvirt-xsm                                 pass    
 test-arm64-arm64-libvirt-xsm                                 pass    
 test-amd64-amd64-xl-xsm                                      pass    
 test-arm64-arm64-xl-xsm                                      pass    
 test-amd64-amd64-qemuu-nested-amd                            fail    
 test-amd64-amd64-xl-pvhv2-amd                                pass    
 test-amd64-amd64-dom0pvh-xl-amd                              pass    
 test-amd64-amd64-xl-qemut-debianhvm-amd64                    pass    
 test-amd64-amd64-xl-qemuu-debianhvm-amd64                    pass    
 test-amd64-amd64-freebsd11-amd64                             pass    
 test-amd64-amd64-freebsd12-amd64                             pass    
 test-amd64-amd64-xl-qemuu-ovmf-amd64                         pass    
 test-amd64-amd64-xl-qemut-win7-amd64                         fail    
 test-amd64-amd64-xl-qemuu-win7-amd64                         fail    
 test-amd64-amd64-xl-qemut-ws16-amd64                         fail    
 test-amd64-amd64-xl-qemuu-ws16-amd64                         fail    
 test-armhf-armhf-xl-arndale                                  pass    
 test-amd64-amd64-examine-bios                                pass    
 test-amd64-amd64-xl-credit1                                  pass    
 test-arm64-arm64-xl-credit1                                  pass    
 test-armhf-armhf-xl-credit1                                  pass    
 test-amd64-amd64-xl-credit2                                  pass    
 test-arm64-arm64-xl-credit2                                  pass    
 test-armhf-armhf-xl-credit2                                  pass    
 test-amd64-amd64-xl-qemuu-dmrestrict-amd64-dmrestrict        pass    
 test-amd64-amd64-examine                                     pass    
 test-arm64-arm64-examine                                     pass    
 test-armhf-armhf-examine                                     pass    
 test-amd64-amd64-qemuu-nested-intel                          pass    
 test-amd64-amd64-xl-pvhv2-intel                              pass    
 test-amd64-amd64-dom0pvh-xl-intel                            pass    
 test-amd64-amd64-libvirt                                     pass    
 test-armhf-armhf-libvirt                                     pass    
 test-amd64-amd64-xl-multivcpu                                pass    
 test-armhf-armhf-xl-multivcpu                                pass    
 test-amd64-amd64-pair                                        pass    
 test-amd64-amd64-libvirt-pair                                pass    
 test-amd64-amd64-xl-pvshim                                   pass    
 test-amd64-amd64-pygrub                                      pass    
 test-amd64-amd64-libvirt-qcow2                               pass    
 test-armhf-armhf-libvirt-qcow2                               pass    
 test-amd64-amd64-libvirt-raw                                 pass    
 test-arm64-arm64-libvirt-raw                                 pass    
 test-armhf-armhf-libvirt-raw                                 pass    
 test-amd64-amd64-xl-rtds                                     pass    
 test-armhf-armhf-xl-rtds                                     pass    
 test-amd64-amd64-xl-qemuu-debianhvm-amd64-shadow             pass    
 test-amd64-amd64-xl-shadow                                   pass    
 test-arm64-arm64-xl-thunderx                                 pass    
 test-amd64-amd64-examine-uefi                                pass    
 test-amd64-amd64-xl-vhd                                      pass    
 test-arm64-arm64-xl-vhd                                      pass    
 test-armhf-armhf-xl-vhd                                      pass    


------------------------------------------------------------
sg-report-flight on osstest.test-lab.xenproject.org
logs: /home/logs/logs
images: /home/logs/images

Logs, config files, etc. are available at
    http://logs.test-lab.xenproject.org/osstest/logs

Explanation of these reports, and of osstest in general, is at
    http://xenbits.xen.org/gitweb/?p=osstest.git;a=blob;f=README.email;hb=master
    http://xenbits.xen.org/gitweb/?p=osstest.git;a=blob;f=README;hb=master

Test harness code can be found at
    http://xenbits.xen.org/gitweb?p=osstest.git;a=summary


Pushing revision :

hint: The 'hooks/update' hook was ignored because it's not set as executable.
hint: You can disable this warning with `git config advice.ignoredHook false`.
hint: The 'hooks/post-receive' hook was ignored because it's not set as 
executable.
hint: You can disable this warning with `git config advice.ignoredHook false`.
hint: The 'hooks/post-update' hook was ignored because it's not set as 
executable.
hint: You can disable this warning with `git config advice.ignoredHook false`.
To xenbits.xen.org:/home/xen/git/linux-pvops.git
   ecb1b8288dc7..3a5879d495b2  3a5879d495b226d0404098e3564462d5f1daa33b -> 
tested/linux-linus

Reply via email to