flight 184576 linux-linus real [real] flight 184582 linux-linus real-retest [real] http://logs.test-lab.xenproject.org/osstest/logs/184576/ http://logs.test-lab.xenproject.org/osstest/logs/184582/
Failures :-/ but no regressions. Tests which are failing intermittently (not blocking): test-armhf-armhf-xl-vhd 13 guest-start fail pass in 184582-retest Tests which did not succeed, but are not blocking: test-armhf-armhf-xl-vhd 14 migrate-support-check fail in 184582 never pass test-armhf-armhf-xl-vhd 15 saverestore-support-check fail in 184582 never pass test-amd64-amd64-xl-qemut-win7-amd64 19 guest-stop fail like 184566 test-amd64-amd64-xl-qemuu-win7-amd64 19 guest-stop fail like 184566 test-amd64-amd64-xl-qemuu-ws16-amd64 19 guest-stop fail like 184566 test-armhf-armhf-libvirt-qcow2 15 saverestore-support-check fail like 184566 test-armhf-armhf-libvirt-raw 15 saverestore-support-check fail like 184566 test-armhf-armhf-libvirt 16 saverestore-support-check fail like 184566 test-amd64-amd64-xl-qemut-ws16-amd64 19 guest-stop fail like 184566 test-amd64-amd64-qemuu-nested-amd 20 debian-hvm-install/l1/l2 fail like 184566 test-amd64-amd64-libvirt-xsm 15 migrate-support-check fail never pass test-amd64-amd64-libvirt 15 migrate-support-check fail never pass test-arm64-arm64-xl 15 migrate-support-check fail never pass test-arm64-arm64-xl 16 saverestore-support-check fail never pass test-arm64-arm64-xl-thunderx 15 migrate-support-check fail never pass test-arm64-arm64-xl-thunderx 16 saverestore-support-check fail never pass test-arm64-arm64-xl-credit2 15 migrate-support-check fail never pass test-arm64-arm64-xl-credit2 16 saverestore-support-check fail never pass test-arm64-arm64-libvirt-xsm 15 migrate-support-check fail never pass test-arm64-arm64-libvirt-xsm 16 saverestore-support-check fail never pass test-arm64-arm64-xl-xsm 15 migrate-support-check fail never pass test-arm64-arm64-xl-xsm 16 saverestore-support-check fail never pass test-arm64-arm64-xl-credit1 15 migrate-support-check fail never pass test-arm64-arm64-xl-credit1 16 saverestore-support-check fail never pass test-amd64-amd64-libvirt-qemuu-debianhvm-amd64-xsm 13 migrate-support-check fail never pass test-armhf-armhf-xl-arndale 15 migrate-support-check fail never pass test-armhf-armhf-xl-arndale 16 saverestore-support-check fail never pass test-armhf-armhf-xl-multivcpu 15 migrate-support-check fail never pass test-armhf-armhf-xl-multivcpu 16 saverestore-support-check fail never pass test-armhf-armhf-xl 15 migrate-support-check fail never pass test-armhf-armhf-xl 16 saverestore-support-check fail never pass test-armhf-armhf-xl-credit2 15 migrate-support-check fail never pass test-armhf-armhf-xl-credit2 16 saverestore-support-check fail never pass test-amd64-amd64-libvirt-qcow2 14 migrate-support-check fail never pass test-arm64-arm64-libvirt-raw 14 migrate-support-check fail never pass test-arm64-arm64-libvirt-raw 15 saverestore-support-check fail never pass test-arm64-arm64-xl-vhd 14 migrate-support-check fail never pass test-arm64-arm64-xl-vhd 15 saverestore-support-check fail never pass test-amd64-amd64-libvirt-raw 14 migrate-support-check fail never pass test-armhf-armhf-libvirt-qcow2 14 migrate-support-check fail never pass test-armhf-armhf-libvirt-raw 14 migrate-support-check fail never pass test-armhf-armhf-xl-credit1 15 migrate-support-check fail never pass test-armhf-armhf-xl-credit1 16 saverestore-support-check fail never pass test-armhf-armhf-xl-rtds 15 migrate-support-check fail never pass test-armhf-armhf-xl-rtds 16 saverestore-support-check fail never pass test-armhf-armhf-libvirt 15 migrate-support-check fail never pass version targeted for testing: linux 56897d51886fa7e9f034ff26128eb09f1b811594 baseline version: linux 021533194476035883300d60fbb3136426ac8ea5 Last test of basis 184566 2024-02-02 15:26:30 Z 1 days Testing same since 184576 2024-02-03 12:02:13 Z 0 days 1 attempts ------------------------------------------------------------ People who touched revisions under test: Alan Adamson <[email protected]> Alex Deucher <[email protected]> Alexander Tsoy <[email protected]> Andreas Gruenbacher <[email protected]> Andy Chi <[email protected]> Ard Biesheuvel <[email protected]> Badal Nilawar <[email protected]> Bagas Sanjaya <[email protected]> Bjorn Helgaas <[email protected]> Brenton Simpson <[email protected]> Caleb Sander <[email protected]> Chaitanya Kulkarni <[email protected]> Charlene Liu <[email protected]> Chen-Yu Tsai <[email protected]> Chhayly Leang <[email protected]> Christian König <[email protected]> Conor Dooley <[email protected]> Daniel Bristot de Oliveira <[email protected]> Daniel Miess <[email protected]> Daniel Wagner <[email protected]> Daniel Wheeler <[email protected]> Dave Airlie <[email protected]> David McFarland <[email protected]> David Senoner <[email protected]> [email protected] Dmitry Osipenko <[email protected]> Dmitry Torokhov <[email protected]> Dmytro Laktyushkin <[email protected]> Edson Juliano Drosdeck <[email protected]> Fangzhi Zuo <[email protected]> Fei Shao <[email protected]> Friedrich Vock <[email protected]> Guenter Roeck <[email protected]> Guixin Liu <[email protected]> Hannes Reinecke <[email protected]> Hans de Goede <[email protected]> Harshit Mogalapalli <[email protected]> Hongyu Jin <[email protected]> Israel Rukshin <[email protected]> Ivan Orlov <[email protected]> Jacob Siverskog <[email protected]> Jani Nikula <[email protected]> Jason Gunthorpe <[email protected]> Javier Carrasco <[email protected]> Jay Cornwall <[email protected]> Jens Axboe <[email protected]> Joerg Roedel <[email protected]> Johan Hovold <[email protected]> José Relvas <[email protected]> José Roberto de Souza <[email protected]> Julian Sikorski <[email protected]> Kailang Yang <[email protected]> Keith Busch <[email protected]> Kenzo Gomez <[email protected]> Kevin Brodsky <[email protected]> Konstantin Aladyshev <[email protected]> Krzysztof Kozlowski <[email protected]> Lang Yu <[email protected]> Le Ma <[email protected]> Lennert Buytenhek <[email protected]> Li RongQing <[email protected]> Linus Torvalds <[email protected]> Lorenzo Pieralisi <[email protected]> Lucas De Marchi <[email protected]> Luka Guzenko <[email protected]> Ma Jun <[email protected]> Maarten van der Schrieck Manivannan Sadhasivam <[email protected]> Marian Postevca <[email protected]> Mario Limonciello <[email protected]> Mark Brown <[email protected]> Matt Roper <[email protected]> Matthew Brost <[email protected]> Max Gurtovoy <[email protected]> Maxime Ripard <[email protected]> Mike Snitzer <[email protected]> Mikulas Patocka <[email protected]> Mukul Joshi <[email protected]> Nicholas Susanto <[email protected]> Niklas Cassel <[email protected]> Nitin U. Yewale <[email protected]> Ovidiu Panait <[email protected]> Paul Menzel <[email protected]> Philip Yang <[email protected]> Richard Fitzgerald <[email protected]> Rodrigo Vivi <[email protected]> Rui Salvaterra <[email protected]> Saleemkhan Jamadar <[email protected]> Sami Tolvanen <[email protected]> Sean Young <[email protected]> Sebastian Ott <[email protected]> Sebastian Reichel <[email protected]> Shivaprasad G Bhat <[email protected]> Sohaib Nadeem <[email protected]> Srinivasan Shanmugam <[email protected]> Steven Rostedt (Google) <[email protected]> Sumit Semwal <[email protected]> Szilard Fabian <[email protected]> T.J. Mercier <[email protected]> Takashi Iwai <[email protected]> Techno Mooney <[email protected]> Thomas Hellstrom <[email protected]> Thomas Hellström <[email protected]> Tom Chung <[email protected]> Venkata Prasad Potturu <[email protected]> Vincent Donnefort <[email protected]> Vitaly Prosyak <[email protected]> Vitaly Rodionov <[email protected]> Vivek Kasireddy <[email protected]> Wenjing Liu <[email protected]> Werner Sembach <[email protected]> Will Deacon <[email protected]> Yibin Ding <[email protected]> Yifan Zhang <[email protected]> Zhenyu Zhang <[email protected]> Zhu Ning <[email protected]> jobs: build-amd64-xsm pass build-arm64-xsm pass build-i386-xsm pass build-amd64 pass build-arm64 pass build-armhf pass build-i386 pass build-amd64-libvirt pass build-arm64-libvirt pass build-armhf-libvirt pass build-i386-libvirt pass build-amd64-pvops pass build-arm64-pvops pass build-armhf-pvops pass build-i386-pvops pass test-amd64-amd64-xl pass test-amd64-coresched-amd64-xl pass test-arm64-arm64-xl pass test-armhf-armhf-xl pass test-amd64-amd64-libvirt-qemuu-debianhvm-amd64-xsm pass test-amd64-amd64-xl-qemut-stubdom-debianhvm-amd64-xsm pass test-amd64-amd64-xl-qemut-debianhvm-i386-xsm pass test-amd64-amd64-xl-qemuu-debianhvm-i386-xsm pass test-amd64-amd64-libvirt-xsm pass test-arm64-arm64-libvirt-xsm pass test-amd64-amd64-xl-xsm pass test-arm64-arm64-xl-xsm pass test-amd64-amd64-qemuu-nested-amd fail test-amd64-amd64-xl-pvhv2-amd pass test-amd64-amd64-dom0pvh-xl-amd pass test-amd64-amd64-xl-qemut-debianhvm-amd64 pass test-amd64-amd64-xl-qemuu-debianhvm-amd64 pass test-amd64-amd64-freebsd11-amd64 pass test-amd64-amd64-freebsd12-amd64 pass test-amd64-amd64-xl-qemuu-ovmf-amd64 pass test-amd64-amd64-xl-qemut-win7-amd64 fail test-amd64-amd64-xl-qemuu-win7-amd64 fail test-amd64-amd64-xl-qemut-ws16-amd64 fail test-amd64-amd64-xl-qemuu-ws16-amd64 fail test-armhf-armhf-xl-arndale pass test-amd64-amd64-examine-bios pass test-amd64-amd64-xl-credit1 pass test-arm64-arm64-xl-credit1 pass test-armhf-armhf-xl-credit1 pass test-amd64-amd64-xl-credit2 pass test-arm64-arm64-xl-credit2 pass test-armhf-armhf-xl-credit2 pass test-amd64-amd64-xl-qemuu-dmrestrict-amd64-dmrestrict pass test-amd64-amd64-examine pass test-arm64-arm64-examine pass test-armhf-armhf-examine pass test-amd64-amd64-qemuu-nested-intel pass test-amd64-amd64-xl-pvhv2-intel pass test-amd64-amd64-dom0pvh-xl-intel pass test-amd64-amd64-libvirt pass test-armhf-armhf-libvirt pass test-amd64-amd64-xl-multivcpu pass test-armhf-armhf-xl-multivcpu pass test-amd64-amd64-pair pass test-amd64-amd64-libvirt-pair pass test-amd64-amd64-xl-pvshim pass test-amd64-amd64-pygrub pass test-amd64-amd64-libvirt-qcow2 pass test-armhf-armhf-libvirt-qcow2 pass test-amd64-amd64-libvirt-raw pass test-arm64-arm64-libvirt-raw pass test-armhf-armhf-libvirt-raw pass test-amd64-amd64-xl-rtds pass test-armhf-armhf-xl-rtds pass test-amd64-amd64-xl-qemuu-debianhvm-amd64-shadow pass test-amd64-amd64-xl-shadow pass test-arm64-arm64-xl-thunderx pass test-amd64-amd64-examine-uefi pass test-amd64-amd64-xl-vhd pass test-arm64-arm64-xl-vhd pass test-armhf-armhf-xl-vhd fail ------------------------------------------------------------ sg-report-flight on osstest.test-lab.xenproject.org logs: /home/logs/logs images: /home/logs/images Logs, config files, etc. are available at http://logs.test-lab.xenproject.org/osstest/logs Explanation of these reports, and of osstest in general, is at http://xenbits.xen.org/gitweb/?p=osstest.git;a=blob;f=README.email;hb=master http://xenbits.xen.org/gitweb/?p=osstest.git;a=blob;f=README;hb=master Test harness code can be found at http://xenbits.xen.org/gitweb?p=osstest.git;a=summary Pushing revision : hint: The 'hooks/update' hook was ignored because it's not set as executable. hint: You can disable this warning with `git config advice.ignoredHook false`. hint: The 'hooks/post-receive' hook was ignored because it's not set as executable. hint: You can disable this warning with `git config advice.ignoredHook false`. hint: The 'hooks/post-update' hook was ignored because it's not set as executable. hint: You can disable this warning with `git config advice.ignoredHook false`. To xenbits.xen.org:/home/xen/git/linux-pvops.git 021533194476..56897d51886f 56897d51886fa7e9f034ff26128eb09f1b811594 -> tested/linux-linus
